000
CDUS43 KILX 240628
CLIDEC


CLIMATE REPORT
NATIONAL WEATHER SERVICE LINCOLN IL
127 AM CDT FRI OCT 24 2014


...................................

...THE DECATUR IL AIRPORT CLIMATE SUMMARY FOR OCTOBER 23 2014...

CLIMATE NORMAL PERIOD 1981 TO 2010
CLIMATE RECORD PERIOD 9999 TO 9999


WEATHER ITEM   OBSERVED TIME   RECORD YEAR NORMAL DEPARTURE LAST
                VALUE   (LST)  VALUE       VALUE  FROM      YEAR
                                                  NORMAL
..................................................................
TEMPERATURE (F)
 YESTERDAY
  MAXIMUM         61    351 PM  MM      MM  63     -2       46
  MINIMUM         32    535 AM  MM      MM  41     -9       36
  AVERAGE         47                        52     -5       41

PRECIPITATION (IN)
  YESTERDAY        0.00         MM      MM   0.12  -0.12     0.00
  MONTH TO DATE    4.36                      2.36   2.00     1.91
  SINCE SEP 1      8.28                      5.25   3.03     2.50
  SINCE JAN 1     32.21                     31.56   0.65    28.87

DEGREE DAYS
 HEATING
  YESTERDAY       18                        13      5       24
  MONTH TO DATE  233                       230      3      198
  SINCE SEP 1    320                       297     23      241
  SINCE JUL 1    322                       303     19      251

 COOLING
  YESTERDAY        0                         0      0        0
  MONTH TO DATE    8                        14     -6       40
  SINCE SEP 1    101                       125    -24      207
  SINCE JAN 1   1005                      1043    -38     1079
..................................................................


WIND (MPH)
  HIGHEST WIND SPEED    14   HIGHEST WIND DIRECTION     S (200)
  HIGHEST GUST SPEED    18   HIGHEST GUST DIRECTION     S (180)
  AVERAGE WIND SPEED     5.5


SKY COVER
  POSSIBLE SUNSHINE  MM
  AVERAGE SKY COVER 0.2


WEATHER CONDITIONS
 THE FOLLOWING WEATHER WAS RECORDED YESTERDAY.
  FOG


RELATIVE HUMIDITY (PERCENT)
 HIGHEST   100           600 AM
 LOWEST     51           300 PM
 AVERAGE    76

..........................................................


THE DECATUR IL AIRPORT CLIMATE NORMALS FOR TODAY
                         NORMAL    RECORD    YEAR
 MAXIMUM TEMPERATURE (F)   63        MM        MM
 MINIMUM TEMPERATURE (F)   41        MM        MM


SUNRISE AND SUNSET
OCTOBER 24 2014.......SUNRISE   715 AM CDT   SUNSET   603 PM CDT
OCTOBER 25 2014.......SUNRISE   716 AM CDT   SUNSET   602 PM CDT


-  INDICATES NEGATIVE NUMBERS.
R  INDICATES RECORD WAS SET OR TIED.
MM INDICATES DATA IS MISSING.
T  INDICATES TRACE AMOUNT.




$$
