000
CDUS43 KILX 270636
CLIDEC

CLIMATE REPORT
NATIONAL WEATHER SERVICE LINCOLN IL
131 AM CDT SAT MAY 27 2017

...................................

...THE DECATUR IL AIRPORT CLIMATE SUMMARY FOR MAY 26 2017...

CLIMATE NORMAL PERIOD 1981 TO 2010
CLIMATE RECORD PERIOD 9999 TO 9999


WEATHER ITEM   OBSERVED TIME   RECORD YEAR NORMAL DEPARTURE LAST
                VALUE   (LST)  VALUE       VALUE  FROM      YEAR
                                                  NORMAL
..................................................................
TEMPERATURE (F)
 YESTERDAY
  MAXIMUM         83    230 PM  MM      MM  77      6       82
  MINIMUM         55    444 AM  MM      MM  55      0       65
  AVERAGE         69                        66      3       74

PRECIPITATION (IN)
  YESTERDAY        0.01         MM      MM   0.12  -0.11     0.44
  MONTH TO DATE    8.49                      3.76   4.73     2.67
  SINCE MAR 1     16.77                     10.20   6.57     9.19
  SINCE JAN 1     18.87                     13.92   4.95    10.38

DEGREE DAYS
 HEATING
  YESTERDAY        0                         3     -3        0
  MONTH TO DATE  148                       129     19      138
  SINCE MAR 1   1052                      1235   -183      993
  SINCE JUL 1   4411                      5492  -1081     4485

 COOLING
  YESTERDAY        4                         4      0        9
  MONTH TO DATE   54                        53      1       36
  SINCE MAR 1     77                        67     10       43
  SINCE JAN 1     77                        67     10       43
..................................................................


WIND (MPH)
  HIGHEST WIND SPEED    21   HIGHEST WIND DIRECTION     S (160)
  HIGHEST GUST SPEED    26   HIGHEST GUST DIRECTION    SE (140)
  AVERAGE WIND SPEED     8.8


SKY COVER
  POSSIBLE SUNSHINE  MM
  AVERAGE SKY COVER 0.5


WEATHER CONDITIONS
 THE FOLLOWING WEATHER WAS RECORDED YESTERDAY.
  FOG


RELATIVE HUMIDITY (PERCENT)
 HIGHEST    93          1200 AM
 LOWEST     58           200 PM
 AVERAGE    76

..........................................................


THE DECATUR IL AIRPORT CLIMATE NORMALS FOR TODAY
                         NORMAL    RECORD    YEAR
 MAXIMUM TEMPERATURE (F)   77        MM        MM
 MINIMUM TEMPERATURE (F)   55        MM        MM


SUNRISE AND SUNSET
MAY 27 2017...........SUNRISE   532 AM CDT   SUNSET   814 PM CDT
MAY 28 2017...........SUNRISE   531 AM CDT   SUNSET   815 PM CDT


-  INDICATES NEGATIVE NUMBERS.
R  INDICATES RECORD WAS SET OR TIED.
MM INDICATES DATA IS MISSING.
T  INDICATES TRACE AMOUNT.


$$
