000
CDUS43 KILX 142143
CLIDEC


CLIMATE REPORT
NATIONAL WEATHER SERVICE LINCOLN IL
432 PM CDT SUN SEP 14 2014


...................................

...THE DECATUR IL AIRPORT CLIMATE SUMMARY FOR SEPTEMBER 14 2014...
VALID TODAY AS OF 0400 PM LOCAL TIME.

CLIMATE NORMAL PERIOD 1981 TO 2010
CLIMATE RECORD PERIOD 9999 TO 9999


WEATHER ITEM   OBSERVED TIME   RECORD YEAR NORMAL DEPARTURE LAST
                VALUE   (LST)  VALUE       VALUE  FROM      YEAR
                                                  NORMAL
..................................................................
TEMPERATURE (F)
 TODAY
  MAXIMUM         70    259 PM  MM      MM  80    -10       74
  MINIMUM         40    531 AM  MM      MM  55    -15       41
  AVERAGE         55                        67    -12       58

PRECIPITATION (IN)
  TODAY            0.00         MM      MM   0.11  -0.11     0.00
  MONTH TO DATE    2.26                      1.71   0.55     0.13
  SINCE SEP 1      2.26                      1.71   0.55     0.13
  SINCE JAN 1     26.19                     28.02  -1.83    26.50

DEGREE DAYS
 HEATING
  TODAY           10                         1      9        7
  MONTH TO DATE   40                         8     32       11
  SINCE SEP 1     40                         8     32       11
  SINCE JUL 1     42                        14     28       21

 COOLING
  TODAY            0                         4     -4        0
  MONTH TO DATE   67                        74     -7      128
  SINCE SEP 1     67                        74     -7      128
  SINCE JAN 1    971                       992    -21     1000
..................................................................


WIND (MPH)
  HIGHEST WIND SPEED     9   HIGHEST WIND DIRECTION    NW (310)
  HIGHEST GUST SPEED    12   HIGHEST GUST DIRECTION    NW (310)
  AVERAGE WIND SPEED     1.2


SKY COVER
  POSSIBLE SUNSHINE  MM
  AVERAGE SKY COVER 0.0


WEATHER CONDITIONS
 THE FOLLOWING WEATHER WAS RECORDED TODAY.
  NO SIGNIFICANT WEATHER WAS OBSERVED.


RELATIVE HUMIDITY (PERCENT)
 HIGHEST    93           600 AM
 LOWEST     40           200 PM
 AVERAGE    67

..........................................................


THE DECATUR IL AIRPORT CLIMATE NORMALS FOR TOMORROW
                         NORMAL    RECORD    YEAR
 MAXIMUM TEMPERATURE (F)   79        MM        MM
 MINIMUM TEMPERATURE (F)   55        MM        MM


SUNRISE AND SUNSET
SEPTEMBER 14 2014.....SUNRISE   635 AM CDT   SUNSET   706 PM CDT
SEPTEMBER 15 2014.....SUNRISE   636 AM CDT   SUNSET   704 PM CDT


-  INDICATES NEGATIVE NUMBERS.
R  INDICATES RECORD WAS SET OR TIED.
MM INDICATES DATA IS MISSING.
T  INDICATES TRACE AMOUNT.




$$
