000
CDUS43 KILX 190645
CLIDEC


CLIMATE REPORT
NATIONAL WEATHER SERVICE LINCOLN IL
133 AM CDT SAT APR 19 2014


...................................

...THE DECATUR IL AIRPORT CLIMATE SUMMARY FOR APRIL 18 2014...

CLIMATE NORMAL PERIOD 1981 TO 2010
CLIMATE RECORD PERIOD 9999 TO 9999


WEATHER ITEM   OBSERVED TIME   RECORD YEAR NORMAL DEPARTURE LAST
                VALUE   (LST)  VALUE       VALUE  FROM      YEAR
                                                  NORMAL
..................................................................
TEMPERATURE (F)
 YESTERDAY
  MAXIMUM         69    358 PM  MM      MM  65      4       73
  MINIMUM         40    534 AM  MM      MM  43     -3       41
  AVERAGE         55                        54      1       57

PRECIPITATION (IN)
  YESTERDAY        0.00         MM      MM   0.12  -0.12     2.39
  MONTH TO DATE    2.84                      1.97   0.87     5.66
  SINCE MAR 1      4.33                      4.61  -0.28     6.10
  SINCE JAN 1      5.45                      8.33  -2.88    10.74

DEGREE DAYS
 HEATING
  YESTERDAY       10                        12     -2        8
  MONTH TO DATE  249                       266    -17      234
  SINCE MAR 1   1135                       993    142     1141
  SINCE JUL 1   5947                      5250    697     5111

 COOLING
  YESTERDAY        0                         0      0        0
  MONTH TO DATE    1                         0      1        4
  SINCE MAR 1      1                         1      0        4
  SINCE JAN 1      1                         1      0        4
..................................................................


WIND (MPH)
  HIGHEST WIND SPEED    14   HIGHEST WIND DIRECTION    NE (020)
  HIGHEST GUST SPEED    17   HIGHEST GUST DIRECTION    NE (020)
  AVERAGE WIND SPEED     6.8


SKY COVER
  POSSIBLE SUNSHINE  MM
  AVERAGE SKY COVER 0.1


WEATHER CONDITIONS
 THE FOLLOWING WEATHER WAS RECORDED YESTERDAY.
  NO SIGNIFICANT WEATHER WAS OBSERVED.


RELATIVE HUMIDITY (PERCENT)
 HIGHEST    82           600 AM
 LOWEST     26           300 PM
 AVERAGE    54

..........................................................


THE DECATUR IL AIRPORT CLIMATE NORMALS FOR TODAY
                         NORMAL    RECORD    YEAR
 MAXIMUM TEMPERATURE (F)   65        MM        MM
 MINIMUM TEMPERATURE (F)   43        MM        MM


SUNRISE AND SUNSET
APRIL 19 2014.........SUNRISE   612 AM CDT   SUNSET   738 PM CDT
APRIL 20 2014.........SUNRISE   611 AM CDT   SUNSET   739 PM CDT


-  INDICATES NEGATIVE NUMBERS.
R  INDICATES RECORD WAS SET OR TIED.
MM INDICATES DATA IS MISSING.
T  INDICATES TRACE AMOUNT.




$$
