000
CDUS43 KILX 250644
CLIDEC


CLIMATE REPORT
NATIONAL WEATHER SERVICE LINCOLN IL
143 AM CDT MON MAY 25 2015


...................................

...THE DECATUR IL AIRPORT CLIMATE SUMMARY FOR MAY 24 2015...

CLIMATE NORMAL PERIOD 1981 TO 2010
CLIMATE RECORD PERIOD 9999 TO 9999


WEATHER ITEM   OBSERVED TIME   RECORD YEAR NORMAL DEPARTURE LAST
                VALUE   (LST)  VALUE       VALUE  FROM      YEAR
                                                  NORMAL
..................................................................
TEMPERATURE (F)
 YESTERDAY
  MAXIMUM         85    318 PM  MM      MM  76      9       80
  MINIMUM         64    519 AM  MM      MM  54     10       50
  AVERAGE         75                        65     10       65

PRECIPITATION (IN)
  YESTERDAY        0.10         MM      MM   0.14  -0.04     0.00
  MONTH TO DATE    3.99                      3.52   0.47     2.56
  SINCE MAR 1      7.62                      9.96  -2.34     8.50
  SINCE JAN 1      8.87                     13.68  -4.81     9.62

DEGREE DAYS
 HEATING
  YESTERDAY        0                         3     -3        0
  MONTH TO DATE   79                       123    -44      129
  SINCE MAR 1   1169                      1229    -60     1339
  SINCE JUL 1   5815                      5486    329     6151

 COOLING
  YESTERDAY       10                         3      7        0
  MONTH TO DATE  104                        45     59       77
  SINCE MAR 1    107                        59     48       78
  SINCE JAN 1    107                        59     48       78
..................................................................


WIND (MPH)
  HIGHEST WIND SPEED    37   HIGHEST WIND DIRECTION    SW (210)
  HIGHEST GUST SPEED    46   HIGHEST GUST DIRECTION    SW (210)
  AVERAGE WIND SPEED    14.2


SKY COVER
  POSSIBLE SUNSHINE  MM
  AVERAGE SKY COVER 0.6


WEATHER CONDITIONS
 THE FOLLOWING WEATHER WAS RECORDED YESTERDAY.
  HEAVY RAIN
  FOG


RELATIVE HUMIDITY (PERCENT)
 HIGHEST    64          1000 PM
 LOWEST     51           300 PM
 AVERAGE    58

..........................................................


THE DECATUR IL AIRPORT CLIMATE NORMALS FOR TODAY
                         NORMAL    RECORD    YEAR
 MAXIMUM TEMPERATURE (F)   77        MM        MM
 MINIMUM TEMPERATURE (F)   54        MM        MM


SUNRISE AND SUNSET
MAY 25 2015...........SUNRISE   533 AM CDT   SUNSET   812 PM CDT
MAY 26 2015...........SUNRISE   532 AM CDT   SUNSET   813 PM CDT


-  INDICATES NEGATIVE NUMBERS.
R  INDICATES RECORD WAS SET OR TIED.
MM INDICATES DATA IS MISSING.
T  INDICATES TRACE AMOUNT.




$$
