000
CDUS43 KILX 290703
CLIDEC


CLIMATE REPORT
NATIONAL WEATHER SERVICE LINCOLN IL
202 AM CDT TUE JUL 29 2014


...................................

...THE DECATUR IL AIRPORT CLIMATE SUMMARY FOR JULY 28 2014...

CLIMATE NORMAL PERIOD 1981 TO 2010
CLIMATE RECORD PERIOD 9999 TO 9999


WEATHER ITEM   OBSERVED TIME   RECORD YEAR NORMAL DEPARTURE LAST
                VALUE   (LST)  VALUE       VALUE  FROM      YEAR
                                                  NORMAL
..................................................................
TEMPERATURE (F)
 YESTERDAY
  MAXIMUM         74    410 PM  MM      MM  86    -12       75
  MINIMUM         58   1159 PM  MM      MM  64     -6       51
  AVERAGE         66                        75     -9       63

PRECIPITATION (IN)
  YESTERDAY        0.00         MM      MM   0.11  -0.11     0.00
  MONTH TO DATE    2.44                      3.53  -1.09     2.68
  SINCE JUN 1      9.34                      7.88   1.46     7.63
  SINCE JAN 1     19.00                     22.33  -3.33    25.94

DEGREE DAYS
 HEATING
  YESTERDAY        0                         0      0        2
  MONTH TO DATE    2                         0      2        4
  SINCE JUN 1      3                        17    -14       18
  SINCE JUL 1      2                         0      2        4

 COOLING
  YESTERDAY        1                        10     -9        0
  MONTH TO DATE  167                       302   -135      253
  SINCE JUN 1    443                       531    -88      495
  SINCE JAN 1    588                       618    -30      607
..................................................................


WIND (MPH)
  HIGHEST WIND SPEED    20   HIGHEST WIND DIRECTION    NW (320)
  HIGHEST GUST SPEED    28   HIGHEST GUST DIRECTION    NW (300)
  AVERAGE WIND SPEED    10.4


SKY COVER
  POSSIBLE SUNSHINE  MM
  AVERAGE SKY COVER 0.3


WEATHER CONDITIONS
 THE FOLLOWING WEATHER WAS RECORDED YESTERDAY.
  NO SIGNIFICANT WEATHER WAS OBSERVED.


RELATIVE HUMIDITY (PERCENT)
 HIGHEST    93           400 AM
 LOWEST     49          1200 PM
 AVERAGE    71

..........................................................


THE DECATUR IL AIRPORT CLIMATE NORMALS FOR TODAY
                         NORMAL    RECORD    YEAR
 MAXIMUM TEMPERATURE (F)   86        MM        MM
 MINIMUM TEMPERATURE (F)   64        MM        MM


SUNRISE AND SUNSET
JULY 29 2014..........SUNRISE   551 AM CDT   SUNSET   812 PM CDT
JULY 30 2014..........SUNRISE   552 AM CDT   SUNSET   811 PM CDT


-  INDICATES NEGATIVE NUMBERS.
R  INDICATES RECORD WAS SET OR TIED.
MM INDICATES DATA IS MISSING.
T  INDICATES TRACE AMOUNT.




$$
