927
CDUS45 KBOU 241431
CLIDEN


CLIMATE REPORT
NATIONAL WEATHER SERVICE DENVER/BOULDER CO
731 AM MST TUE JAN 24 2017


...................................

...THE DENVER CO CLIMATE SUMMARY FOR JANUARY 24 2017...
VALID AS OF 0700 AM LOCAL TIME.

CLIMATE NORMAL PERIOD 1981 TO 2010
CLIMATE RECORD PERIOD 1872 TO 2017


WEATHER ITEM   OBSERVED TIME   RECORD YEAR NORMAL DEPARTURE LAST
                VALUE   (LST)  VALUE       VALUE  FROM      YEAR
                                                  NORMAL
..................................................................
TEMPERATURE (F)
 TODAY
  MAXIMUM         32    506 AM  68    1970  44    -12       45
  MINIMUM         30    659 AM -18    1872  17     13       28
  AVERAGE         31                        31      0       37

PRECIPITATION (IN)
  TODAY            0.00          0.43 1921   0.02  -0.02      T
  MONTH TO DATE    0.54                      0.32   0.22     0.40
  SINCE DEC 1      1.32                      0.67   0.65     1.11
  SINCE JAN 1      0.54                      0.32   0.22     0.40

..................................................................


WIND (MPH)
  HIGHEST WIND SPEED    12   HIGHEST WIND DIRECTION    NW (300)
  HIGHEST GUST SPEED    14   HIGHEST GUST DIRECTION     N (350)
  AVERAGE WIND SPEED     6.3




RELATIVE HUMIDITY (PERCENT)
 HIGHEST    92           100 AM
 LOWEST     72          1200 AM
 AVERAGE    82

..........................................................


THE DENVER CO CLIMATE NORMALS FOR TOMORROW
                         NORMAL    RECORD    YEAR
 MAXIMUM TEMPERATURE (F)   44        72      1890
 MINIMUM TEMPERATURE (F)   17       -20      1872


SUNRISE AND SUNSET
JANUARY 24 2017.......SUNRISE   713 AM MST   SUNSET   509 PM MST
JANUARY 25 2017.......SUNRISE   712 AM MST   SUNSET   510 PM MST


-  INDICATES NEGATIVE NUMBERS.
R  INDICATES RECORD WAS SET OR TIED.
MM INDICATES DATA IS MISSING.
T  INDICATES TRACE AMOUNT.




$$
