000
CDUS45 KBOU 222328
CLIDEN


CLIMATE REPORT
NATIONAL WEATHER SERVICE DENVER/BOULDER CO
528 PM MDT FRI SEP 22 2017


...................................

...THE DENVER CO CLIMATE SUMMARY FOR SEPTEMBER 22 2017...
VALID TODAY AS OF 0500 PM LOCAL TIME.

CLIMATE NORMAL PERIOD 1981 TO 2010
CLIMATE RECORD PERIOD 1872 TO 2017


WEATHER ITEM   OBSERVED TIME   RECORD YEAR NORMAL DEPARTURE LAST
                VALUE   (LST)  VALUE       VALUE  FROM      YEAR
                                                  NORMAL
..................................................................
TEMPERATURE (F)
 TODAY
  MAXIMUM         86   1251 PM  89    1953  76     10       76
  MINIMUM         49    555 AM  27    1895  46      3       49
  AVERAGE         68                        61      7       63

PRECIPITATION (IN)
  TODAY            0.00          0.96 1895   0.03  -0.03     0.00
  MONTH TO DATE    0.02                      0.71  -0.69     0.28
  SINCE SEP 1      0.02                      0.71  -0.69     0.28
  SINCE JAN 1      8.99                     12.07  -3.08    10.29

DEGREE DAYS
 HEATING
  TODAY            0                         6     -6        2
  MONTH TO DATE   22                        66    -44       35
  SINCE SEP 1     22                        66    -44       35
  SINCE JUL 1     30                        82    -52       50

 COOLING
  TODAY            3                         1      2        0
  MONTH TO DATE  131                        69     62       91
  SINCE SEP 1    131                        69     62       91
  SINCE JAN 1    880                       757    123      853
..................................................................


WIND (MPH)
  HIGHEST WIND SPEED    28   HIGHEST WIND DIRECTION    NW (310)
  HIGHEST GUST SPEED    33   HIGHEST GUST DIRECTION    NW (300)
  AVERAGE WIND SPEED    11.6


SKY COVER **
  POSSIBLE SUNSHINE  MM
  AVERAGE SKY COVER 0.3


WEATHER CONDITIONS
 THE FOLLOWING WEATHER WAS RECORDED TODAY.
  NO SIGNIFICANT WEATHER WAS OBSERVED.


RELATIVE HUMIDITY (PERCENT)
 HIGHEST    61           600 AM
 LOWEST     15          1200 AM
 AVERAGE    38

..........................................................


THE DENVER CO CLIMATE NORMALS FOR TOMORROW
                         NORMAL    RECORD    YEAR
 MAXIMUM TEMPERATURE (F)   75        90      1905
                                             1885
 MINIMUM TEMPERATURE (F)   45        29      1895


SUNRISE AND SUNSET
SEPTEMBER 22 2017.....SUNRISE   647 AM MDT   SUNSET   656 PM MDT
SEPTEMBER 23 2017.....SUNRISE   648 AM MDT   SUNSET   654 PM MDT


-  INDICATES NEGATIVE NUMBERS.
R  INDICATES RECORD WAS SET OR TIED.
MM INDICATES DATA IS MISSING.
T  INDICATES TRACE AMOUNT.




$$
