000
CDUS45 KBOU 230734
CLIDEN


CLIMATE REPORT
NATIONAL WEATHER SERVICE DENVER/BOULDER CO
1232 AM MST THU NOV 23 2017


...................................

...THE DENVER CO CLIMATE SUMMARY FOR NOVEMBER 22 2017...

CLIMATE NORMAL PERIOD 1981 TO 2010
CLIMATE RECORD PERIOD 1872 TO 2017


WEATHER ITEM   OBSERVED TIME   RECORD YEAR NORMAL DEPARTURE LAST
                VALUE   (LST)  VALUE       VALUE  FROM      YEAR
                                                  NORMAL
..................................................................
TEMPERATURE (F)
 YESTERDAY
  MAXIMUM         69    252 PM  74    1998  49     20       42
  MINIMUM         31    531 AM  -2    1880  22      9       29
  AVERAGE         50                        35     15       36

PRECIPITATION (IN)
  YESTERDAY        0.00          0.36 1999   0.02  -0.02     0.30
  MONTH TO DATE    0.29                      0.48  -0.19     0.52
  SINCE SEP 1      2.51                      2.46   0.05     1.06
  SINCE JAN 1     11.48                     13.82  -2.34    11.07

SNOWFALL (IN)
  YESTERDAY        0.0
  MONTH TO DATE    T
  SINCE SEP 1      2.8
  SINCE JUL 1      2.8
  SNOW DEPTH       0

DEGREE DAYS
 HEATING
  YESTERDAY       15                        30    -15       29
  MONTH TO DATE  460                       549    -89      358
  SINCE SEP 1   1037                      1114    -77      653
  SINCE JUL 1   1045                      1130    -85      668

 COOLING
  YESTERDAY        0                         0      0        0
  MONTH TO DATE    0                         0      0        0
  SINCE SEP 1    132                        81     51      116
  SINCE JAN 1    881                       769    112      878
..................................................................


WIND (MPH)
  HIGHEST WIND SPEED    21   HIGHEST WIND DIRECTION     W (280)
  HIGHEST GUST SPEED    26   HIGHEST GUST DIRECTION     W (280)
  AVERAGE WIND SPEED     7.8


SKY COVER
  POSSIBLE SUNSHINE  MM
  AVERAGE SKY COVER 0.7


WEATHER CONDITIONS
 THE FOLLOWING WEATHER WAS RECORDED YESTERDAY.
  NO SIGNIFICANT WEATHER WAS OBSERVED.


RELATIVE HUMIDITY (PERCENT)
 HIGHEST    89          1200 AM
 LOWEST     26           100 PM
 AVERAGE    58

..........................................................


THE DENVER CO CLIMATE NORMALS FOR TODAY
                         NORMAL    RECORD    YEAR
 MAXIMUM TEMPERATURE (F)   49        73      1915
 MINIMUM TEMPERATURE (F)   21        -3      2003


SUNRISE AND SUNSET
NOVEMBER 23 2017......SUNRISE   653 AM MST   SUNSET   437 PM MST
NOVEMBER 24 2017......SUNRISE   654 AM MST   SUNSET   437 PM MST


-  INDICATES NEGATIVE NUMBERS.
R  INDICATES RECORD WAS SET OR TIED.
MM INDICATES DATA IS MISSING.
T  INDICATES TRACE AMOUNT.




$$
