000
CDUS45 KBOU 220757
CLIDEN


CLIMATE REPORT
NATIONAL WEATHER SERVICE DENVER CO
156 AM MDT FRI MAY 22 2015


...................................

...THE DENVER CO CLIMATE SUMMARY FOR MAY 21 2015...

CLIMATE NORMAL PERIOD 1981 TO 2010
CLIMATE RECORD PERIOD 1872 TO 2015


WEATHER ITEM   OBSERVED TIME   RECORD YEAR NORMAL DEPARTURE LAST
                VALUE   (LST)  VALUE       VALUE  FROM      YEAR
                                                  NORMAL
..................................................................
TEMPERATURE (F)
 YESTERDAY
  MAXIMUM         55    137 PM  91    2006  73    -18       70
  MINIMUM         40    224 AM  31    2001  44     -4       51
                                      1931
  AVERAGE         48                        59    -11       61

PRECIPITATION (IN)
  YESTERDAY        T             1.94 1914   0.07  -0.07     1.20
  MONTH TO DATE    3.38                      1.40   1.98     2.83
  SINCE MAR 1      6.82                      4.03   2.79     4.90
  SINCE JAN 1      8.45                      4.81   3.64     6.03

SNOWFALL (IN)
  YESTERDAY        0.0
  MONTH TO DATE      4
  SINCE MAR 1     12.2
  SINCE JUL 1     57.8
  SNOW DEPTH       0


DEGREE DAYS
 HEATING
  YESTERDAY       17                         7     10        4
  MONTH TO DATE  291                       210     81      221
  SINCE MAR 1   1383                      1502   -119     1432
  SINCE JUL 1   5496                      5941   -445     5951

 COOLING
  YESTERDAY        0                         1     -1        0
  MONTH TO DATE    0                         6     -6        6
  SINCE MAR 1      0                         7     -7        6
  SINCE JAN 1      0                         7     -7        6
..................................................................


WIND (MPH)
  HIGHEST WIND SPEED    20   HIGHEST WIND DIRECTION    SE (150)
  HIGHEST GUST SPEED    24   HIGHEST GUST DIRECTION    SE (150)
  AVERAGE WIND SPEED     8.2


SKY COVER **
  POSSIBLE SUNSHINE  MM
  AVERAGE SKY COVER 0.9


WEATHER CONDITIONS
 THE FOLLOWING WEATHER WAS RECORDED YESTERDAY.
  LIGHT RAIN


RELATIVE HUMIDITY (PERCENT)
 HIGHEST   100           100 AM
 LOWEST     66          1200 PM
 AVERAGE    83

..........................................................


THE DENVER CO CLIMATE NORMALS FOR TODAY
                         NORMAL    RECORD    YEAR
 MAXIMUM TEMPERATURE (F)   74        93      2012
 MINIMUM TEMPERATURE (F)   45        32      1930


SUNRISE AND SUNSET
MAY 22 2015...........SUNRISE   538 AM MST   SUNSET   812 PM MST
MAY 23 2015...........SUNRISE   538 AM MST   SUNSET   813 PM MST


-  INDICATES NEGATIVE NUMBERS.
R  INDICATES RECORD WAS SET OR TIED.
MM INDICATES DATA IS MISSING.
T  INDICATES TRACE AMOUNT.

&&

** SUNSHINE DATA WILL NO LONGER BE AVAILABLE EFFECTIVE OCTOBER 1ST 2009.




$$
