000
CDUS45 KBOU 020810
CLIDEN


CLIMATE REPORT
NATIONAL WEATHER SERVICE DENVER CO
209 AM MDT WED SEP 2 2015


...................................

...THE DENVER CO CLIMATE SUMMARY FOR SEPTEMBER 1 2015...

CLIMATE NORMAL PERIOD 1981 TO 2010
CLIMATE RECORD PERIOD 1872 TO 2015


WEATHER ITEM   OBSERVED TIME   RECORD YEAR NORMAL DEPARTURE LAST
                VALUE   (LST)  VALUE       VALUE  FROM      YEAR
                                                  NORMAL
..................................................................
TEMPERATURE (F)
 YESTERDAY
  MAXIMUM         90    253 PM  97    1995  84      6       80
  MINIMUM         54    539 AM  44    1962  54      0       50
  AVERAGE         72                        69      3       65

PRECIPITATION (IN)
  YESTERDAY        T             0.56 1904   0.03  -0.03     0.00
  MONTH TO DATE    T                         0.03  -0.03     0.00
  SINCE SEP 1      T                         0.03  -0.03     0.00
  SINCE JAN 1     13.60                     11.39   2.21    15.11

SNOWFALL (IN)
  YESTERDAY        0.0
  MONTH TO DATE      0
  SINCE SEP 1        0
  SINCE JUL 1        0
  SNOW DEPTH       0


DEGREE DAYS
 HEATING
  YESTERDAY        0                         1     -1        0
  MONTH TO DATE    0                         1     -1        0
  SINCE SEP 1      0                         1     -1        0
  SINCE JUL 1     18                        17      1        7

 COOLING
  YESTERDAY        7                         5      2        0
  MONTH TO DATE    7                         5      2        0
  SINCE SEP 1      7                         5      2        0
  SINCE JAN 1    720                       693     27      613
..................................................................


WIND (MPH)
  HIGHEST WIND SPEED    25   HIGHEST WIND DIRECTION     N (350)
  HIGHEST GUST SPEED    34   HIGHEST GUST DIRECTION     N (340)
  AVERAGE WIND SPEED     8.7


SKY COVER **
  POSSIBLE SUNSHINE  MM
  AVERAGE SKY COVER 0.5


WEATHER CONDITIONS
 THE FOLLOWING WEATHER WAS RECORDED YESTERDAY.
  THUNDERSTORM
  RAIN
  LIGHT RAIN


RELATIVE HUMIDITY (PERCENT)
 HIGHEST    86           300 AM
 LOWEST     16          1200 PM
 AVERAGE    51

..........................................................


THE DENVER CO CLIMATE NORMALS FOR TODAY
                         NORMAL    RECORD    YEAR
 MAXIMUM TEMPERATURE (F)   84        95      1983
 MINIMUM TEMPERATURE (F)   54        40      1952


SUNRISE AND SUNSET
SEPTEMBER  2 2015.....SUNRISE   627 AM MST   SUNSET   730 PM MST
SEPTEMBER  3 2015.....SUNRISE   628 AM MST   SUNSET   729 PM MST


-  INDICATES NEGATIVE NUMBERS.
R  INDICATES RECORD WAS SET OR TIED.
MM INDICATES DATA IS MISSING.
T  INDICATES TRACE AMOUNT.

&&

** SUNSHINE DATA WILL NO LONGER BE AVAILABLE EFFECTIVE OCTOBER 1ST 2009.




$$
