000
CDUS45 KBOU 302345
CLIDEN


CLIMATE REPORT
NATIONAL WEATHER SERVICE DENVER/BOULDER CO
544 PM MDT MON MAY 30 2016


...................................

...THE DENVER CO CLIMATE SUMMARY FOR MAY 30 2016...
VALID TODAY AS OF 0500 PM LOCAL TIME.

CLIMATE NORMAL PERIOD 1981 TO 2010
CLIMATE RECORD PERIOD 1872 TO 2016


WEATHER ITEM   OBSERVED TIME   RECORD YEAR NORMAL DEPARTURE LAST
                VALUE   (LST)  VALUE       VALUE  FROM      YEAR
                                                  NORMAL
..................................................................
TEMPERATURE (F)
 TODAY
  MAXIMUM         78    159 PM  91    2002  77      1       72
                                      1994
  MINIMUM         46    206 AM  32    1883  47     -1       40
  AVERAGE         62                        62      0       56

PRECIPITATION (IN)
  TODAY            T             1.65 1879   0.08  -0.08     0.00
  MONTH TO DATE    2.32                      2.04   0.28     3.74
  SINCE MAR 1      6.06                      4.67   1.39     7.18
  SINCE JAN 1      7.04                      5.45   1.59     8.81

DEGREE DAYS
 HEATING
  TODAY            3                         5     -2        9
  MONTH TO DATE  318                       260     58      367
  SINCE MAR 1   1560                      1552      8     1459
  SINCE JUL 1   5548                      5991   -443     5572

 COOLING
  TODAY            0                         2     -2        0
  MONTH TO DATE    3                        16    -13        0
  SINCE MAR 1      3                        17    -14        0
  SINCE JAN 1      3                        17    -14        0
..................................................................


WIND (MPH)
  HIGHEST WIND SPEED    33   HIGHEST WIND DIRECTION     N (360)
  HIGHEST GUST SPEED    40   HIGHEST GUST DIRECTION     W (250)
  AVERAGE WIND SPEED     8.7


SKY COVER **
  POSSIBLE SUNSHINE  MM
  AVERAGE SKY COVER 0.4


WEATHER CONDITIONS
 THE FOLLOWING WEATHER WAS RECORDED TODAY.
  THUNDERSTORM
  LIGHT RAIN


RELATIVE HUMIDITY (PERCENT)
 HIGHEST    80          1200 AM
 LOWEST     23           200 PM
 AVERAGE    52

..........................................................


THE DENVER CO CLIMATE NORMALS FOR TOMORROW
                         NORMAL    RECORD    YEAR
 MAXIMUM TEMPERATURE (F)   77        93      2002
 MINIMUM TEMPERATURE (F)   48        33      1892


SUNRISE AND SUNSET
MAY 30 2016...........SUNRISE   532 AM MDT   SUNSET   820 PM MDT
MAY 31 2016...........SUNRISE   532 AM MDT   SUNSET   821 PM MDT


-  INDICATES NEGATIVE NUMBERS.
R  INDICATES RECORD WAS SET OR TIED.
MM INDICATES DATA IS MISSING.
T  INDICATES TRACE AMOUNT.




$$
