705
CDUS45 KBOU 260836
CLIDEN


CLIMATE REPORT
NATIONAL WEATHER SERVICE DENVER/BOULDER CO
235 AM MDT FRI AUG 26 2016


...................................

...THE DENVER CO CLIMATE SUMMARY FOR AUGUST 25 2016...

CLIMATE NORMAL PERIOD 1981 TO 2010
CLIMATE RECORD PERIOD 1872 TO 2016


WEATHER ITEM   OBSERVED TIME   RECORD YEAR NORMAL DEPARTURE LAST
                VALUE   (LST)  VALUE       VALUE  FROM      YEAR
                                                  NORMAL
..................................................................
TEMPERATURE (F)
 YESTERDAY
  MAXIMUM         71    149 PM  99    2011  86    -15       96
  MINIMUM         47    508 AM  40    1910  56     -9       58
  AVERAGE         59                        71    -12       77

PRECIPITATION (IN)
  YESTERDAY        0.05          0.81 2014   0.04   0.01     0.00
  MONTH TO DATE    0.22                      1.46  -1.24     1.06
  SINCE JUN 1      2.91                      5.60  -2.69     4.65
  SINCE JAN 1     10.01                     11.13  -1.12    13.48

SNOWFALL (IN)
  YESTERDAY        0.0
  MONTH TO DATE      0
  SINCE JUN 1        0
  SINCE JUL 1        0
  SNOW DEPTH       0


DEGREE DAYS
 HEATING
  YESTERDAY        6                         0      6        0
  MONTH TO DATE   15                         0     15       13
  SINCE JUN 1     19                        68    -49       29
  SINCE JUL 1     15                         6      9       18

 COOLING
  YESTERDAY        0                         6     -6       12
  MONTH TO DATE  196                       210    -14      244
  SINCE JUN 1    737                       632    105      649
  SINCE JAN 1    740                       654     86      653
..................................................................


WIND (MPH)
  HIGHEST WIND SPEED    31   HIGHEST WIND DIRECTION    NW (300)
  HIGHEST GUST SPEED    38   HIGHEST GUST DIRECTION     W (290)
  AVERAGE WIND SPEED     8.7


SKY COVER **
  POSSIBLE SUNSHINE  MM
  AVERAGE SKY COVER 0.6


WEATHER CONDITIONS
 THE FOLLOWING WEATHER WAS RECORDED YESTERDAY.
  THUNDERSTORM
  LIGHT RAIN
  FOG
  FOG W/VISIBILITY <= 1/4 MILE
  HAZE


RELATIVE HUMIDITY (PERCENT)
 HIGHEST    93           900 PM
 LOWEST     40           100 PM
 AVERAGE    67

..........................................................


THE DENVER CO CLIMATE NORMALS FOR TODAY
                         NORMAL    RECORD    YEAR
 MAXIMUM TEMPERATURE (F)   86        97      2015
                                             1985
                                             1936
 MINIMUM TEMPERATURE (F)   56        40      1910


SUNRISE AND SUNSET
AUGUST 26 2016........SUNRISE   622 AM MDT   SUNSET   739 PM MDT
AUGUST 27 2016........SUNRISE   622 AM MDT   SUNSET   737 PM MDT


-  INDICATES NEGATIVE NUMBERS.
R  INDICATES RECORD WAS SET OR TIED.
MM INDICATES DATA IS MISSING.
T  INDICATES TRACE AMOUNT.

&&

** SUNSHINE DATA WILL NO LONGER BE AVAILABLE EFFECTIVE OCTOBER 1ST 2009.




$$
