000
CDUS45 KBOU 290758
CLIDEN


CLIMATE REPORT
NATIONAL WEATHER SERVICE DENVER/BOULDER CO
157 AM MDT MON MAY 29 2017


...................................

...THE DENVER CO CLIMATE SUMMARY FOR MAY 28 2017...

CLIMATE NORMAL PERIOD 1981 TO 2010
CLIMATE RECORD PERIOD 1872 TO 2017


WEATHER ITEM   OBSERVED TIME   RECORD YEAR NORMAL DEPARTURE LAST
                VALUE   (LST)  VALUE       VALUE  FROM      YEAR
                                                  NORMAL
..................................................................
TEMPERATURE (F)
 YESTERDAY
  MAXIMUM         71    336 PM  93    1974  76     -5       72
  MINIMUM         41    440 AM  32    1947  47     -6       43
  AVERAGE         56                        61     -5       58

PRECIPITATION (IN)
  YESTERDAY        0.07          1.24 1898   0.07   0.00      T
  MONTH TO DATE    3.59                      1.88   1.71     2.32
  SINCE MAR 1      5.47                      4.51   0.96     6.06
  SINCE JAN 1      6.24                      5.29   0.95     7.04

SNOWFALL (IN)
  YESTERDAY        0.0
  MONTH TO DATE      T
  SINCE MAR 1      2.5
  SINCE JUL 1     21.8
  SNOW DEPTH       0


DEGREE DAYS
 HEATING
  YESTERDAY        9                         5      4        7
  MONTH TO DATE  268                       250     18      310
  SINCE MAR 1   1269                      1542   -273     1552
  SINCE JUL 1   5071                      5981   -910     5540

 COOLING
  YESTERDAY        0                         1     -1        0
  MONTH TO DATE    6                        13     -7        3
  SINCE MAR 1      6                        14     -8        3
  SINCE JAN 1      6                        14     -8        3
..................................................................


WIND (MPH)
  HIGHEST WIND SPEED    20   HIGHEST WIND DIRECTION    NE (30)
  HIGHEST GUST SPEED    24   HIGHEST GUST DIRECTION    NE (30)
  AVERAGE WIND SPEED     8.1


SKY COVER **
  POSSIBLE SUNSHINE  MM
  AVERAGE SKY COVER 0.2


WEATHER CONDITIONS
 THE FOLLOWING WEATHER WAS RECORDED YESTERDAY.
  THUNDERSTORM
  RAIN
  LIGHT RAIN


RELATIVE HUMIDITY (PERCENT)
 HIGHEST    83          1200 AM
 LOWEST     24          1200 PM
 AVERAGE    54

..........................................................


THE DENVER CO CLIMATE NORMALS FOR TODAY
                         NORMAL    RECORD    YEAR
 MAXIMUM TEMPERATURE (F)   76        94      2003
 MINIMUM TEMPERATURE (F)   47        32      1883


SUNRISE AND SUNSET
MAY 29 2017...........SUNRISE   533 AM MDT   SUNSET   819 PM MDT
MAY 30 2017...........SUNRISE   533 AM MDT   SUNSET   820 PM MDT


-  INDICATES NEGATIVE NUMBERS.
R  INDICATES RECORD WAS SET OR TIED.
MM INDICATES DATA IS MISSING.
T  INDICATES TRACE AMOUNT.

&&

** SUNSHINE DATA WILL NO LONGER BE AVAILABLE EFFECTIVE OCTOBER 1ST 2009.




$$
