000
CDUS45 KBOU 291229
CLIDEN


CLIMATE REPORT
NATIONAL WEATHER SERVICE DENVER/BOULDER CO
629 AM MDT FRI APR 29 2016


...................................

...THE DENVER CO CLIMATE SUMMARY FOR APRIL 29 2016...
VALID AS OF 0600 AM LOCAL TIME.

CLIMATE NORMAL PERIOD 1981 TO 2010
CLIMATE RECORD PERIOD 1872 TO 2016


WEATHER ITEM   OBSERVED TIME   RECORD YEAR NORMAL DEPARTURE LAST
                VALUE   (LST)  VALUE       VALUE  FROM      YEAR
                                                  NORMAL
..................................................................
TEMPERATURE (F)
 TODAY
  MAXIMUM         36   1245 AM  83    1948  65    -29       72
  MINIMUM         33    459 AM  12    1877  37     -4       40
  AVERAGE         35                        51    -16       56

PRECIPITATION (IN)
  TODAY            0.14          1.43 1900   0.07   0.07     0.00
  MONTH TO DATE    1.82                      1.64   0.18     2.64
  SINCE MAR 1      3.00                      2.56   0.44     3.43
  SINCE JAN 1      3.98                      3.34   0.64     5.06

..................................................................


WIND (MPH)
  HIGHEST WIND SPEED    14   HIGHEST WIND DIRECTION    SE (120)
  HIGHEST GUST SPEED    16   HIGHEST GUST DIRECTION    SE (130)
  AVERAGE WIND SPEED     8.1




RELATIVE HUMIDITY (PERCENT)
 HIGHEST    89          1200 AM
 LOWEST     82           100 AM
 AVERAGE    86

..........................................................


THE DENVER CO CLIMATE NORMALS FOR TOMORROW
                         NORMAL    RECORD    YEAR
 MAXIMUM TEMPERATURE (F)   66        90      1992
 MINIMUM TEMPERATURE (F)   37        19      1909


SUNRISE AND SUNSET
APRIL 29 2016.........SUNRISE   600 AM MDT   SUNSET   752 PM MDT
APRIL 30 2016.........SUNRISE   559 AM MDT   SUNSET   753 PM MDT


-  INDICATES NEGATIVE NUMBERS.
R  INDICATES RECORD WAS SET OR TIED.
MM INDICATES DATA IS MISSING.
T  INDICATES TRACE AMOUNT.




$$
