000
CDUS44 KSHV 072136
CLIDEQ


CLIMATE REPORT
NATIONAL WEATHER SERVICE SHREVEPORT, LA
433 PM CDT TUE JUL 7 2015


...................................

...THE DE QUEEN CLIMATE SUMMARY FOR JULY 7 2015...
VALID TODAY AS OF 0400 PM LOCAL TIME.

CLIMATE NORMAL PERIOD 1981 TO 2010
CLIMATE RECORD PERIOD 1902 TO 2015


WEATHER ITEM   OBSERVED TIME   RECORD YEAR NORMAL DEPARTURE LAST
                VALUE   (LST)  VALUE       VALUE  FROM      YEAR
                                                  NORMAL
..................................................................
TEMPERATURE (F)
 TODAY
  MAXIMUM         91    229 PM 101    1998  92     -1       92
  MINIMUM         73    542 AM  57    2006  70      3       69
                                      1972
  AVERAGE         82                        81      1       81

PRECIPITATION (IN)
  TODAY            T             0.86 1982   0.14  -0.14     0.00
  MONTH TO DATE    1.98                      1.03   0.95     1.02
  SINCE DEC 1     36.81                     31.03   5.78    19.36
  SINCE JAN 1     35.09                     26.67   8.42    17.43

DEGREE DAYS
 HEATING
  TODAY            0                         0      0        0
  MONTH TO DATE    0                         0      0        0
  SINCE JUN 1      0                         0      0        0
  SINCE JUL 1      0                         0      0        0

 COOLING
  TODAY           17                        16      1       16
  MONTH TO DATE  106                       111     -5       89
  SINCE JUN 1    539                       489     50      411
  SINCE JAN 1    773                       706     67      618
..................................................................


WIND (MPH)
  HIGHEST WIND SPEED    16   HIGHEST WIND DIRECTION    SW (240)
  HIGHEST GUST SPEED    28   HIGHEST GUST DIRECTION     S (180)
  AVERAGE WIND SPEED     5.9


SKY COVER
  POSSIBLE SUNSHINE  MM
  AVERAGE SKY COVER 0.4


WEATHER CONDITIONS
 THE FOLLOWING WEATHER WAS RECORDED TODAY.
  THUNDERSTORM
  LIGHT RAIN
  FOG
  HAZE


RELATIVE HUMIDITY (PERCENT)
 HIGHEST    93           600 AM
 LOWEST     63           200 PM
 AVERAGE    78

..........................................................


THE DE QUEEN CLIMATE NORMALS FOR TOMORROW
                         NORMAL    RECORD    YEAR
 MAXIMUM TEMPERATURE (F)   92       104      1956
 MINIMUM TEMPERATURE (F)   70        58      2006
                                             1983


SUNRISE AND SUNSET
JULY  7 2015..........SUNRISE   613 AM CDT   SUNSET   832 PM CDT
JULY  8 2015..........SUNRISE   613 AM CDT   SUNSET   832 PM CDT


-  INDICATES NEGATIVE NUMBERS.
R  INDICATES RECORD WAS SET OR TIED.
MM INDICATES DATA IS MISSING.
T  INDICATES TRACE AMOUNT.




$$
