704
CDUS44 KSHV 230744
CLIDEQ


CLIMATE REPORT
NATIONAL WEATHER SERVICE SHREVEPORT, LA
244 AM CDT SAT SEP 23 2017


...................................

...THE DE QUEEN CLIMATE SUMMARY FOR SEPTEMBER 22 2017...

CLIMATE NORMAL PERIOD 1981 TO 2010
CLIMATE RECORD PERIOD 1902 TO 2017


WEATHER ITEM   OBSERVED TIME   RECORD YEAR NORMAL DEPARTURE LAST
                VALUE   (LST)  VALUE       VALUE  FROM      YEAR
                                                  NORMAL
..................................................................
TEMPERATURE (F)
 YESTERDAY
  MAXIMUM         92    343 PM  99    2005  84      8       90
  MINIMUM         66    623 AM  38    1983  59      7       62
  AVERAGE         79                        71      8       76

PRECIPITATION (IN)
  YESTERDAY        0.00          3.93 1957   0.12  -0.12     0.00
  MONTH TO DATE    0.01                      2.65  -2.64     2.26
  SINCE DEC 1     35.96                     38.60  -2.64    40.27
  SINCE JAN 1     33.25                     34.24  -0.99    29.99

SNOWFALL (IN)
  YESTERDAY        0.0
  MONTH TO DATE    0.0
  SINCE SEP 1      0.0
  SINCE JUL 1      0.0
  SNOW DEPTH       0

DEGREE DAYS
 HEATING
  YESTERDAY        0                         0      0        0
  MONTH TO DATE    0                         0      0        0
  SINCE SEP 1      0                         0      0        0
  SINCE JUL 1      0                         0      0        0

 COOLING
  YESTERDAY       14                         7      7       11
  MONTH TO DATE  199                       232    -33      290
  SINCE SEP 1    199                       232    -33      290
  SINCE JAN 1   1833                      1824      9     2027
..................................................................


WIND (MPH)
  HIGHEST WIND SPEED    14   HIGHEST WIND DIRECTION     S (170)
  HIGHEST GUST SPEED    18   HIGHEST GUST DIRECTION     S (170)
  AVERAGE WIND SPEED     2.1


SKY COVER
  POSSIBLE SUNSHINE  MM
  AVERAGE SKY COVER 0.1


WEATHER CONDITIONS
 THE FOLLOWING WEATHER WAS RECORDED YESTERDAY.
  FOG
  FOG W/VISIBILITY <= 1/4 MILE


RELATIVE HUMIDITY (PERCENT)
 HIGHEST   100          1200 AM
 LOWEST     49           200 PM
 AVERAGE    75

..........................................................


THE DE QUEEN CLIMATE NORMALS FOR TODAY
                         NORMAL    RECORD    YEAR
 MAXIMUM TEMPERATURE (F)   83        97      1939
 MINIMUM TEMPERATURE (F)   58        40      1994


SUNRISE AND SUNSET
SEPTEMBER 23 2017.....SUNRISE   707 AM CDT   SUNSET   712 PM CDT
SEPTEMBER 24 2017.....SUNRISE   707 AM CDT   SUNSET   711 PM CDT


-  INDICATES NEGATIVE NUMBERS.
R  INDICATES RECORD WAS SET OR TIED.
MM INDICATES DATA IS MISSING.
T  INDICATES TRACE AMOUNT.




$$
