000
CDUS44 KSHV 200803
CLIDEQ


CLIMATE REPORT
NATIONAL WEATHER SERVICE SHREVEPORT, LA
258 AM CDT WED AUG 20 2014


...................................

...THE DE QUEEN CLIMATE SUMMARY FOR AUGUST 19 2014...

CLIMATE NORMAL PERIOD 1981 TO 2010
CLIMATE RECORD PERIOD 1902 TO 2014


WEATHER ITEM   OBSERVED TIME   RECORD YEAR NORMAL DEPARTURE LAST
                VALUE   (LST)  VALUE       VALUE  FROM      YEAR
                                                  NORMAL
..................................................................
TEMPERATURE (F)
 YESTERDAY
  MAXIMUM         92    306 PM 108    2011  94     -2       90
  MINIMUM         68    612 AM  56    1992  69     -1       59
  AVERAGE         80                        81     -1       75

PRECIPITATION (IN)
  YESTERDAY        0.00          0.64 1946   0.07  -0.07     0.00
  MONTH TO DATE    1.42                      1.29   0.13     0.25
  SINCE DEC 1     28.17                     35.07  -6.90    24.23
  SINCE JAN 1     26.24                     30.71  -4.47    20.18

SNOWFALL (IN)
  YESTERDAY        0.0
  MONTH TO DATE    0.0
  SINCE JUN 1      0.0
  SINCE JUL 1      0.0
  SNOW DEPTH       0

DEGREE DAYS
 HEATING
  YESTERDAY        0                         0      0        0
  MONTH TO DATE    0                         0      0        0
  SINCE JUN 1      0                         0      0        0
  SINCE JUL 1      0                         0      0        0

 COOLING
  YESTERDAY       15                        16     -1       10
  MONTH TO DATE  250                       317    -67      291
  SINCE JUN 1    929                      1192   -263     1127
  SINCE JAN 1   1136                      1409   -273     1359
..................................................................


WIND (MPH)
  HIGHEST WIND SPEED    12   HIGHEST WIND DIRECTION     S (180)
  HIGHEST GUST SPEED    16   HIGHEST GUST DIRECTION     S (180)
  AVERAGE WIND SPEED     3.5


SKY COVER
  POSSIBLE SUNSHINE  MM
  AVERAGE SKY COVER 0.1


WEATHER CONDITIONS
 THE FOLLOWING WEATHER WAS RECORDED YESTERDAY.
  FOG


RELATIVE HUMIDITY (PERCENT)
 HIGHEST   100           600 AM
 LOWEST     64           200 PM
 AVERAGE    82

..........................................................


THE DE QUEEN CLIMATE NORMALS FOR TODAY
                         NORMAL    RECORD    YEAR
 MAXIMUM TEMPERATURE (F)   94       108      2011
 MINIMUM TEMPERATURE (F)   68        54      1940


SUNRISE AND SUNSET
AUGUST 20 2014........SUNRISE   643 AM CDT   SUNSET   759 PM CDT
AUGUST 21 2014........SUNRISE   643 AM CDT   SUNSET   757 PM CDT


-  INDICATES NEGATIVE NUMBERS.
R  INDICATES RECORD WAS SET OR TIED.
MM INDICATES DATA IS MISSING.
T  INDICATES TRACE AMOUNT.




$$
