000
CDUS44 KSHV 010841
CLIDEQ


CLIMATE REPORT
NATIONAL WEATHER SERVICE SHREVEPORT, LA
241 AM CST SUN MAR 1 2015


...................................

...THE DE QUEEN CLIMATE SUMMARY FOR FEBRUARY 28 2015...

CLIMATE NORMAL PERIOD 1981 TO 2010
CLIMATE RECORD PERIOD 1902 TO 2015


WEATHER ITEM   OBSERVED TIME   RECORD YEAR NORMAL DEPARTURE LAST
                VALUE   (LST)  VALUE       VALUE  FROM      YEAR
                                                  NORMAL
..................................................................
TEMPERATURE (F)
 YESTERDAY
  MAXIMUM         36   1159 PM  82    1940  62    -26       45
  MINIMUM         25    318 AM  17    2002  36    -11       31
  AVERAGE         31                        49    -18       38

PRECIPITATION (IN)
  YESTERDAY        T             1.69 1970   0.10  -0.10      T
  MONTH TO DATE    2.73                      3.68  -0.95     1.02
  SINCE DEC 1      9.53                     11.36  -1.83     3.87
  SINCE JAN 1      7.81                      7.00   0.81     1.94

SNOWFALL (IN)
  YESTERDAY        T
  MONTH TO DATE    4.3
  SINCE DEC 1      4.3
  SINCE JUL 1      4.8
  SNOW DEPTH       0

DEGREE DAYS
 HEATING
  YESTERDAY       34                        16     18       27
  MONTH TO DATE  694                       555    139      631
  SINCE DEC 1   2030                      1965     65     2159
  SINCE JUL 1   2652                      2491    161     2772

 COOLING
  YESTERDAY        0                         0      0        0
  MONTH TO DATE    0                         1     -1        0
  SINCE DEC 1      0                         2     -2        3
  SINCE JAN 1      0                         2     -2        0
..................................................................


WIND (MPH)
  HIGHEST WIND SPEED    16   HIGHEST WIND DIRECTION     E (100)
  HIGHEST GUST SPEED    19   HIGHEST GUST DIRECTION     E (90)
  AVERAGE WIND SPEED     7.2


SKY COVER
  POSSIBLE SUNSHINE  MM
  AVERAGE SKY COVER 0.9


WEATHER CONDITIONS
 THE FOLLOWING WEATHER WAS RECORDED YESTERDAY.
  LIGHT RAIN
  LIGHT SNOW
  SLEET
  FOG
  HAZE


RELATIVE HUMIDITY (PERCENT)
 HIGHEST    92          1100 PM
 LOWEST     59           200 PM
 AVERAGE    76

..........................................................


THE DE QUEEN CLIMATE NORMALS FOR TODAY
                         NORMAL    RECORD    YEAR
 MAXIMUM TEMPERATURE (F)   62        84      2006
 MINIMUM TEMPERATURE (F)   36        17      1968


SUNRISE AND SUNSET
MARCH  1 2015.........SUNRISE   647 AM CST   SUNSET   614 PM CST
MARCH  2 2015.........SUNRISE   645 AM CST   SUNSET   615 PM CST


-  INDICATES NEGATIVE NUMBERS.
R  INDICATES RECORD WAS SET OR TIED.
MM INDICATES DATA IS MISSING.
T  INDICATES TRACE AMOUNT.




$$
