000
CDUS44 KSHV 190859
CLIDEQ


CLIMATE REPORT
NATIONAL WEATHER SERVICE SHREVEPORT, LA
254 AM CST FRI JAN 19 2018


...................................

...THE DE QUEEN CLIMATE SUMMARY FOR JANUARY 18 2018...

CLIMATE NORMAL PERIOD 1981 TO 2010
CLIMATE RECORD PERIOD 1902 TO 2018


WEATHER ITEM   OBSERVED TIME   RECORD YEAR NORMAL DEPARTURE LAST
                VALUE   (LST)  VALUE       VALUE  FROM      YEAR
                                                  NORMAL
..................................................................
TEMPERATURE (F)
 YESTERDAY
  MAXIMUM         44    415 PM  74    1950  53     -9       51
  MINIMUM         10    739 AM   7    1977  29    -19       48
  AVERAGE         27                        41    -14       50

PRECIPITATION (IN)
  YESTERDAY        0.00          1.14 1990   0.10  -0.10     0.41
  MONTH TO DATE    0.59                      1.96  -1.37     2.59
  SINCE DEC 1      5.84                      6.32  -0.48     5.30
  SINCE JAN 1      0.59                      1.96  -1.37     2.59

SNOWFALL (IN)
  YESTERDAY        0.0
  MONTH TO DATE    0.1
  SINCE DEC 1      0.1
  SINCE JUL 1      0.1
  SNOW DEPTH       0

DEGREE DAYS
 HEATING
  YESTERDAY       38                        24     14       15
  MONTH TO DATE  559                       426    133      332
  SINCE DEC 1   1190                      1109     81      923
  SINCE JUL 1   1653                      1635     18     1237

 COOLING
  YESTERDAY        0                         0      0        0
  MONTH TO DATE    0                         0      0        3
  SINCE DEC 1      1                         0      1        5
  SINCE JAN 1      0                         0      0        3
..................................................................


WIND (MPH)
  HIGHEST WIND SPEED    10   HIGHEST WIND DIRECTION     S (180)
  HIGHEST GUST SPEED    13   HIGHEST GUST DIRECTION    SW (210)
  AVERAGE WIND SPEED     1.5


SKY COVER
  POSSIBLE SUNSHINE  MM
  AVERAGE SKY COVER 0.0


WEATHER CONDITIONS
 THE FOLLOWING WEATHER WAS RECORDED YESTERDAY.
  FOG


RELATIVE HUMIDITY (PERCENT)
 HIGHEST   100           100 AM
 LOWEST     24           300 PM
 AVERAGE    62

..........................................................


THE DE QUEEN CLIMATE NORMALS FOR TODAY
                         NORMAL    RECORD    YEAR
 MAXIMUM TEMPERATURE (F)   54        80      1952
 MINIMUM TEMPERATURE (F)   29         0      1940


SUNRISE AND SUNSET
JANUARY 19 2018.......SUNRISE   722 AM CST   SUNSET   535 PM CST
JANUARY 20 2018.......SUNRISE   721 AM CST   SUNSET   536 PM CST


-  INDICATES NEGATIVE NUMBERS.
R  INDICATES RECORD WAS SET OR TIED.
MM INDICATES DATA IS MISSING.
T  INDICATES TRACE AMOUNT.




$$
