000
CDUS46 KOTX 230843
CLIDEW


CLIMATE REPORT
NATIONAL WEATHER SERVICE SPOKANE, WA
136 AM PDT THU OCT 23 2014


...................................

...THE DEER_PARK WA AIRPORT CLIMATE SUMMARY FOR OCTOBER 22 2014...

CLIMATE NORMAL PERIOD 1981 TO 2010
CLIMATE RECORD PERIOD 9999 TO 9999


WEATHER ITEM   OBSERVED TIME   RECORD YEAR NORMAL DEPARTURE LAST
                VALUE   (LST)  VALUE       VALUE  FROM      YEAR
                                                  NORMAL
..................................................................
TEMPERATURE (F)
 YESTERDAY
  MAXIMUM         52   1256 PM  MM      MM  54     -2       63
  MINIMUM         32    335 AM  MM      MM  29      3       27
  AVERAGE         42                        42      0       45

PRECIPITATION (IN)
  YESTERDAY        0.56         MM      MM   0.06   0.50     0.00
  MONTH TO DATE    0.93                      1.04  -0.11     0.29
  SINCE OCT 1      0.93                      1.04  -0.11     0.29
  SINCE JAN 1     16.15                     15.48   0.67    14.67

SNOWFALL (IN)
  YESTERDAY       MM

DEGREE DAYS
 HEATING
  YESTERDAY       23                        23      0       20
  MONTH TO DATE  292                       426   -134      487
  SINCE SEP 1    457                       701   -244      707
  SINCE JUL 1    493                       845   -352      750

 COOLING
  YESTERDAY        0                         0      0        0
  MONTH TO DATE    0                         0      0        0
  SINCE SEP 1      8                        12     -4       69
  SINCE JAN 1    354                       187    167      310
..................................................................


WIND (MPH)
  HIGHEST WIND SPEED    12   HIGHEST WIND DIRECTION     S (160)
  HIGHEST GUST SPEED    16   HIGHEST GUST DIRECTION     S (160)
  AVERAGE WIND SPEED     3.5


SKY COVER
  POSSIBLE SUNSHINE  MM
  AVERAGE SKY COVER 0.8


WEATHER CONDITIONS
 THE FOLLOWING WEATHER WAS RECORDED YESTERDAY.
  RAIN
  LIGHT RAIN
  FOG


RELATIVE HUMIDITY (PERCENT)
 HIGHEST   100           300 AM
 LOWEST     92          1200 AM
 AVERAGE    96

..........................................................


THE DEER_PARK WA AIRPORT CLIMATE NORMALS FOR TODAY
                         NORMAL    RECORD    YEAR
 MAXIMUM TEMPERATURE (F)   54        MM        MM
 MINIMUM TEMPERATURE (F)   29        MM        MM


SUNRISE AND SUNSET
OCTOBER 23 2014.......SUNRISE   721 AM PDT   SUNSET   546 PM PDT
OCTOBER 24 2014.......SUNRISE   722 AM PDT   SUNSET   544 PM PDT


-  INDICATES NEGATIVE NUMBERS.
R  INDICATES RECORD WAS SET OR TIED.
MM INDICATES DATA IS MISSING.
T  INDICATES TRACE AMOUNT.




$$
