000
CDUS46 KOTX 190828
CLIDEW


CLIMATE REPORT
NATIONAL WEATHER SERVICE SPOKANE, WA
1227 AM PST THU JAN 19 2017


...................................

...THE DEER_PARK WA AIRPORT CLIMATE SUMMARY FOR JANUARY 18 2017...

CLIMATE NORMAL PERIOD 1981 TO 2010
CLIMATE RECORD PERIOD 9999 TO 9999


WEATHER ITEM   OBSERVED TIME   RECORD YEAR NORMAL DEPARTURE LAST
                VALUE   (LST)  VALUE       VALUE  FROM      YEAR
                                                  NORMAL
..................................................................
TEMPERATURE (F)
 YESTERDAY
  MAXIMUM         36    656 PM  MM      MM  34      2       35
  MINIMUM         29    101 AM  MM      MM  22      7       32
  AVERAGE         33                        28      5       34

PRECIPITATION (IN)
  YESTERDAY        0.79         MM      MM   0.08   0.71     0.00
  MONTH TO DATE    1.51                      1.74  -0.23     1.38
  SINCE OCT 1     12.95                      9.56   3.39    10.37
  SINCE JAN 1      1.51                      1.74  -0.23     1.38

SNOWFALL (IN)
  YESTERDAY       MM

DEGREE DAYS
 HEATING
  YESTERDAY       32                        37     -5       31
  MONTH TO DATE  956                       694    262      666
  SINCE DEC 1   2317                      1918    399     1758
  SINCE JUL 1   3958                      3921     37     3429

 COOLING
  YESTERDAY        0                         0      0        0
  MONTH TO DATE    0                         0      0        0
  SINCE DEC 1      0                         0      0        0
  SINCE JAN 1      0                         0      0        0
..................................................................


WIND (MPH)
  HIGHEST WIND SPEED     8   HIGHEST WIND DIRECTION     N (360)
  HIGHEST GUST SPEED    10   HIGHEST GUST DIRECTION     N (350)
  AVERAGE WIND SPEED     2.7


SKY COVER
  POSSIBLE SUNSHINE  MM
  AVERAGE SKY COVER 1.0


WEATHER CONDITIONS
 THE FOLLOWING WEATHER WAS RECORDED YESTERDAY.
  RAIN
  LIGHT RAIN
  LT FREEZING RAIN
  LIGHT SNOW
  FOG


RELATIVE HUMIDITY (PERCENT)
 HIGHEST   100           800 PM
 LOWEST     85           100 AM
 AVERAGE    93

..........................................................


THE DEER_PARK WA AIRPORT CLIMATE NORMALS FOR TODAY
                         NORMAL    RECORD    YEAR
 MAXIMUM TEMPERATURE (F)   34        MM        MM
 MINIMUM TEMPERATURE (F)   22        MM        MM


SUNRISE AND SUNSET
JANUARY 19 2017.......SUNRISE   731 AM PST   SUNSET   430 PM PST
JANUARY 20 2017.......SUNRISE   730 AM PST   SUNSET   432 PM PST


-  INDICATES NEGATIVE NUMBERS.
R  INDICATES RECORD WAS SET OR TIED.
MM INDICATES DATA IS MISSING.
T  INDICATES TRACE AMOUNT.




$$
