000
CDUS44 KFWD 250650
CLIDFW


CLIMATE REPORT
NATIONAL WEATHER SERVICE FORT WORTH TX
149 AM CDT THU AUG 25 2016


...................................

...THE DALLAS FORT WORTH CLIMATE SUMMARY FOR AUGUST 24 2016...

CLIMATE NORMAL PERIOD 1981 TO 2010
CLIMATE RECORD PERIOD 1898 TO 2016


WEATHER ITEM   OBSERVED TIME   RECORD YEAR NORMAL DEPARTURE LAST
                VALUE   (LST)  VALUE       VALUE  FROM      YEAR
                                                  NORMAL
..................................................................
TEMPERATURE (F)
 YESTERDAY
  MAXIMUM         94    402 PM 106    2011  95     -1      100
  MINIMUM         75    632 AM  60    1961  75      0       78
  AVERAGE         85                        85      0       89

PRECIPITATION (IN)
  YESTERDAY        0.00          2.01 1942   0.06  -0.06     0.00
  MONTH TO DATE    4.34                      1.36   2.98     0.46
  SINCE JUN 1     11.83                      7.31   4.52     5.33
  SINCE JAN 1     28.59                     23.56   5.03    36.96

DEGREE DAYS
 HEATING
  YESTERDAY        0                         0      0        0
  MONTH TO DATE    0                         0      0        0
  SINCE JUN 1      0                         0      0        0
  SINCE JUL 1      0                         0      0        0

 COOLING
  YESTERDAY       20                        20      0       24
  MONTH TO DATE  519                       500     19      555
  SINCE JUN 1   1794                      1622    172     1769
  SINCE JAN 1   2217                      2044    173     2088
..................................................................


WIND (MPH)
  HIGHEST WIND SPEED    21   HIGHEST WIND DIRECTION     S (170)
  HIGHEST GUST SPEED    27   HIGHEST GUST DIRECTION     S (170)
  AVERAGE WIND SPEED    13.2


SKY COVER
  POSSIBLE SUNSHINE  MM
  AVERAGE SKY COVER 0.3


WEATHER CONDITIONS
 THE FOLLOWING WEATHER WAS RECORDED YESTERDAY.
  NO SIGNIFICANT WEATHER WAS OBSERVED.


RELATIVE HUMIDITY (PERCENT)
 HIGHEST    82           500 AM
 LOWEST     41           300 PM
 AVERAGE    62

..........................................................


THE DALLAS FORT WORTH CLIMATE NORMALS FOR TODAY
                         NORMAL    RECORD    YEAR
 MAXIMUM TEMPERATURE (F)   95       106      1952
 MINIMUM TEMPERATURE (F)   74        61      1926


SUNRISE AND SUNSET
AUGUST 25 2016........SUNRISE   658 AM CDT   SUNSET   801 PM CDT
AUGUST 26 2016........SUNRISE   659 AM CDT   SUNSET   800 PM CDT


-  INDICATES NEGATIVE NUMBERS.
R  INDICATES RECORD WAS SET OR TIED.
MM INDICATES DATA IS MISSING.
T  INDICATES TRACE AMOUNT.




$$
