000
CDUS44 KFWD 220644
CLIDFW


CLIMATE REPORT
NATIONAL WEATHER SERVICE FORT WORTH TX
143 AM CDT SAT JUL 22 2017


...................................

...THE DALLAS FORT WORTH CLIMATE SUMMARY FOR JULY 21 2017...

CLIMATE NORMAL PERIOD 1981 TO 2010
CLIMATE RECORD PERIOD 1898 TO 2017


WEATHER ITEM   OBSERVED TIME   RECORD YEAR NORMAL DEPARTURE LAST
                VALUE   (LST)  VALUE       VALUE  FROM      YEAR
                                                  NORMAL
..................................................................
TEMPERATURE (F)
 YESTERDAY
  MAXIMUM        100    422 PM 107    2012  96      4       99
  MINIMUM         81    550 AM  66    1989  76      5       79
  AVERAGE         91                        86      5       89

PRECIPITATION (IN)
  YESTERDAY        0.00          1.77 1985   0.06  -0.06     0.00
  MONTH TO DATE    2.78                      1.63   1.15     3.86
  SINCE JUN 1     11.22                      5.42   5.80     7.46
  SINCE JAN 1     23.08                     21.67   1.41    24.22

DEGREE DAYS
 HEATING
  YESTERDAY        0                         0      0        0
  MONTH TO DATE    0                         0      0        0
  SINCE JUN 1      0                         0      0        0
  SINCE JUL 1      0                         0      0        0

 COOLING
  YESTERDAY       26                        21      5       24
  MONTH TO DATE  448                       420     28      458
  SINCE JUN 1    980                       911     69     1032
  SINCE JAN 1   1662                      1333    329     1455
..................................................................


WIND (MPH)
  HIGHEST WIND SPEED    17   HIGHEST WIND DIRECTION    SE (140)
  HIGHEST GUST SPEED    22   HIGHEST GUST DIRECTION    SE (130)
  AVERAGE WIND SPEED     9.8


SKY COVER
  POSSIBLE SUNSHINE  MM
  AVERAGE SKY COVER 0.1


WEATHER CONDITIONS
 THE FOLLOWING WEATHER WAS RECORDED YESTERDAY.
  NO SIGNIFICANT WEATHER WAS OBSERVED.


RELATIVE HUMIDITY (PERCENT)
 HIGHEST    74           400 AM
 LOWEST     38           300 PM
 AVERAGE    56

..........................................................


THE DALLAS FORT WORTH CLIMATE NORMALS FOR TODAY
                         NORMAL    RECORD    YEAR
 MAXIMUM TEMPERATURE (F)   96       106      1974
 MINIMUM TEMPERATURE (F)   76        63      1970
                                             1915


SUNRISE AND SUNSET
JULY 22 2017..........SUNRISE   635 AM CDT   SUNSET   834 PM CDT
JULY 23 2017..........SUNRISE   636 AM CDT   SUNSET   833 PM CDT


-  INDICATES NEGATIVE NUMBERS.
R  INDICATES RECORD WAS SET OR TIED.
MM INDICATES DATA IS MISSING.
T  INDICATES TRACE AMOUNT.




$$
