000
CDUS44 KFWD 280637
CLIDFW

CLIMATE REPORT
NATIONAL WEATHER SERVICE FORT WORTH TX
1235 AM CST SUN DEC 28 2014


...................................

...THE DALLAS FORT WORTH CLIMATE SUMMARY FOR DECEMBER 27 2014...

CLIMATE NORMAL PERIOD 1981 TO 2010
CLIMATE RECORD PERIOD 1898 TO 2014


WEATHER ITEM   OBSERVED TIME   RECORD YEAR NORMAL DEPARTURE LAST
                VALUE   (LST)  VALUE       VALUE  FROM      YEAR
                                                  NORMAL
..................................................................
TEMPERATURE (F)
 YESTERDAY
  MAXIMUM         62   1253 AM  82    2005  56      6       58
  MINIMUM         35   1159 PM  19    1925  36     -1       32
                                      1904
  AVERAGE         49                        46      3       45

PRECIPITATION (IN)
  YESTERDAY        T             1.26 1927   0.07  -0.07     0.00
  MONTH TO DATE    1.13                      2.26  -1.13     2.76
  SINCE DEC 1      1.13                      2.26  -1.13     2.76
  SINCE JAN 1     21.32                     35.85 -14.53    29.40

SNOWFALL (IN)
  YESTERDAY       MM             T    2000   0.1   MM        0.0
                                      1988
                                      1987
  MONTH TO DATE    0.0                       0.3   -0.3      2.1
  SINCE DEC 1      0.0                       0.3   -0.3      2.1
  SINCE JUL 1      T                         0.3   -0.3      2.1
  SNOW DEPTH       0

DEGREE DAYS
 HEATING
  YESTERDAY       16                        20     -4       20
  MONTH TO DATE  353                       479   -126      576
  SINCE DEC 1    353                       479   -126      576
  SINCE JUL 1    771                       833    -62      977

 COOLING
  YESTERDAY        0                         0      0        0
  MONTH TO DATE    1                         0      1        0
  SINCE DEC 1      1                         0      1        0
  SINCE JAN 1   2952                      2752    200     2930
..................................................................


WIND (MPH)
  HIGHEST WIND SPEED    29   HIGHEST WIND DIRECTION    NW (330)
  HIGHEST GUST SPEED    33   HIGHEST GUST DIRECTION    NW (330)
  AVERAGE WIND SPEED    16.3


SKY COVER
  POSSIBLE SUNSHINE  MM
  AVERAGE SKY COVER 1.0


WEATHER CONDITIONS
 THE FOLLOWING WEATHER WAS RECORDED YESTERDAY.
  LIGHT RAIN
  FOG
  FOG W/VISIBILITY <= 1/4 MILE


RELATIVE HUMIDITY (PERCENT)
 HIGHEST    93          1200 AM
 LOWEST     64          1100 PM
 AVERAGE    79

..........................................................


THE DALLAS FORT WORTH CLIMATE NORMALS FOR TODAY
                         NORMAL    RECORD    YEAR
 MAXIMUM TEMPERATURE (F)   56        81      1928
                                             1921
 MINIMUM TEMPERATURE (F)   36        11      1924


SUNRISE AND SUNSET
DECEMBER 28 2014......SUNRISE   730 AM CST   SUNSET   530 PM CST
DECEMBER 29 2014......SUNRISE   730 AM CST   SUNSET   530 PM CST


-  INDICATES NEGATIVE NUMBERS.
R  INDICATES RECORD WAS SET OR TIED.
MM INDICATES DATA IS MISSING.
T  INDICATES TRACE AMOUNT.




$$
