000
CDUS44 KFWD 010648
CLIDFW


CLIMATE REPORT
NATIONAL WEATHER SERVICE FORT WORTH TX
1248 AM CST SUN MAR 1 2015


...................................

...THE DALLAS FORT WORTH CLIMATE SUMMARY FOR FEBRUARY 28 2015...

CLIMATE NORMAL PERIOD 1981 TO 2010
CLIMATE RECORD PERIOD 1898 TO 2015


WEATHER ITEM   OBSERVED TIME   RECORD YEAR NORMAL DEPARTURE LAST
                VALUE   (LST)  VALUE       VALUE  FROM      YEAR
                                                  NORMAL
..................................................................
TEMPERATURE (F)
 YESTERDAY
  MAXIMUM         32   1159 PM  88    1932  63    -31       84
  MINIMUM         26    414 AM  19    1962  43    -17       44
  AVERAGE         29                        53    -24       64

PRECIPITATION (IN)
  YESTERDAY        0.20          0.92 2001   0.11   0.09     0.00
  MONTH TO DATE    2.96                      2.66   0.30     0.41
  SINCE DEC 1      7.71                      7.34   0.37     3.50
  SINCE JAN 1      6.58                      4.79   1.79     0.74

SNOWFALL (IN)
  YESTERDAY        T   R         T    2001   0.0    0.0      0.0
                                      1996
                                      1942
  MONTH TO DATE    2.3                       0.4    1.9      0.7
  SINCE DEC 1      2.3                       1.0    1.3      2.8
  SINCE JUL 1      2.3                       1.0    1.3      2.8
  SNOW DEPTH       0

DEGREE DAYS
 HEATING
  YESTERDAY       36                        12     24        1
  MONTH TO DATE  537                       427    110      498
  SINCE DEC 1   1618                      1578     40     1772
  SINCE JUL 1   2036                      1932    104     2173

 COOLING
  YESTERDAY        0                         0      0        0
  MONTH TO DATE    0                         5     -5        0
  SINCE DEC 1      1                        11    -10        0
  SINCE JAN 1      0                         7     -7        0
..................................................................


WIND (MPH)
  HIGHEST WIND SPEED    12   HIGHEST WIND DIRECTION    NE (40)
  HIGHEST GUST SPEED    13   HIGHEST GUST DIRECTION    NE (40)
  AVERAGE WIND SPEED     6.9


SKY COVER
  POSSIBLE SUNSHINE  MM
  AVERAGE SKY COVER 1.0


WEATHER CONDITIONS
 THE FOLLOWING WEATHER WAS RECORDED YESTERDAY.
  FREEZING RAIN
  LT FREEZING RAIN
  SLEET
  FOG


RELATIVE HUMIDITY (PERCENT)
 HIGHEST   100          1100 PM
 LOWEST     84           100 AM
 AVERAGE    92

..........................................................


THE DALLAS FORT WORTH CLIMATE NORMALS FOR TODAY
                         NORMAL    RECORD    YEAR
 MAXIMUM TEMPERATURE (F)   64        93      2006
 MINIMUM TEMPERATURE (F)   43        18      1922


SUNRISE AND SUNSET
MARCH  1 2015.........SUNRISE   656 AM CST   SUNSET   625 PM CST
MARCH  2 2015.........SUNRISE   655 AM CST   SUNSET   626 PM CST


-  INDICATES NEGATIVE NUMBERS.
R  INDICATES RECORD WAS SET OR TIED.
MM INDICATES DATA IS MISSING.
T  INDICATES TRACE AMOUNT.




$$
