000
CDUS44 KFWD 040640
CLIDFW


CLIMATE REPORT
NATIONAL WEATHER SERVICE FORT WORTH TX
140 AM CDT TUE AUG 4 2015


...................................

...THE DALLAS FORT WORTH CLIMATE SUMMARY FOR AUGUST 3 2015...

CLIMATE NORMAL PERIOD 1981 TO 2010
CLIMATE RECORD PERIOD 1898 TO 2015


WEATHER ITEM   OBSERVED TIME   RECORD YEAR NORMAL DEPARTURE LAST
                VALUE   (LST)  VALUE       VALUE  FROM      YEAR
                                                  NORMAL
..................................................................
TEMPERATURE (F)
 YESTERDAY
  MAXIMUM        101    234 PM 109    2011  97      4       93
  MINIMUM         77    528 AM  64    1973  76      1       73
  AVERAGE         89                        86      3       83

PRECIPITATION (IN)
  YESTERDAY        0.00          1.45 1986   0.05  -0.05     0.00
  MONTH TO DATE    0.00                      0.15  -0.15      T
  SINCE JUN 1      4.87                      6.10  -1.23     4.24
  SINCE JAN 1     36.50                     22.35  14.15    11.57

DEGREE DAYS
 HEATING
  YESTERDAY        0                         0      0        0
  MONTH TO DATE    0                         0      0        0
  SINCE JUN 1      0                         0      0        0
  SINCE JUL 1      0                         0      0        0

 COOLING
  YESTERDAY       24                        21      3       18
  MONTH TO DATE   70                        63      7       44
  SINCE JUN 1   1284                      1185     99     1160
  SINCE JAN 1   1603                      1607     -4     1636
..................................................................


WIND (MPH)
  HIGHEST WIND SPEED    15   HIGHEST WIND DIRECTION    SE (120)
  HIGHEST GUST SPEED    19   HIGHEST GUST DIRECTION    SE (130)
  AVERAGE WIND SPEED     5.8


SKY COVER
  POSSIBLE SUNSHINE  MM
  AVERAGE SKY COVER 0.5


WEATHER CONDITIONS
 THE FOLLOWING WEATHER WAS RECORDED YESTERDAY.
  NO SIGNIFICANT WEATHER WAS OBSERVED.


RELATIVE HUMIDITY (PERCENT)
 HIGHEST    54           600 AM
 LOWEST     24           300 PM
 AVERAGE    39

..........................................................


THE DALLAS FORT WORTH CLIMATE NORMALS FOR TODAY
                         NORMAL    RECORD    YEAR
 MAXIMUM TEMPERATURE (F)   97       108      2011
 MINIMUM TEMPERATURE (F)   76        63      1915


SUNRISE AND SUNSET
AUGUST  4 2015........SUNRISE   644 AM CDT   SUNSET   824 PM CDT
AUGUST  5 2015........SUNRISE   644 AM CDT   SUNSET   823 PM CDT


-  INDICATES NEGATIVE NUMBERS.
R  INDICATES RECORD WAS SET OR TIED.
MM INDICATES DATA IS MISSING.
T  INDICATES TRACE AMOUNT.




$$
