000
CDUS44 KFWD 130639
CLIDFW


CLIMATE REPORT
NATIONAL WEATHER SERVICE FORT WORTH TX
1239 AM CST SAT FEB 13 2016


...................................

...THE DALLAS FORT WORTH CLIMATE SUMMARY FOR FEBRUARY 12 2016...

CLIMATE NORMAL PERIOD 1981 TO 2010
CLIMATE RECORD PERIOD 1898 TO 2016


WEATHER ITEM   OBSERVED TIME   RECORD YEAR NORMAL DEPARTURE LAST
                VALUE   (LST)  VALUE       VALUE  FROM      YEAR
                                                  NORMAL
..................................................................
TEMPERATURE (F)
 YESTERDAY
  MAXIMUM         71    427 PM  84    1962  60     11       55
  MINIMUM         41    718 AM  -8    1899  39      2       36
  AVERAGE         56                        49      7       46

PRECIPITATION (IN)
  YESTERDAY        0.00          2.90 1997   0.11  -0.11     0.00
  MONTH TO DATE    T                         1.06  -1.06     0.10
  SINCE DEC 1      4.87                      5.74  -0.87     4.85
  SINCE JAN 1      1.04                      3.19  -2.15     3.72

SNOWFALL (IN)
  YESTERDAY        0.0           1.5  1901   0.0    0.0      0.0
  MONTH TO DATE    0.0                       0.4   -0.4      0.0
  SINCE DEC 1      T                         0.9   -0.9       T
  SINCE JUL 1      T                         0.9   -0.9       T
  SNOW DEPTH       0

DEGREE DAYS
 HEATING
  YESTERDAY        9                        16     -7       19
  MONTH TO DATE  171                       204    -33      192
  SINCE DEC 1   1077                      1355   -278     1273
  SINCE JUL 1   1292                      1709   -417     1691

 COOLING
  YESTERDAY        0                         0      0        0
  MONTH TO DATE    0                         0      0        0
  SINCE DEC 1      9                         6      3        1
  SINCE JAN 1      0                         2     -2        0
..................................................................


WIND (MPH)
  HIGHEST WIND SPEED    14   HIGHEST WIND DIRECTION    NE (40)
  HIGHEST GUST SPEED    19   HIGHEST GUST DIRECTION    NE (30)
  AVERAGE WIND SPEED     8.5


SKY COVER
  POSSIBLE SUNSHINE  MM
  AVERAGE SKY COVER 0.0


WEATHER CONDITIONS
 THE FOLLOWING WEATHER WAS RECORDED YESTERDAY.
  NO SIGNIFICANT WEATHER WAS OBSERVED.


RELATIVE HUMIDITY (PERCENT)
 HIGHEST    76           700 AM
 LOWEST     28           300 PM
 AVERAGE    52

..........................................................


THE DALLAS FORT WORTH CLIMATE NORMALS FOR TODAY
                         NORMAL    RECORD    YEAR
 MAXIMUM TEMPERATURE (F)   60        84      1918
 MINIMUM TEMPERATURE (F)   39         1      1905


SUNRISE AND SUNSET
FEBRUARY 13 2016......SUNRISE   714 AM CST   SUNSET   611 PM CST
FEBRUARY 14 2016......SUNRISE   713 AM CST   SUNSET   612 PM CST


-  INDICATES NEGATIVE NUMBERS.
R  INDICATES RECORD WAS SET OR TIED.
MM INDICATES DATA IS MISSING.
T  INDICATES TRACE AMOUNT.




$$
