000
CDUS43 KDDC 300707
CLIDGC


CLIMATE REPORT
NATIONAL WEATHER SERVICE DODGE CITY KS
206 AM CDT MON MAY 30 2016


...................................

...THE DODGE CITY KS CLIMATE SUMMARY FOR MAY 29 2016...

CLIMATE NORMAL PERIOD 1981 TO 2010
CLIMATE RECORD PERIOD 1875 TO 2016


WEATHER ITEM   OBSERVED TIME   RECORD YEAR NORMAL DEPARTURE LAST
                VALUE   (LST)  VALUE       VALUE  FROM      YEAR
                                                  NORMAL
..................................................................
TEMPERATURE (F)
 YESTERDAY
  MAXIMUM         81    227 PM 106    2011  81      0       79
  MINIMUM         56   1137 PM  34    1947  56      0       55
  AVERAGE         69                        68      1       67

PRECIPITATION (IN)
  YESTERDAY        T             3.45 2001   0.11  -0.11      T
  MONTH TO DATE    1.60                      2.62  -1.02    10.33
  SINCE MAR 1      9.72                      6.03   3.69    12.42
  SINCE JAN 1     10.31                      7.29   3.02    13.72

SNOWFALL (IN)
  YESTERDAY        0.0           T    2001   0.0    0.0      0.0
                                      1991
  MONTH TO DATE    0.0                       0.0    0.0      0.0
  SINCE MAR 1      0.4                       6.0   -5.6       T
  SINCE JUL 1     10.4                      21.1  -10.7     21.4
  SNOW DEPTH       0

DEGREE DAYS
 HEATING
  YESTERDAY        0                         2     -2        0
  MONTH TO DATE  161                       113     48      138
  SINCE MAR 1    976                      1105   -129      899
  SINCE JUL 1   4338                      4952   -614     4647

 COOLING
  YESTERDAY        4                         5     -1        2
  MONTH TO DATE   45                        79    -34       46
  SINCE MAR 1     54                        98    -44       61
  SINCE JAN 1     56                        98    -42       61
..................................................................


WIND (MPH)
  HIGHEST WIND SPEED    26   HIGHEST WIND DIRECTION     S (180)
  HIGHEST GUST SPEED    33   HIGHEST GUST DIRECTION     S (180)
  AVERAGE WIND SPEED    11.4


SKY COVER
  POSSIBLE SUNSHINE  MM
  AVERAGE SKY COVER 0.1


WEATHER CONDITIONS
 THE FOLLOWING WEATHER WAS RECORDED YESTERDAY.
  NO SIGNIFICANT WEATHER WAS OBSERVED.


RELATIVE HUMIDITY (PERCENT)
 HIGHEST    87           600 AM
 LOWEST     37           300 PM
 AVERAGE    62

..........................................................


THE DODGE CITY KS CLIMATE NORMALS FOR TODAY
                         NORMAL    RECORD    YEAR
 MAXIMUM TEMPERATURE (F)   81       101      1998
 MINIMUM TEMPERATURE (F)   56        41      1889


SUNRISE AND SUNSET
MAY 30 2016...........SUNRISE   620 AM CDT   SUNSET   855 PM CDT
MAY 31 2016...........SUNRISE   620 AM CDT   SUNSET   856 PM CDT


-  INDICATES NEGATIVE NUMBERS.
R  INDICATES RECORD WAS SET OR TIED.
MM INDICATES DATA IS MISSING.
T  INDICATES TRACE AMOUNT.




$$
