000
CDUS43 KDDC 270706
CLIDGC


CLIMATE REPORT
NATIONAL WEATHER SERVICE DODGE CITY KS
106 AM CST MON FEB 27 2017


...................................

...THE DODGE CITY KS CLIMATE SUMMARY FOR FEBRUARY 26 2017...

CLIMATE NORMAL PERIOD 1981 TO 2010
CLIMATE RECORD PERIOD 1875 TO 2017


WEATHER ITEM   OBSERVED TIME   RECORD YEAR NORMAL DEPARTURE LAST
                VALUE   (LST)  VALUE       VALUE  FROM      YEAR
                                                  NORMAL
..................................................................
TEMPERATURE (F)
 YESTERDAY
  MAXIMUM         53    335 PM  76    1981  52      1       64
  MINIMUM         18    650 AM  -3    1890  26     -8       20
  AVERAGE         36                        39     -3       42

PRECIPITATION (IN)
  YESTERDAY        0.00          2.08 1895   0.03  -0.03     0.00
  MONTH TO DATE    0.01                      0.63  -0.62     0.31
  SINCE DEC 1      3.19                      2.05   1.14     3.02
  SINCE JAN 1      2.57                      1.21   1.36     0.59

SNOWFALL (IN)
  YESTERDAY        0.0           4.1  1903   0.2   -0.2      0.0
  MONTH TO DATE    0.0                       3.7   -3.7      0.1
  SINCE DEC 1      5.0                      12.7   -7.7      8.9
  SINCE JUL 1      5.0                      14.9   -9.9     10.0
  SNOW DEPTH       0

DEGREE DAYS
 HEATING
  YESTERDAY       29                        26      3       23
  MONTH TO DATE  552                       763   -211      646
  SINCE DEC 1   2602                      2781   -179     2493
  SINCE JUL 1   3198                      3795   -597     3323

 COOLING
  YESTERDAY        0                         0      0        0
  MONTH TO DATE    0                         0      0        2
  SINCE DEC 1      0                         0      0        2
  SINCE JAN 1      0                         0      0        2
..................................................................


WIND (MPH)
  HIGHEST WIND SPEED    20   HIGHEST WIND DIRECTION    NE (40)
  HIGHEST GUST SPEED    28   HIGHEST GUST DIRECTION    NE (40)
  AVERAGE WIND SPEED    10.6


SKY COVER
  POSSIBLE SUNSHINE  MM
  AVERAGE SKY COVER 0.0


WEATHER CONDITIONS
 THE FOLLOWING WEATHER WAS RECORDED YESTERDAY.
  NO SIGNIFICANT WEATHER WAS OBSERVED.


RELATIVE HUMIDITY (PERCENT)
 HIGHEST    73           700 AM
 LOWEST     17           400 PM
 AVERAGE    45

..........................................................


THE DODGE CITY KS CLIMATE NORMALS FOR TODAY
                         NORMAL    RECORD    YEAR
 MAXIMUM TEMPERATURE (F)   52        83      1904
 MINIMUM TEMPERATURE (F)   27        -6      1890


SUNRISE AND SUNSET
FEBRUARY 27 2017......SUNRISE   714 AM CST   SUNSET   632 PM CST
FEBRUARY 28 2017......SUNRISE   712 AM CST   SUNSET   633 PM CST


-  INDICATES NEGATIVE NUMBERS.
R  INDICATES RECORD WAS SET OR TIED.
MM INDICATES DATA IS MISSING.
T  INDICATES TRACE AMOUNT.




$$
