000
CDUS45 KCYS 120728
CLIDGW


CLIMATE REPORT
NATIONAL WEATHER SERVICE CHEYENNE WY
128 AM MDT SAT JUL 12 2014


...................................

...THE DOUGLAS WY AIRPORT CLIMATE SUMMARY FOR JULY 11 2014...

CLIMATE NORMAL PERIOD 1981 TO 2010
CLIMATE RECORD PERIOD 1998 TO 2014


WEATHER ITEM   OBSERVED TIME   RECORD YEAR NORMAL DEPARTURE LAST
                VALUE   (LST)  VALUE       VALUE  FROM      YEAR
                                                  NORMAL
..................................................................
TEMPERATURE (F)
 YESTERDAY
  MAXIMUM         80    332 PM 102    2013  88     -8      102
  MINIMUM         62   1159 PM  46    2010  54      8       64
  AVERAGE         71                        71      0       83

PRECIPITATION (IN)
  YESTERDAY        0.01          0.27 2010   0.04  -0.03     0.00
  MONTH TO DATE    0.55                      0.53   0.02     0.20
  SINCE JAN 1      7.38                      8.08  -0.70     5.39

DEGREE DAYS
 HEATING
  YESTERDAY        0                         0      0        0
  MONTH TO DATE    9                         9      0        0
  SINCE JUN 1    152                       119     33       56
  SINCE JUL 1      9                         9      0        0

 COOLING
  YESTERDAY        6                         6      0       18
  MONTH TO DATE   71                        60     11      109
  SINCE JUN 1     98                       131    -33      215
  SINCE JAN 1    103                       137    -34      231
..................................................................


WIND (MPH)
  HIGHEST WIND SPEED    31   HIGHEST WIND DIRECTION    NE (50)
  HIGHEST GUST SPEED    39   HIGHEST GUST DIRECTION    NE (50)
  AVERAGE WIND SPEED     6.8


SKY COVER
  AVERAGE SKY COVER 0.7


WEATHER CONDITIONS
 THE FOLLOWING WEATHER WAS RECORDED YESTERDAY.
  NO SIGNIFICANT WEATHER WAS OBSERVED.


RELATIVE HUMIDITY (PERCENT)
 HIGHEST    93           100 AM
 LOWEST     45           300 PM
 AVERAGE    69

..........................................................


THE DOUGLAS WY AIRPORT CLIMATE NORMALS FOR TODAY
                         NORMAL    RECORD    YEAR
 MAXIMUM TEMPERATURE (F)   88        97      2002
 MINIMUM TEMPERATURE (F)   54        40      2008


SUNRISE AND SUNSET
JULY 12 2014..........SUNRISE   534 AM MDT   SUNSET   840 PM MDT
JULY 13 2014..........SUNRISE   535 AM MDT   SUNSET   839 PM MDT


-  INDICATES NEGATIVE NUMBERS.
R  INDICATES RECORD WAS SET OR TIED.
MM INDICATES DATA IS MISSING.
T  INDICATES TRACE AMOUNT.




$$
