000
CDUS44 KTAE 260635
CLIDHN


CLIMATE REPORT
NATIONAL WEATHER SERVICE TALLAHASSEE FL
135 AM EST WED NOV 26 2014


...................................

...THE DOTHAN CLIMATE SUMMARY FOR NOVEMBER 25 2014...

CLIMATE NORMAL PERIOD 1981 TO 2010
CLIMATE RECORD PERIOD 1965 TO 2014


WEATHER ITEM   OBSERVED TIME   NORMAL DEPARTURE LAST
                VALUE   (LST)  VALUE  FROM      YEAR
                                      NORMAL
......................................................
TEMPERATURE (F)
 YESTERDAY
  MAXIMUM         60   1233 AM  68     -8       55
  MINIMUM         48   1120 PM  44      4       37
  AVERAGE         54            56     -2       46

PRECIPITATION (IN)
  YESTERDAY        0.27          0.17   0.10      T
  MONTH TO DATE    1.59          3.31  -1.72     0.76
  SINCE SEP 1     10.03         10.31  -0.28     9.75
  SINCE JAN 1     49.97         48.70   1.27    67.59

SNOWFALL (IN)
  YESTERDAY       MM

DEGREE DAYS
 HEATING
  YESTERDAY       11            10      1       19
  MONTH TO DATE  299           167    132      167
  SINCE SEP 1    342           226    116      208
  SINCE JUL 1    342           226    116      208
......................................................


WIND (MPH)
  HIGHEST WIND SPEED    16   HIGHEST WIND DIRECTION     N (350)
  HIGHEST GUST SPEED    21   HIGHEST GUST DIRECTION     N (340)
  AVERAGE WIND SPEED     6.7








-  INDICATES NEGATIVE NUMBERS.
R  INDICATES RECORD WAS SET OR TIED.
MM INDICATES DATA IS MISSING.
T  INDICATES TRACE AMOUNT.




$$
