000
CDUS44 KTAE 240631
CLIDHN


CLIMATE REPORT
NATIONAL WEATHER SERVICE TALLAHASSEE FL
231 AM EDT THU APR 24 2014


...................................

...THE DOTHAN CLIMATE SUMMARY FOR APRIL 23 2014...

CLIMATE NORMAL PERIOD 1981 TO 2010
CLIMATE RECORD PERIOD 1965 TO 2014


WEATHER ITEM   OBSERVED TIME   NORMAL DEPARTURE LAST
                VALUE   (LST)  VALUE  FROM      YEAR
                                      NORMAL
......................................................
TEMPERATURE (F)
 YESTERDAY
  MAXIMUM         83    344 PM  80      3       77
  MINIMUM         58    238 AM  55      3       59
  AVERAGE         71            68      3       68

PRECIPITATION (IN)
  YESTERDAY        0.00          0.10  -0.10     0.00
  MONTH TO DATE    8.42          2.97   5.45     3.75
  SINCE MAR 1     13.72          8.85   4.87     4.90
  SINCE JAN 1     21.45         18.25   3.20    25.90

SNOWFALL (IN)
  YESTERDAY        0.0

DEGREE DAYS
 HEATING
  YESTERDAY        0             1     -1        0
  MONTH TO DATE   72            63      9       63
  SINCE MAR 1    338           274     64      404
  SINCE JUL 1   2003          1833    170     1611

 COOLING
  YESTERDAY        6             4      2        3
  MONTH TO DATE   40            56    -16       57
  SINCE MAR 1     42            77    -35       63
  SINCE JAN 1     51            87    -36      101
......................................................










-  INDICATES NEGATIVE NUMBERS.
R  INDICATES RECORD WAS SET OR TIED.
MM INDICATES DATA IS MISSING.
T  INDICATES TRACE AMOUNT.




$$
