000
CDUS44 KTAE 300635
CLIDHN


CLIMATE REPORT
NATIONAL WEATHER SERVICE TALLAHASSEE FL
235 AM EDT SUN AUG 30 2015


...................................

...THE DOTHAN CLIMATE SUMMARY FOR AUGUST 29 2015...

CLIMATE NORMAL PERIOD 1981 TO 2010
CLIMATE RECORD PERIOD 1965 TO 2015


WEATHER ITEM   OBSERVED TIME   NORMAL DEPARTURE LAST
                VALUE   (LST)  VALUE  FROM      YEAR
                                      NORMAL
......................................................
TEMPERATURE (F)
 YESTERDAY
  MAXIMUM         86    201 PM  90     -4       96
  MINIMUM         70   1159 PM  70      0       67
  AVERAGE         78            80     -2       82

PRECIPITATION (IN)
  YESTERDAY        1.22          0.12   1.10     0.00
  MONTH TO DATE    5.11          4.24   0.87     2.17
  SINCE JUN 1     12.42         15.79  -3.37     9.86
  SINCE JAN 1     36.67         38.15  -1.48    39.93

SNOWFALL (IN)
  YESTERDAY        0.0

DEGREE DAYS
 COOLING
  YESTERDAY       13            15     -2       17
  MONTH TO DATE  521           470     51      492
  SINCE JUN 1   1600          1438    162     1461
  SINCE JAN 1   2188          1851    337     1846
......................................................


WIND (MPH)
  HIGHEST WIND SPEED    23   HIGHEST WIND DIRECTION     E (100)
  HIGHEST GUST SPEED    32   HIGHEST GUST DIRECTION     E (110)
  AVERAGE WIND SPEED     5.8








-  INDICATES NEGATIVE NUMBERS.
R  INDICATES RECORD WAS SET OR TIED.
MM INDICATES DATA IS MISSING.
T  INDICATES TRACE AMOUNT.




$$
