000
CDUS44 KTAE 270711
CLIDHN


CLIMATE REPORT
NATIONAL WEATHER SERVICE TALLAHASSEE FL
309 AM EDT FRI MAR 27 2015


...................................

...THE DOTHAN CLIMATE SUMMARY FOR MARCH 26 2015...

CLIMATE NORMAL PERIOD 1981 TO 2010
CLIMATE RECORD PERIOD 1965 TO 2015


WEATHER ITEM   OBSERVED TIME   NORMAL DEPARTURE LAST
                VALUE   (LST)  VALUE  FROM      YEAR
                                      NORMAL
......................................................
TEMPERATURE (F)
 YESTERDAY
  MAXIMUM         71   1123 AM  73     -2       58
  MINIMUM         61    624 AM  48     13       32
  AVERAGE         66            61      5       45

PRECIPITATION (IN)
  YESTERDAY        0.02          0.24  -0.22     0.00
  MONTH TO DATE    4.31          4.66  -0.35     2.70
  SINCE MAR 1      4.31          4.66  -0.35     2.70
  SINCE JAN 1     10.98         14.06  -3.08    10.43

SNOWFALL (IN)
  YESTERDAY        0.0

DEGREE DAYS
 HEATING
  YESTERDAY        0             5     -5       20
  MONTH TO DATE   95           187    -92      236
  SINCE MAR 1     95           187    -92      236
  SINCE JUL 1   1782          1746     36     1901

 COOLING
  YESTERDAY        1             1      0        0
  MONTH TO DATE   74            25     49        2
  SINCE MAR 1     74            25     49        2
  SINCE JAN 1     78            35     43       11
......................................................


WIND (MPH)
  HIGHEST WIND SPEED    13   HIGHEST WIND DIRECTION     S (180)
  HIGHEST GUST SPEED    16   HIGHEST GUST DIRECTION    SE (150)
  AVERAGE WIND SPEED     5.5








-  INDICATES NEGATIVE NUMBERS.
R  INDICATES RECORD WAS SET OR TIED.
MM INDICATES DATA IS MISSING.
T  INDICATES TRACE AMOUNT.




$$
