000
CDUS44 KTAE 230636
CLIDHN


CLIMATE REPORT
NATIONAL WEATHER SERVICE TALLAHASSEE FL
235 AM EDT THU OCT 23 2014


...................................

...THE DOTHAN CLIMATE SUMMARY FOR OCTOBER 22 2014...

CLIMATE NORMAL PERIOD 1981 TO 2010
CLIMATE RECORD PERIOD 1965 TO 2014


WEATHER ITEM   OBSERVED TIME   NORMAL DEPARTURE LAST
                VALUE   (LST)  VALUE  FROM      YEAR
                                      NORMAL
......................................................
TEMPERATURE (F)
 YESTERDAY
  MAXIMUM         76    218 PM  78     -2       74
  MINIMUM         46   1119 PM  53     -7       58
  AVERAGE         61            66     -5       66

PRECIPITATION (IN)
  YESTERDAY        0.00          0.12  -0.12     0.06
  MONTH TO DATE    5.80          2.39   3.41     0.48
  SINCE SEP 1      8.44          5.98   2.46     8.85
  SINCE JAN 1     48.38         44.37   4.01    66.69

SNOWFALL (IN)
  YESTERDAY        0.0

DEGREE DAYS
 HEATING
  YESTERDAY        4             3      1        0
  MONTH TO DATE   21            24     -3        0
  SINCE SEP 1     21            26     -5        0
  SINCE JUL 1     21            26     -5        0

 COOLING
  YESTERDAY        0             3     -3        1
  MONTH TO DATE  115           110      5      140
  SINCE SEP 1    502           458     44      524
  SINCE JAN 1   2387          2338     49     2278
......................................................


WIND (MPH)
  HIGHEST WIND SPEED    13   HIGHEST WIND DIRECTION    NE (30)
  HIGHEST GUST SPEED    18   HIGHEST GUST DIRECTION     N (350)
  AVERAGE WIND SPEED     5.1








-  INDICATES NEGATIVE NUMBERS.
R  INDICATES RECORD WAS SET OR TIED.
MM INDICATES DATA IS MISSING.
T  INDICATES TRACE AMOUNT.




$$
