000
CDUS44 KTAE 050631
CLIDHN


CLIMATE REPORT
NATIONAL WEATHER SERVICE TALLAHASSEE FL
131 AM EST THU MAR 5 2015


...................................

...THE DOTHAN CLIMATE SUMMARY FOR MARCH 4 2015...

CLIMATE NORMAL PERIOD 1981 TO 2010
CLIMATE RECORD PERIOD 1965 TO 2015


WEATHER ITEM   OBSERVED TIME   NORMAL DEPARTURE LAST
                VALUE   (LST)  VALUE  FROM      YEAR
                                      NORMAL
......................................................
TEMPERATURE (F)
 YESTERDAY
  MAXIMUM         80    157 PM  69     11       46
  MINIMUM         61    401 AM  45     16       37
  AVERAGE         71            57     14       42

PRECIPITATION (IN)
  YESTERDAY        0.00          0.15  -0.15     0.02
  MONTH TO DATE    T             0.60  -0.60     0.05
  SINCE MAR 1      T             0.60  -0.60     0.05
  SINCE JAN 1      6.67         10.00  -3.33     7.78

SNOWFALL (IN)
  YESTERDAY        0.0

DEGREE DAYS
 HEATING
  YESTERDAY        0             9     -9       23
  MONTH TO DATE   25            36    -11       47
  SINCE MAR 1     25            36    -11       47
  SINCE JUL 1   1712          1595    117     1712

 COOLING
  YESTERDAY        6             1      5        0
  MONTH TO DATE   10             4      6        0
  SINCE MAR 1     10             4      6        0
  SINCE JAN 1     14            14      0        9
......................................................


WIND (MPH)
  HIGHEST WIND SPEED    22   HIGHEST WIND DIRECTION    SW (220)
  HIGHEST GUST SPEED    25   HIGHEST GUST DIRECTION    SW (220)
  AVERAGE WIND SPEED    10.4








-  INDICATES NEGATIVE NUMBERS.
R  INDICATES RECORD WAS SET OR TIED.
MM INDICATES DATA IS MISSING.
T  INDICATES TRACE AMOUNT.




$$
