000
CDUS44 KAMA 210632
CLIDHT


CLIMATE REPORT
NATIONAL WEATHER SERVICE AMARILLO TX
132 AM CDT SUN SEP 21 2014


...................................

...THE DALHART CLIMATE SUMMARY FOR SEPTEMBER 20 2014...

CLIMATE NORMAL PERIOD 1981 TO 2010
CLIMATE RECORD PERIOD 1894 TO 2014


WEATHER ITEM   OBSERVED TIME   RECORD YEAR NORMAL DEPARTURE LAST
                VALUE   (LST)  VALUE       VALUE  FROM      YEAR
                                                  NORMAL
..................................................................
TEMPERATURE (F)
 YESTERDAY
  MAXIMUM         86    414 PM  97    1956  80      6       73
  MINIMUM         61    632 AM  38    1971  51     10       57
  AVERAGE         74                        66      8       65

PRECIPITATION (IN)
  YESTERDAY        0.00          0.82 1972   0.06  -0.06      T
  MONTH TO DATE    1.13                      1.15  -0.02     1.64
  SINCE SEP 1      1.13                      1.15  -0.02     1.64
  SINCE JAN 1      9.77                     14.50  -4.73     6.66

SNOWFALL (IN)
  YESTERDAY        0.0           0.0    MM   0.0    0.0      0.0
  MONTH TO DATE    0.0                       0.0    0.0      0.0
  SINCE SEP 1      0.0                       0.0    0.0      0.0
  SINCE JUL 1      0.0                       0.0    0.0      0.0
  SNOW DEPTH       0

DEGREE DAYS
 HEATING
  YESTERDAY        0                         3     -3        0
  MONTH TO DATE   21                        22     -1        0
  SINCE SEP 1     21                        22     -1        0
  SINCE JUL 1     21                        25     -4        0

 COOLING
  YESTERDAY        9                         3      6        0
  MONTH TO DATE  126                       110     16      184
  SINCE SEP 1    126                       110     16      184
  SINCE JAN 1   1341                      1106    235     1537
..................................................................


WIND (MPH)
  RESULTANT WIND SPEED   6   RESULTANT WIND DIRECTION   S (180)
  HIGHEST WIND SPEED    13   HIGHEST WIND DIRECTION     S (160)
  HIGHEST GUST SPEED    17   HIGHEST GUST DIRECTION     S (170)
  AVERAGE WIND SPEED     7.1


SKY COVER
  AVERAGE SKY COVER 0.2


WEATHER CONDITIONS
 THE FOLLOWING WEATHER WAS RECORDED YESTERDAY.
  FOG
  FOG W/VISIBILITY <= 1/4 MILE


RELATIVE HUMIDITY (PERCENT)
 HIGHEST    93          1200 AM
 LOWEST     44           200 PM
 AVERAGE    69

..........................................................


THE DALHART CLIMATE NORMALS FOR TODAY
                         NORMAL    RECORD    YEAR
 MAXIMUM TEMPERATURE (F)   80        96      1980
 MINIMUM TEMPERATURE (F)   51        31      1983


SUNRISE AND SUNSET
SEPTEMBER 21 2014.....SUNRISE   737 AM CDT   SUNSET   748 PM CDT
SEPTEMBER 22 2014.....SUNRISE   738 AM CDT   SUNSET   747 PM CDT


-  INDICATES NEGATIVE NUMBERS.
R  INDICATES RECORD WAS SET OR TIED.
MM INDICATES DATA IS MISSING.
T  INDICATES TRACE AMOUNT.




$$
