084
CDUS44 KAMA 300634
CLIDHT


CLIMATE REPORT
NATIONAL WEATHER SERVICE AMARILLO TX
133 AM CDT FRI SEP 30 2016


...................................

...THE DALHART CLIMATE SUMMARY FOR SEPTEMBER 29 2016...

CLIMATE NORMAL PERIOD 1981 TO 2010
CLIMATE RECORD PERIOD 1948 TO 2016


WEATHER ITEM   OBSERVED TIME   RECORD YEAR NORMAL DEPARTURE LAST
                VALUE   (LST)  VALUE       VALUE  FROM      YEAR
                                                  NORMAL
..................................................................
TEMPERATURE (F)
 YESTERDAY
  MAXIMUM         80    454 PM  97    2010  77      3       78
  MINIMUM         49    637 AM  28    1985  47      2       56
  AVERAGE         65                        62      3       67

PRECIPITATION (IN)
  YESTERDAY        0.00          0.77 1983   0.05  -0.05      T
  MONTH TO DATE    3.42                      1.60   1.82     1.06
  SINCE SEP 1      3.42                      1.60   1.82     1.06
  SINCE JAN 1     17.61                     14.95   2.66    14.49

SNOWFALL (IN)
  YESTERDAY        0.0           0.5  1984   0.0    0.0      0.0
  MONTH TO DATE    0.0                       0.0    0.0      0.0
  SINCE SEP 1      0.0                       0.0    0.0      0.0
  SINCE JUL 1      0.0                       0.0    0.0      0.0
  SNOW DEPTH       0

DEGREE DAYS
 HEATING
  YESTERDAY        0                         5     -5        0
  MONTH TO DATE   11                        55    -44        1
  SINCE SEP 1     11                        55    -44        1
  SINCE JUL 1     11                        58    -47        1

 COOLING
  YESTERDAY        0                         2     -2        2
  MONTH TO DATE  219                       131     88      287
  SINCE SEP 1    219                       131     88      287
  SINCE JAN 1   1494                      1127    367     1496
..................................................................


WIND (MPH)
  RESULTANT WIND SPEED   7   RESULTANT WIND DIRECTION  SE (140)
  HIGHEST WIND SPEED    14   HIGHEST WIND DIRECTION    SE (140)
  HIGHEST GUST SPEED    21   HIGHEST GUST DIRECTION     S (190)
  AVERAGE WIND SPEED     8.1


SKY COVER
  AVERAGE SKY COVER 0.0


WEATHER CONDITIONS
 THE FOLLOWING WEATHER WAS RECORDED YESTERDAY.
  NO SIGNIFICANT WEATHER WAS OBSERVED.


RELATIVE HUMIDITY (PERCENT)
 HIGHEST    80           600 AM
 LOWEST     26           500 PM
 AVERAGE    53

..........................................................


THE DALHART CLIMATE NORMALS FOR TODAY
                         NORMAL    RECORD    YEAR
 MAXIMUM TEMPERATURE (F)   76        95      2009
 MINIMUM TEMPERATURE (F)   47        27      1985


SUNRISE AND SUNSET
SEPTEMBER 30 2016.....SUNRISE   745 AM CDT   SUNSET   734 PM CDT
OCTOBER  1 2016.......SUNRISE   746 AM CDT   SUNSET   733 PM CDT


-  INDICATES NEGATIVE NUMBERS.
R  INDICATES RECORD WAS SET OR TIED.
MM INDICATES DATA IS MISSING.
T  INDICATES TRACE AMOUNT.




$$
