000
CDUS44 KAMA 011528
CLIDHT


CLIMATE REPORT
NATIONAL WEATHER SERVICE AMARILLO TX
927 AM CST SUN FEB 1 2015


...................................

...THE DALHART CLIMATE SUMMARY FOR FEBRUARY 1 2015...
VALID AS OF 0900 AM LOCAL TIME.

CLIMATE NORMAL PERIOD 1981 TO 2010
CLIMATE RECORD PERIOD 1894 TO 2015


WEATHER ITEM   OBSERVED TIME   RECORD YEAR NORMAL DEPARTURE LAST
                VALUE   (LST)  VALUE       VALUE  FROM      YEAR
                                                  NORMAL
..................................................................
TEMPERATURE (F)
 TODAY
  MINIMUM         33    848 AM -19    1951  20     13       18

PRECIPITATION (IN)
  TODAY            0.00          0.34 1983   0.02  -0.02     0.00
  MONTH TO DATE    0.00                      0.02  -0.02     0.00
  SINCE DEC 1      1.72                      1.08   0.64     0.22
  SINCE JAN 1      1.39                      0.54   0.85     0.01

SNOWFALL (IN)
  TODAY            0.0           3.4  1983   0.1   -0.1      0.0
  MONTH TO DATE    0.0                       0.1   -0.1      0.0
  SINCE DEC 1     19.5                       8.7   10.8      9.5
  SINCE JUL 1     21.0                      10.6   10.4     12.5
  SNOW DEPTH       0

..................................................................


WIND (MPH)
  RESULTANT WIND SPEED  13   RESULTANT WIND DIRECTION   N (360)
  HIGHEST WIND SPEED    31   HIGHEST WIND DIRECTION     N (10)
  HIGHEST GUST SPEED    40   HIGHEST GUST DIRECTION     N (350)
  AVERAGE WIND SPEED    13.4


SKY COVER
  AVERAGE SKY COVER 0.5


WEATHER CONDITIONS
 THE FOLLOWING WEATHER WAS RECORDED TODAY.
  NO SIGNIFICANT WEATHER WAS OBSERVED.


RELATIVE HUMIDITY (PERCENT)
 HIGHEST    89           400 AM
 LOWEST     69           800 AM
 AVERAGE    79

..........................................................


THE DALHART CLIMATE NORMALS FOR TOMORROW
                         NORMAL    RECORD    YEAR
 MAXIMUM TEMPERATURE (F)   51        76      1995
 MINIMUM TEMPERATURE (F)   20        -9      1951


SUNRISE AND SUNSET
FEBRUARY  1 2015......SUNRISE   751 AM CST   SUNSET   617 PM CST
FEBRUARY  2 2015......SUNRISE   750 AM CST   SUNSET   618 PM CST


-  INDICATES NEGATIVE NUMBERS.
R  INDICATES RECORD WAS SET OR TIED.
MM INDICATES DATA IS MISSING.
T  INDICATES TRACE AMOUNT.




$$
