857
CDUS44 KAMA 300652
CLIDHT


CLIMATE REPORT
NATIONAL WEATHER SERVICE AMARILLO TX
148 AM CDT TUE AUG 30 2016


...................................

...THE DALHART CLIMATE SUMMARY FOR AUGUST 29 2016...

CLIMATE NORMAL PERIOD 1981 TO 2010
CLIMATE RECORD PERIOD 1948 TO 2016


WEATHER ITEM   OBSERVED TIME   RECORD YEAR NORMAL DEPARTURE LAST
                VALUE   (LST)  VALUE       VALUE  FROM      YEAR
                                                  NORMAL
..................................................................
TEMPERATURE (F)
 YESTERDAY
  MAXIMUM         74    255 PM  99    1990  88    -14       90
  MINIMUM         65    644 AM  43    1988  59      6       62
  AVERAGE         70                        74     -4       76

PRECIPITATION (IN)
  YESTERDAY        T             0.82 1978   0.07  -0.07     0.00
  MONTH TO DATE    2.82                      2.72   0.10     1.72
  SINCE JUN 1      6.90                      7.81  -0.91     6.72
  SINCE JAN 1     14.12                     13.22   0.90    13.43

SNOWFALL (IN)
  YESTERDAY        0.0           0.0    MM   0.0    0.0      0.0
  MONTH TO DATE    0.0                       0.0    0.0      0.0
  SINCE JUN 1      0.0                       0.0    0.0      0.0
  SINCE JUL 1      0.0                       0.0    0.0      0.0
  SNOW DEPTH       0

DEGREE DAYS
 HEATING
  YESTERDAY        0                         0      0        0
  MONTH TO DATE    0                         0      0        0
  SINCE JUN 1      0                        13    -13        0
  SINCE JUL 1      0                         1     -1        0

 COOLING
  YESTERDAY        5                         9     -4       11
  MONTH TO DATE  336                       302     34      370
  SINCE JUN 1   1218                       907    311     1169
  SINCE JAN 1   1264                       979    285     1191
..................................................................


WIND (MPH)
  RESULTANT WIND SPEED   2   RESULTANT WIND DIRECTION   E (90)
  HIGHEST WIND SPEED    15   HIGHEST WIND DIRECTION    SE (130)
  HIGHEST GUST SPEED    18   HIGHEST GUST DIRECTION    SE (130)
  AVERAGE WIND SPEED     5.6


SKY COVER
  AVERAGE SKY COVER 0.7


WEATHER CONDITIONS
 THE FOLLOWING WEATHER WAS RECORDED YESTERDAY.
  LIGHT RAIN
  FOG
  HAZE


RELATIVE HUMIDITY (PERCENT)
 HIGHEST    93           400 AM
 LOWEST     61          1000 AM
 AVERAGE    77

..........................................................


THE DALHART CLIMATE NORMALS FOR TODAY
                         NORMAL    RECORD    YEAR
 MAXIMUM TEMPERATURE (F)   87        99      2013
                                             2011
 MINIMUM TEMPERATURE (F)   59        52      2015
                                             1967


SUNRISE AND SUNSET
AUGUST 30 2016........SUNRISE   721 AM CDT   SUNSET   820 PM CDT
AUGUST 31 2016........SUNRISE   722 AM CDT   SUNSET   818 PM CDT


-  INDICATES NEGATIVE NUMBERS.
R  INDICATES RECORD WAS SET OR TIED.
MM INDICATES DATA IS MISSING.
T  INDICATES TRACE AMOUNT.




$$
