000
CDUS44 KAMA 280629
CLIDHT


CLIMATE REPORT
NATIONAL WEATHER SERVICE AMARILLO TX
128 AM CDT TUE JUL 28 2015


...................................

...THE DALHART CLIMATE SUMMARY FOR JULY 27 2015...

CLIMATE NORMAL PERIOD 1981 TO 2010
CLIMATE RECORD PERIOD 1894 TO 2015


WEATHER ITEM   OBSERVED TIME   RECORD YEAR NORMAL DEPARTURE LAST
                VALUE   (LST)  VALUE       VALUE  FROM      YEAR
                                                  NORMAL
..................................................................
TEMPERATURE (F)
 YESTERDAY
  MAXIMUM        101    237 PM 105    2011  91     10       91
  MINIMUM         69    631 AM  53    2005  62      7       68
  AVERAGE         85                        77      8       80

PRECIPITATION (IN)
  YESTERDAY        0.00          1.38 1998   0.09  -0.09      T
  MONTH TO DATE    2.58                      2.39   0.19     1.14
  SINCE JUN 1      3.43                      4.69  -1.26     4.91
  SINCE JAN 1     10.14                     10.10   0.04     6.75

SNOWFALL (IN)
  YESTERDAY        0.0           0.0    MM   0.0    0.0      0.0
  MONTH TO DATE    0.0                       0.0    0.0      0.0
  SINCE JUN 1      0.0                       0.0    0.0      0.0
  SINCE JUL 1      0.0                       0.0    0.0      0.0
  SNOW DEPTH       0

DEGREE DAYS
 HEATING
  YESTERDAY        0                         0      0        0
  MONTH TO DATE    0                         0      0        0
  SINCE JUN 1      0                        12    -12        4
  SINCE JUL 1      0                         0      0        0

 COOLING
  YESTERDAY       20                        12      8       15
  MONTH TO DATE  417                       320     97      356
  SINCE JUN 1    750                       560    190      652
  SINCE JAN 1    772                       632    140      772
..................................................................


WIND (MPH)
  RESULTANT WIND SPEED  12   RESULTANT WIND DIRECTION   S (160)
  HIGHEST WIND SPEED    30   HIGHEST WIND DIRECTION     S (160)
  HIGHEST GUST SPEED    37   HIGHEST GUST DIRECTION    SE (140)
  AVERAGE WIND SPEED    14.0


SKY COVER
  AVERAGE SKY COVER 0.1


WEATHER CONDITIONS
 THE FOLLOWING WEATHER WAS RECORDED YESTERDAY.
  THUNDERSTORM


RELATIVE HUMIDITY (PERCENT)
 HIGHEST    78           600 AM
 LOWEST     24           200 PM
 AVERAGE    51

..........................................................


THE DALHART CLIMATE NORMALS FOR TODAY
                         NORMAL    RECORD    YEAR
 MAXIMUM TEMPERATURE (F)   91       103      1995
 MINIMUM TEMPERATURE (F)   62        49      2005


SUNRISE AND SUNSET
JULY 28 2015..........SUNRISE   654 AM CDT   SUNSET   859 PM CDT
JULY 29 2015..........SUNRISE   655 AM CDT   SUNSET   858 PM CDT


-  INDICATES NEGATIVE NUMBERS.
R  INDICATES RECORD WAS SET OR TIED.
MM INDICATES DATA IS MISSING.
T  INDICATES TRACE AMOUNT.




$$
