000
CDUS44 KAMA 052129
CLIDHT


CLIMATE REPORT
NATIONAL WEATHER SERVICE AMARILLO TX
428 PM CDT THU MAY 5 2016


...................................

...THE DALHART CLIMATE SUMMARY FOR MAY 5 2016...
VALID TODAY AS OF 0400 PM LOCAL TIME.

CLIMATE NORMAL PERIOD 1981 TO 2010
CLIMATE RECORD PERIOD 1948 TO 2016


WEATHER ITEM   OBSERVED TIME   RECORD YEAR NORMAL DEPARTURE LAST
                VALUE   (LST)  VALUE       VALUE  FROM      YEAR
                                                  NORMAL
..................................................................
TEMPERATURE (F)
 TODAY
  MAXIMUM         85    259 PM  96    2012  75     10       69
  MINIMUM         42    504 AM  35    2013  45     -3       51
                                      1990
  AVERAGE         64                        60      4       60

PRECIPITATION (IN)
  TODAY            0.00          1.96 1949   0.06  -0.06     0.19
  MONTH TO DATE    0.16                      0.28  -0.12     0.31
  SINCE MAR 1      4.50                      2.53   1.97     1.69
  SINCE JAN 1      4.75                      3.45   1.30     5.00

SNOWFALL (IN)
  TODAY            0.0           T    1949   0.0    0.0      0.0
  MONTH TO DATE    0.0                       0.1   -0.1      0.0
  SINCE MAR 1      0.0                       5.5   -5.5      0.8
  SINCE JUL 1      2.5                      19.0  -16.5     34.1
  SNOW DEPTH       0

DEGREE DAYS
 HEATING
  TODAY            1                         6     -5        5
  MONTH TO DATE   56                        33     23        5
  SINCE MAR 1    817                       992   -175      739
  SINCE JUL 1   3762                      4635   -873     4032

 COOLING
  TODAY            0                         1     -1        0
  MONTH TO DATE    0                         5     -5       10
  SINCE MAR 1      2                        11     -9       11
  SINCE JAN 1      2                        11     -9       11
..................................................................


WIND (MPH)
  RESULTANT WIND SPEED   7   RESULTANT WIND DIRECTION   S (200)
  HIGHEST WIND SPEED    17   HIGHEST WIND DIRECTION    SW (210)
  HIGHEST GUST SPEED    23   HIGHEST GUST DIRECTION     S (190)
  AVERAGE WIND SPEED     8.7


SKY COVER
  AVERAGE SKY COVER 0.0


WEATHER CONDITIONS
 THE FOLLOWING WEATHER WAS RECORDED TODAY.
  NO SIGNIFICANT WEATHER WAS OBSERVED.


RELATIVE HUMIDITY (PERCENT)
 HIGHEST    76           600 AM
 LOWEST     17           300 PM
 AVERAGE    47

..........................................................


THE DALHART CLIMATE NORMALS FOR TOMORROW
                         NORMAL    RECORD    YEAR
 MAXIMUM TEMPERATURE (F)   75        94      2000
 MINIMUM TEMPERATURE (F)   45        32      1953


SUNRISE AND SUNSET
MAY  5 2016...........SUNRISE   653 AM CDT   SUNSET   841 PM CDT
MAY  6 2016...........SUNRISE   652 AM CDT   SUNSET   842 PM CDT


-  INDICATES NEGATIVE NUMBERS.
R  INDICATES RECORD WAS SET OR TIED.
MM INDICATES DATA IS MISSING.
T  INDICATES TRACE AMOUNT.




$$
