000
CDUS44 KAMA 300629
CLIDHT


CLIMATE REPORT
NATIONAL WEATHER SERVICE AMARILLO TX
127 AM CDT TUE JUN 30 2015


...................................

...THE DALHART CLIMATE SUMMARY FOR JUNE 29 2015...

CLIMATE NORMAL PERIOD 1981 TO 2010
CLIMATE RECORD PERIOD 1894 TO 2015


WEATHER ITEM   OBSERVED TIME   RECORD YEAR NORMAL DEPARTURE LAST
                VALUE   (LST)  VALUE       VALUE  FROM      YEAR
                                                  NORMAL
..................................................................
TEMPERATURE (F)
 YESTERDAY
  MAXIMUM         93    151 PM 105    2012  91      2       98
                                      2011
                                      1998
  MINIMUM         65   1136 PM  52    1985  61      4       62
  AVERAGE         79                        76      3       80

PRECIPITATION (IN)
  YESTERDAY        0.00          0.98 1970   0.08  -0.08     0.00
  MONTH TO DATE    0.85                      2.21  -1.36     3.77
  SINCE JUN 1      0.85                      2.21  -1.36     3.77
  SINCE JAN 1      7.56                      7.62  -0.06     5.61

SNOWFALL (IN)
  YESTERDAY        0.0           0.0    MM   0.0    0.0      0.0
  MONTH TO DATE    0.0                       0.0    0.0      0.0
  SINCE JUN 1      0.0                       0.0    0.0      0.0
  SINCE JUL 1     34.1                      18.9   15.2     17.4
  SNOW DEPTH       0

DEGREE DAYS
 HEATING
  YESTERDAY        0                         0      0        0
  MONTH TO DATE    0                         9     -9        4
  SINCE JUN 1      0                         9     -9        4
  SINCE JUL 1   4158                      4726   -568     4597

 COOLING
  YESTERDAY       14                        11      3       15
  MONTH TO DATE  320                       228     92      277
  SINCE JUN 1    320                       228     92      277
  SINCE JAN 1    342                       300     42      397
..................................................................


WIND (MPH)
  RESULTANT WIND SPEED   5   RESULTANT WIND DIRECTION   N (10)
  HIGHEST WIND SPEED    24   HIGHEST WIND DIRECTION    NE (60)
  HIGHEST GUST SPEED    29   HIGHEST GUST DIRECTION    NE (60)
  AVERAGE WIND SPEED     8.4


SKY COVER
  AVERAGE SKY COVER 0.2


WEATHER CONDITIONS
 THE FOLLOWING WEATHER WAS RECORDED YESTERDAY.
  THUNDERSTORM
  HAZE


RELATIVE HUMIDITY (PERCENT)
 HIGHEST    66          1100 PM
 LOWEST     26           200 PM
 AVERAGE    46

..........................................................


THE DALHART CLIMATE NORMALS FOR TODAY
                         NORMAL    RECORD    YEAR
 MAXIMUM TEMPERATURE (F)   91       102      2012
                                             2011
                                             1957
 MINIMUM TEMPERATURE (F)   61        53      1951


SUNRISE AND SUNSET
JUNE 30 2015..........SUNRISE   637 AM CDT   SUNSET   911 PM CDT
JULY  1 2015..........SUNRISE   637 AM CDT   SUNSET   911 PM CDT


-  INDICATES NEGATIVE NUMBERS.
R  INDICATES RECORD WAS SET OR TIED.
MM INDICATES DATA IS MISSING.
T  INDICATES TRACE AMOUNT.




$$
