000
CDUS44 KAMA 260639
CLIDHT


CLIMATE REPORT
NATIONAL WEATHER SERVICE AMARILLO TX
137 AM CDT MON JUN 26 2017


...................................

...THE DALHART CLIMATE SUMMARY FOR JUNE 25 2017...

CLIMATE NORMAL PERIOD 1981 TO 2010
CLIMATE RECORD PERIOD 1948 TO 2017


WEATHER ITEM   OBSERVED TIME   RECORD YEAR NORMAL DEPARTURE LAST
                VALUE   (LST)  VALUE       VALUE  FROM      YEAR
                                                  NORMAL
..................................................................
TEMPERATURE (F)
 YESTERDAY
  MAXIMUM         87    441 PM 104    1994  90     -3      100
  MINIMUM         55    905 PM  53    1958  60     -5       69
  AVERAGE         71                        75     -4       85

PRECIPITATION (IN)
  YESTERDAY        1.17          1.46 2014   0.07   1.10      T
  MONTH TO DATE    1.26                      1.90  -0.64     1.76
  SINCE JUN 1      1.26                      1.90  -0.64     1.76
  SINCE JAN 1     10.40                      7.31   3.09     8.98

SNOWFALL (IN)
  YESTERDAY        0.0           T    1992   0.0    0.0      0.0
  MONTH TO DATE    0.0                       0.0    0.0      0.0
  SINCE JUN 1      0.0                       0.0    0.0      0.0
  SINCE JUL 1     11.3                      18.9   -7.6     12.7
  SNOW DEPTH       0

DEGREE DAYS
 HEATING
  YESTERDAY        0                         0      0        0
  MONTH TO DATE    0                         9     -9        0
  SINCE JUN 1      0                         9     -9        0
  SINCE JUL 1   3634                      4726  -1092     3851

 COOLING
  YESTERDAY        6                        10     -4       20
  MONTH TO DATE  283                       186     97      287
  SINCE JUN 1    283                       186     97      287
  SINCE JAN 1    360                       258    102      333
..................................................................


WIND (MPH)
  RESULTANT WIND SPEED  10   RESULTANT WIND DIRECTION   S (190)
  HIGHEST WIND SPEED    45   HIGHEST WIND DIRECTION    SE (120)
  HIGHEST GUST SPEED    67   HIGHEST GUST DIRECTION    SE (130)
  AVERAGE WIND SPEED    12.9


SKY COVER
  AVERAGE SKY COVER 0.8


WEATHER CONDITIONS
 THE FOLLOWING WEATHER WAS RECORDED YESTERDAY.
  THUNDERSTORM
  HEAVY RAIN
  RAIN
  LIGHT RAIN
  FOG


RELATIVE HUMIDITY (PERCENT)
 HIGHEST    93           700 AM
 LOWEST     44           300 PM
 AVERAGE    69

..........................................................


THE DALHART CLIMATE NORMALS FOR TODAY
                         NORMAL    RECORD    YEAR
 MAXIMUM TEMPERATURE (F)   90       110      2011
 MINIMUM TEMPERATURE (F)   60        45      1968


SUNRISE AND SUNSET
JUNE 26 2017..........SUNRISE   635 AM CDT   SUNSET   911 PM CDT
JUNE 27 2017..........SUNRISE   636 AM CDT   SUNSET   911 PM CDT


-  INDICATES NEGATIVE NUMBERS.
R  INDICATES RECORD WAS SET OR TIED.
MM INDICATES DATA IS MISSING.
T  INDICATES TRACE AMOUNT.




$$
