000
CDUS44 KAMA 082241
CLIDHT


CLIMATE REPORT
NATIONAL WEATHER SERVICE AMARILLO TX
441 PM CST THU DEC 8 2016


...................................

...THE DALHART CLIMATE SUMMARY FOR DECEMBER 8 2016...
VALID TODAY AS OF 0400 PM LOCAL TIME.

CLIMATE NORMAL PERIOD 1981 TO 2010
CLIMATE RECORD PERIOD 1948 TO 2016


WEATHER ITEM   OBSERVED TIME   RECORD YEAR NORMAL DEPARTURE LAST
                VALUE   (LST)  VALUE       VALUE  FROM      YEAR
                                                  NORMAL
..................................................................
TEMPERATURE (F)
 TODAY
  MAXIMUM         24    259 PM  81    1970  50    -26       72
  MINIMUM         10    714 AM  -5    2005  20    -10       30
  AVERAGE         17                        35    -18       51

PRECIPITATION (IN)
  TODAY            0.00          0.13 1980   0.01  -0.01     0.00
  MONTH TO DATE    0.03                      0.13  -0.10     0.00
  SINCE DEC 1      0.03                      0.13  -0.10     0.00
  SINCE JAN 1     18.91                     17.18   1.73    20.82

SNOWFALL (IN)
  TODAY            0.0           1.1  1980   0.2   -0.2      0.0
  MONTH TO DATE    0.5                       1.0   -0.5      0.0
  SINCE DEC 1      0.5                       1.0   -0.5      0.0
  SINCE JUL 1      0.5                       2.9   -2.4      0.5
  SNOW DEPTH       0

DEGREE DAYS
 HEATING
  TODAY           48                        30     18       14
  MONTH TO DATE  258                       232     26      170
  SINCE DEC 1    258                       232     26      170
  SINCE JUL 1    834                      1227   -393      880

 COOLING
  TODAY            0                         0      0        0
  MONTH TO DATE    0                         0      0        0
  SINCE DEC 1      0                         0      0        0
  SINCE JAN 1   1556                      1138    418     1538
..................................................................


WIND (MPH)
  RESULTANT WIND SPEED   4   RESULTANT WIND DIRECTION  NE (50)
  HIGHEST WIND SPEED    18   HIGHEST WIND DIRECTION     N (20)
  HIGHEST GUST SPEED    21   HIGHEST GUST DIRECTION     N (20)
  AVERAGE WIND SPEED     6.8


SKY COVER
  AVERAGE SKY COVER 0.8


WEATHER CONDITIONS
 THE FOLLOWING WEATHER WAS RECORDED TODAY.
  NO SIGNIFICANT WEATHER WAS OBSERVED.


RELATIVE HUMIDITY (PERCENT)
 HIGHEST    84           700 AM
 LOWEST     46           300 PM
 AVERAGE    65

..........................................................


THE DALHART CLIMATE NORMALS FOR TOMORROW
                         NORMAL    RECORD    YEAR
 MAXIMUM TEMPERATURE (F)   49        75      1993
 MINIMUM TEMPERATURE (F)   20        -7      1978


SUNRISE AND SUNSET
DECEMBER  8 2016......SUNRISE   749 AM CST   SUNSET   536 PM CST
DECEMBER  9 2016......SUNRISE   750 AM CST   SUNSET   536 PM CST


-  INDICATES NEGATIVE NUMBERS.
R  INDICATES RECORD WAS SET OR TIED.
MM INDICATES DATA IS MISSING.
T  INDICATES TRACE AMOUNT.




$$
