000
CDUS44 KAMA 030628
CLIDHT


CLIMATE REPORT
NATIONAL WEATHER SERVICE AMARILLO TX
127 AM CDT THU SEP 3 2015


...................................

...THE DALHART CLIMATE SUMMARY FOR SEPTEMBER 2 2015...

CLIMATE NORMAL PERIOD 1981 TO 2010
CLIMATE RECORD PERIOD 1948 TO 2015


WEATHER ITEM   OBSERVED TIME   RECORD YEAR NORMAL DEPARTURE LAST
                VALUE   (LST)  VALUE       VALUE  FROM      YEAR
                                                  NORMAL
..................................................................
TEMPERATURE (F)
 YESTERDAY
  MAXIMUM         97    219 PM  99    2012  87     10       88
                                      2000
  MINIMUM         63    641 AM  47    1972  58      5       67
  AVERAGE         80                        72      8       78

PRECIPITATION (IN)
  YESTERDAY        0.00          0.83 1972   0.06  -0.06     0.00
  MONTH TO DATE    0.05                      0.12  -0.07     0.00
  SINCE SEP 1      0.05                      0.12  -0.07     0.00
  SINCE JAN 1     13.48                     13.47   0.01     8.64

SNOWFALL (IN)
  YESTERDAY        0.0           0.0    MM   0.0    0.0      0.0
  MONTH TO DATE    0.0                       0.0    0.0      0.0
  SINCE SEP 1      0.0                       0.0    0.0      0.0
  SINCE JUL 1      0.0                       0.0    0.0      0.0
  SNOW DEPTH       0

DEGREE DAYS
 HEATING
  YESTERDAY        0                         0      0        0
  MONTH TO DATE    0                         0      0        0
  SINCE SEP 1      0                         0      0        0
  SINCE JUL 1      0                         3     -3        0

 COOLING
  YESTERDAY       15                         8      7       13
  MONTH TO DATE   30                        16     14       23
  SINCE SEP 1     30                        16     14       23
  SINCE JAN 1   1239                      1012    227     1238
..................................................................


WIND (MPH)
  RESULTANT WIND SPEED  12   RESULTANT WIND DIRECTION   S (200)
  HIGHEST WIND SPEED    26   HIGHEST WIND DIRECTION     S (160)
  HIGHEST GUST SPEED    32   HIGHEST GUST DIRECTION     S (160)
  AVERAGE WIND SPEED    12.3


SKY COVER
  AVERAGE SKY COVER 0.0


WEATHER CONDITIONS
 THE FOLLOWING WEATHER WAS RECORDED YESTERDAY.
  NO SIGNIFICANT WEATHER WAS OBSERVED.


RELATIVE HUMIDITY (PERCENT)
 HIGHEST    78           600 AM
 LOWEST     21           500 PM
 AVERAGE    50

..........................................................


THE DALHART CLIMATE NORMALS FOR TODAY
                         NORMAL    RECORD    YEAR
 MAXIMUM TEMPERATURE (F)   86       100      2014
                                             2000
 MINIMUM TEMPERATURE (F)   58        43      1961


SUNRISE AND SUNSET
SEPTEMBER  3 2015.....SUNRISE   723 AM CDT   SUNSET   815 PM CDT
SEPTEMBER  4 2015.....SUNRISE   724 AM CDT   SUNSET   814 PM CDT


-  INDICATES NEGATIVE NUMBERS.
R  INDICATES RECORD WAS SET OR TIED.
MM INDICATES DATA IS MISSING.
T  INDICATES TRACE AMOUNT.




$$
