000
CDUS43 KBIS 270730
CLIDIK


CLIMATE REPORT
NATIONAL WEATHER SERVICE BISMARCK ND
229 AM CDT SAT MAY 27 2017


...................................

...THE DICKINSON ND CLIMATE SUMMARY FOR MAY 26 2017...

CLIMATE NORMAL PERIOD 1981 TO 2010
CLIMATE RECORD PERIOD 1893 TO 2017


WEATHER ITEM   OBSERVED TIME   RECORD YEAR NORMAL DEPARTURE LAST
                VALUE   (LST)  VALUE       VALUE  FROM      YEAR
                                                  NORMAL
..................................................................
TEMPERATURE (F)
 YESTERDAY
  MAXIMUM         68    157 PM  98    1900  69     -1       67
  MINIMUM         41   1156 PM  23    1893  44     -3       39
  AVERAGE         55                        56     -1       53

PRECIPITATION (IN)
  YESTERDAY        0.00          1.61 2014   0.09  -0.09     0.01
  MONTH TO DATE    1.21                      1.90  -0.69     0.18
  SINCE MAR 1      2.05                      4.06  -2.01     2.81
  SINCE JAN 1      2.33                      4.69  -2.36     3.23

DEGREE DAYS
 HEATING
  YESTERDAY       10                         9      1       12
  MONTH TO DATE  300                       336    -36      328
  SINCE MAR 1   2016                      2104    -88     1874
  SINCE JUL 1   8146                      8398   -252     7283

 COOLING
  YESTERDAY        0                         0      0        0
  MONTH TO DATE   10                         0     10        3
  SINCE MAR 1     10                         1      9        3
  SINCE JAN 1     10                         1      9        3
..................................................................


WIND (MPH)
  HIGHEST WIND SPEED    30   HIGHEST WIND DIRECTION    NW (300)
  HIGHEST GUST SPEED    39   HIGHEST GUST DIRECTION    NW (300)
  AVERAGE WIND SPEED    17.2


SKY COVER
  POSSIBLE SUNSHINE  MM
  AVERAGE SKY COVER 0.6


WEATHER CONDITIONS
 THE FOLLOWING WEATHER WAS RECORDED YESTERDAY.
  NO SIGNIFICANT WEATHER WAS OBSERVED.


RELATIVE HUMIDITY (PERCENT)
 HIGHEST    71           400 AM
 LOWEST     28           200 PM
 AVERAGE    50

..........................................................


THE DICKINSON ND CLIMATE NORMALS FOR TODAY
                         NORMAL    RECORD    YEAR
 MAXIMUM TEMPERATURE (F)   69       106      1900
 MINIMUM TEMPERATURE (F)   44        25      1947


SUNRISE AND SUNSET
MAY 27 2017...........SUNRISE   504 AM MDT   SUNSET   833 PM MDT
MAY 28 2017...........SUNRISE   503 AM MDT   SUNSET   834 PM MDT


-  INDICATES NEGATIVE NUMBERS.
R  INDICATES RECORD WAS SET OR TIED.
MM INDICATES DATA IS MISSING.
T  INDICATES TRACE AMOUNT.




$$
