000
CDUS43 KBIS 311247
CLIDIK


CLIMATE REPORT
NATIONAL WEATHER SERVICE BISMARCK ND
736 AM CDT MON AUG 31 2015


...................................

...THE DICKINSON ND CLIMATE SUMMARY FOR AUGUST 30 2015...

CLIMATE NORMAL PERIOD 1981 TO 2010
CLIMATE RECORD PERIOD 1893 TO 2015


WEATHER ITEM   OBSERVED TIME   RECORD YEAR NORMAL DEPARTURE LAST
                VALUE   (LST)  VALUE       VALUE  FROM      YEAR
                                                  NORMAL
..................................................................
TEMPERATURE (F)
 YESTERDAY
  MAXIMUM         94    202 PM 101    2008  79     15       77
  MINIMUM         62    426 AM  30    1935  50     12       50
  AVERAGE         78                        64     14       64

PRECIPITATION (IN)
  YESTERDAY        T             1.60 1982   0.05  -0.05     0.13
  MONTH TO DATE    0.76                      1.49  -0.73     6.42
  SINCE JUN 1      6.06                      7.13  -1.07    11.36
  SINCE JAN 1      9.49                     12.24  -2.75    19.40

DEGREE DAYS
 HEATING
  YESTERDAY        0                         3     -3        1
  MONTH TO DATE   44                        48     -4       50
  SINCE JUN 1    126                       219    -93      264
  SINCE JUL 1     58                        82    -24       99

 COOLING
  YESTERDAY       13                         3     10        0
  MONTH TO DATE  160                       150     10       95
  SINCE JUN 1    390                       369     21      202
  SINCE JAN 1    390                       379     11      232
..................................................................


WIND (MPH)
  HIGHEST WIND SPEED    18   HIGHEST WIND DIRECTION    NW (330)
  HIGHEST GUST SPEED    24   HIGHEST GUST DIRECTION    NW (320)
  AVERAGE WIND SPEED    10.4


SKY COVER
  POSSIBLE SUNSHINE  MM
  AVERAGE SKY COVER 0.0


WEATHER CONDITIONS
 THE FOLLOWING WEATHER WAS RECORDED YESTERDAY.
  HAZE


RELATIVE HUMIDITY (PERCENT)
 HIGHEST    67          1200 AM
 LOWEST     21           100 PM
 AVERAGE    44

..........................................................


THE DICKINSON ND CLIMATE NORMALS FOR TODAY
                         NORMAL    RECORD    YEAR
 MAXIMUM TEMPERATURE (F)   79        99      1948
                                             1929
 MINIMUM TEMPERATURE (F)   50        32      1924


SUNRISE AND SUNSET
AUGUST 31 2015........SUNRISE   609 AM MDT   SUNSET   733 PM MDT
SEPTEMBER  1 2015.....SUNRISE   611 AM MDT   SUNSET   731 PM MDT


-  INDICATES NEGATIVE NUMBERS.
R  INDICATES RECORD WAS SET OR TIED.
MM INDICATES DATA IS MISSING.
T  INDICATES TRACE AMOUNT.




$$
