000
CDUS43 KBIS 030820
CLIDIK


CLIMATE REPORT
NATIONAL WEATHER SERVICE BISMARCK ND
219 AM CST SAT DEC 3 2016


...................................

...THE DICKINSON ND CLIMATE SUMMARY FOR DECEMBER 2 2016...

CLIMATE NORMAL PERIOD 1981 TO 2010
CLIMATE RECORD PERIOD 1893 TO 2016


WEATHER ITEM   OBSERVED TIME   RECORD YEAR NORMAL DEPARTURE LAST
                VALUE   (LST)  VALUE       VALUE  FROM      YEAR
                                                  NORMAL
..................................................................
TEMPERATURE (F)
 YESTERDAY
  MAXIMUM         29    502 PM  61    2012  32     -3       46
  MINIMUM         14   1129 PM -25    1897  12      2       17
  AVERAGE         22                        22      0       32

PRECIPITATION (IN)
  YESTERDAY        T             0.40 1898   0.01  -0.01     0.00
  MONTH TO DATE    T                         0.02  -0.02     0.01
  SINCE DEC 1      T                         0.02  -0.02     0.01
  SINCE JAN 1     16.37                     15.55   0.82    11.19

DEGREE DAYS
 HEATING
  YESTERDAY       43                        43      0       33
  MONTH TO DATE   83                        86     -3       71
  SINCE DEC 1     83                        86     -3       71
  SINCE JUL 1   1750                      2163   -413     1745

 COOLING
  YESTERDAY        0                         0      0        0
  MONTH TO DATE    0                         0      0        0
  SINCE DEC 1      0                         0      0        0
  SINCE JAN 1    315                       419   -104      467
..................................................................


WIND (MPH)
  HIGHEST WIND SPEED    13   HIGHEST WIND DIRECTION     S (190)
  HIGHEST GUST SPEED    14   HIGHEST GUST DIRECTION     S (190)
  AVERAGE WIND SPEED     7.2


SKY COVER
  POSSIBLE SUNSHINE  MM
  AVERAGE SKY COVER 0.7


WEATHER CONDITIONS
 THE FOLLOWING WEATHER WAS RECORDED YESTERDAY.
  LIGHT SNOW
  FOG


RELATIVE HUMIDITY (PERCENT)
 HIGHEST   100           800 PM
 LOWEST     84           500 AM
 AVERAGE    92

..........................................................


THE DICKINSON ND CLIMATE NORMALS FOR TODAY
                         NORMAL    RECORD    YEAR
 MAXIMUM TEMPERATURE (F)   31        59      1941
 MINIMUM TEMPERATURE (F)   11       -23      1905


SUNRISE AND SUNSET
DECEMBER  3 2016......SUNRISE   718 AM MST   SUNSET   404 PM MST
DECEMBER  4 2016......SUNRISE   720 AM MST   SUNSET   404 PM MST


-  INDICATES NEGATIVE NUMBERS.
R  INDICATES RECORD WAS SET OR TIED.
MM INDICATES DATA IS MISSING.
T  INDICATES TRACE AMOUNT.




$$
