000
CDUS43 KBIS 300836
CLIDIK


CLIMATE REPORT
NATIONAL WEATHER SERVICE BISMARCK ND
336 AM CDT SAT MAY 30 2015


...................................

...THE DICKINSON ND CLIMATE SUMMARY FOR MAY 29 2015...

CLIMATE NORMAL PERIOD 1981 TO 2010
CLIMATE RECORD PERIOD 1893 TO 2015


WEATHER ITEM   OBSERVED TIME   RECORD YEAR NORMAL DEPARTURE LAST
                VALUE   (LST)  VALUE       VALUE  FROM      YEAR
                                                  NORMAL
..................................................................
TEMPERATURE (F)
 YESTERDAY
  MAXIMUM         57    409 PM 102    1934  70    -13       88
  MINIMUM         37   1159 PM  17    1947  44     -7       59
  AVERAGE         47                        57    -10       74

PRECIPITATION (IN)
  YESTERDAY        0.00          1.66 1962   0.08  -0.08     0.03
  MONTH TO DATE    1.66                      2.14  -0.48     5.76
  SINCE MAR 1      3.16                      4.30  -1.14     7.45
  SINCE JAN 1      3.43                      4.93  -1.50     7.62

DEGREE DAYS
 HEATING
  YESTERDAY       18                         8     10        0
  MONTH TO DATE  410                       362     48      381
  SINCE MAR 1   1877                      2130   -253     2352
  SINCE JUL 1   7992                      8424   -432     8994

 COOLING
  YESTERDAY        0                         0      0        9
  MONTH TO DATE    0                         0      0       30
  SINCE MAR 1      0                         1     -1       30
  SINCE JAN 1      0                         1     -1       30
..................................................................


WIND (MPH)
  HIGHEST WIND SPEED    22   HIGHEST WIND DIRECTION     N (10)
  HIGHEST GUST SPEED    29   HIGHEST GUST DIRECTION     N (10)
  AVERAGE WIND SPEED    11.3


SKY COVER
  POSSIBLE SUNSHINE  MM
  AVERAGE SKY COVER 0.6


WEATHER CONDITIONS
 THE FOLLOWING WEATHER WAS RECORDED YESTERDAY.
  FOG


RELATIVE HUMIDITY (PERCENT)
 HIGHEST    93           200 AM
 LOWEST     47           400 PM
 AVERAGE    70

..........................................................


THE DICKINSON ND CLIMATE NORMALS FOR TODAY
                         NORMAL    RECORD    YEAR
 MAXIMUM TEMPERATURE (F)   70        98      1934
 MINIMUM TEMPERATURE (F)   45        29      1947


SUNRISE AND SUNSET
MAY 30 2015...........SUNRISE   502 AM MDT   SUNSET   836 PM MDT
MAY 31 2015...........SUNRISE   502 AM MDT   SUNSET   837 PM MDT


-  INDICATES NEGATIVE NUMBERS.
R  INDICATES RECORD WAS SET OR TIED.
MM INDICATES DATA IS MISSING.
T  INDICATES TRACE AMOUNT.




$$
