000
CDUS43 KDLH 112244
CLIDLH


CLIMATE REPORT
NATIONAL WEATHER SERVICE DULUTH MN
439 PM CST MON DEC 11 2017


...................................

...THE DULUTH CLIMATE SUMMARY FOR DECEMBER 11 2017...
VALID TODAY AS OF 0400 PM LOCAL TIME.

CLIMATE NORMAL PERIOD 1981 TO 2010
CLIMATE RECORD PERIOD 1870 TO 2017


WEATHER ITEM   OBSERVED TIME   RECORD YEAR NORMAL DEPARTURE LAST
                VALUE   (LST)  VALUE       VALUE  FROM      YEAR
                                                  NORMAL
..................................................................
TEMPERATURE (F)
 TODAY
  MAXIMUM         25   1155 AM  53    1913  23      2       20
  MINIMUM         15   1212 AM -27    1977   9      6        3
  AVERAGE         20                        16      4       12

PRECIPITATION (IN)
  TODAY            0.09          1.33 1949   0.04   0.05     0.35
  MONTH TO DATE    0.26                      0.48  -0.22     0.81
  SINCE DEC 1      0.26                      0.48  -0.22     0.81
  SINCE JAN 1     36.21                     30.23   5.98    32.40

SNOWFALL (IN)
  TODAY            0.7           8.2  2016   0.6    0.1      8.2
  MONTH TO DATE    3.0                       6.0   -3.0     15.2
  SINCE JUL 1     24.6                      22.1    2.5     23.3
  SNOW DEPTH       1

DEGREE DAYS
 HEATING
  TODAY           45                        49     -4       53
  MONTH TO DATE  475                       517    -42      476
  SINCE DEC 1    475                       517    -42      476
  SINCE JUL 1   2621                      2730   -109     1958

 COOLING
  TODAY            0                         0      0        0
  MONTH TO DATE    0                         0      0        0
  SINCE DEC 1      0                         0      0        0
  SINCE JAN 1    126                       204    -78      281
..................................................................


WIND (MPH)
  HIGHEST WIND SPEED    26   HIGHEST WIND DIRECTION     N (350)
  HIGHEST GUST SPEED    35   HIGHEST GUST DIRECTION     N (340)
  AVERAGE WIND SPEED    11.1


SKY COVER
  AVERAGE SKY COVER 1.0


WEATHER CONDITIONS
 THE FOLLOWING WEATHER WAS RECORDED TODAY.
  LT FREEZING RAIN
  SNOW
  LIGHT SNOW
  FOG


RELATIVE HUMIDITY (PERCENT)
 HIGHEST   100           900 AM
 LOWEST     73           300 PM
 AVERAGE    87

..........................................................


THE DULUTH CLIMATE NORMALS FOR TOMORROW
                         NORMAL    RECORD    YEAR
 MAXIMUM TEMPERATURE (F)   23        54      1891
 MINIMUM TEMPERATURE (F)    8       -23      1879


SUNRISE AND SUNSET
DECEMBER 11 2017......SUNRISE   744 AM CST   SUNSET   420 PM CST
DECEMBER 12 2017......SUNRISE   745 AM CST   SUNSET   420 PM CST


-  INDICATES NEGATIVE NUMBERS.
R  INDICATES RECORD WAS SET OR TIED.
MM INDICATES DATA IS MISSING.
T  INDICATES TRACE AMOUNT.




$$
