000
CDUS43 KDLH 220632
CLIDLH


CLIMATE REPORT
NATIONAL WEATHER SERVICE DULUTH MN
127 AM CDT SUN OCT 22 2017


...................................

...THE DULUTH MN CLIMATE SUMMARY FOR OCTOBER 21 2017...

CLIMATE NORMAL PERIOD 1981 TO 2010
CLIMATE RECORD PERIOD 1870 TO 2017


WEATHER ITEM   OBSERVED TIME   RECORD YEAR NORMAL DEPARTURE LAST
                VALUE   (LST)  VALUE       VALUE  FROM      YEAR
                                                  NORMAL
..................................................................
TEMPERATURE (F)
 YESTERDAY
  MAXIMUM         63    826 PM  80    1901  49     14       50
  MINIMUM         51   1159 PM  14    1913  33     18       31
  AVERAGE         57                        41     16       41

PRECIPITATION (IN)
  YESTERDAY        0.31          1.09 1949   0.09   0.22     0.00
  MONTH TO DATE    2.82                      2.08   0.74     1.34
  SINCE SEP 1      6.37                      6.19   0.18     4.86
  SINCE JAN 1     34.06                     26.89   7.17    28.78

SNOWFALL (IN)
  YESTERDAY        0.0           4.2  1995   0.1   -0.1      0.0
  MONTH TO DATE    0.0                       1.0   -1.0       T
  SINCE SEP 1      T                         1.1   -1.1       T
  SINCE JUL 1      T                         1.1   -1.1       T
  SNOW DEPTH       0

DEGREE DAYS
 HEATING
  YESTERDAY        8                        24    -16       24
  MONTH TO DATE  313                       417   -104      321
  SINCE SEP 1    525                       715   -190      483
  SINCE JUL 1    695                       864   -169      537

 COOLING
  YESTERDAY        0                         0      0        0
  MONTH TO DATE    0                         0      0        0
  SINCE SEP 1     26                        14     12       14
  SINCE JAN 1    126                       204    -78      281
..................................................................


WIND (MPH)
  HIGHEST WIND SPEED    23   HIGHEST WIND DIRECTION     S (190)
  HIGHEST GUST SPEED    29   HIGHEST GUST DIRECTION     S (170)
  AVERAGE WIND SPEED    15.6


SKY COVER
  AVERAGE SKY COVER 0.8


WEATHER CONDITIONS
 THE FOLLOWING WEATHER WAS RECORDED YESTERDAY.
  THUNDERSTORM
  RAIN
  LIGHT RAIN
  FOG


RELATIVE HUMIDITY (PERCENT)
 HIGHEST   100          1000 AM
 LOWEST     56          1200 AM
 AVERAGE    78

..........................................................


THE DULUTH MN CLIMATE NORMALS FOR TODAY
                         NORMAL    RECORD    YEAR
 MAXIMUM TEMPERATURE (F)   49        76      1901
 MINIMUM TEMPERATURE (F)   33         9      1936


SUNRISE AND SUNSET
OCTOBER 22 2017.......SUNRISE   737 AM CDT   SUNSET   609 PM CDT
OCTOBER 23 2017.......SUNRISE   738 AM CDT   SUNSET   607 PM CDT


-  INDICATES NEGATIVE NUMBERS.
R  INDICATES RECORD WAS SET OR TIED.
MM INDICATES DATA IS MISSING.
T  INDICATES TRACE AMOUNT.




$$
