000
CDUS45 KTFX 030743
CLIDLN


CLIMATE REPORT
NATIONAL WEATHER SERVICE GREAT FALLS MT
142 AM MDT THU SEP 3 2015


...................................

...THE DILLON AIRPORT MT CLIMATE SUMMARY FOR SEPTEMBER 2 2015...

CLIMATE NORMAL PERIOD 1981 TO 2010
CLIMATE RECORD PERIOD 1929 TO 2015


WEATHER ITEM   OBSERVED TIME   RECORD YEAR NORMAL DEPARTURE LAST
                VALUE   (LST)  VALUE       VALUE  FROM      YEAR
                                                  NORMAL
..................................................................
TEMPERATURE (F)
 YESTERDAY
  MAXIMUM         87    300 PM  93    1950  76     11       80
  MINIMUM         54   1037 PM  25    1974  44     10       43
  AVERAGE         71                        60     11       62

PRECIPITATION (IN)
  YESTERDAY        0.00          0.71 1954   0.03  -0.03     0.00
  MONTH TO DATE    0.00                      0.06  -0.06     0.00
  SINCE OCT 1      7.87                      9.76  -1.89     9.36
  SINCE JAN 1      6.71                      8.36  -1.65     8.87

SNOWFALL (IN)
  YESTERDAY       MM
  SNOW DEPTH       0

DEGREE DAYS
 HEATING
  YESTERDAY        0                               -6        3
  MONTH TO DATE    0                              -11       11
  SINCE SEP 1      0                              -11       11
  SINCE JUL 1    106                              -41      103

 COOLING
  YESTERDAY        6                                5        0
  MONTH TO DATE    7                                5        0
  SINCE SEP 1      7                                5        0
  SINCE JAN 1    246                               96      164
..................................................................


WIND (MPH)
  HIGHEST WIND SPEED    25   HIGHEST WIND DIRECTION    SW (220)
  HIGHEST GUST SPEED    33   HIGHEST GUST DIRECTION    SW (220)
  AVERAGE WIND SPEED    10.0


SKY COVER
  AVERAGE SKY COVER 0.0


WEATHER CONDITIONS
 THE FOLLOWING WEATHER WAS RECORDED YESTERDAY.
  NO SIGNIFICANT WEATHER WAS OBSERVED.


RELATIVE HUMIDITY (PERCENT)
 HIGHEST    42
 LOWEST     12
 AVERAGE    27

..........................................................


THE DILLON AIRPORT MT CLIMATE NORMALS FOR TODAY
                         NORMAL    RECORD    YEAR
 MAXIMUM TEMPERATURE (F)   76        95      1950
 MINIMUM TEMPERATURE (F)   44        30      1958


SUNRISE AND SUNSET
SEPTEMBER  3 2015.....SUNRISE   654 AM MDT   SUNSET   804 PM MDT
SEPTEMBER  4 2015.....SUNRISE   655 AM MDT   SUNSET   802 PM MDT


-  INDICATES NEGATIVE NUMBERS.
R  INDICATES RECORD WAS SET OR TIED.
MM INDICATES DATA IS MISSING.
T  INDICATES TRACE AMOUNT.




$$
