000
CDUS45 KTFX 250858
CLIDLN


CLIMATE REPORT
NATIONAL WEATHER SERVICE GREAT FALLS MT
257 AM MDT TUE JUL 25 2017


...................................

...THE DILLON AIRPORT MT CLIMATE SUMMARY FOR JULY 24 2017...

CLIMATE NORMAL PERIOD 1981 TO 2010
CLIMATE RECORD PERIOD 1929 TO 2017


WEATHER ITEM   OBSERVED TIME   RECORD YEAR NORMAL DEPARTURE LAST
                VALUE   (LST)  VALUE       VALUE  FROM      YEAR
                                                  NORMAL
..................................................................
TEMPERATURE (F)
 YESTERDAY
  MAXIMUM         87    114 PM  95    1978  84      3       87
  MINIMUM         51    523 AM  41    1950  50      1       44
  AVERAGE         69                        67      2       66

PRECIPITATION (IN)
  YESTERDAY        0.00          0.51 1977   0.04  -0.04     0.00
  MONTH TO DATE    0.05                      0.95  -0.90     0.85
  SINCE OCT 1      8.19                      8.39  -0.20     7.45
  SINCE JAN 1      5.65                      6.99  -1.34     5.37

SNOWFALL (IN)
  YESTERDAY       MM
  SNOW DEPTH       0

DEGREE DAYS
 HEATING
  YESTERDAY        0                               -1        0
  MONTH TO DATE    0                              -47       54
  SINCE JUN 1    180                              -90      162
  SINCE JUL 1      0                              -47       54

 COOLING
  YESTERDAY        4                                1        1
  MONTH TO DATE  139                               79       51
  SINCE JUN 1    161                               85       92
  SINCE JAN 1    161                               84       92
..................................................................


WIND (MPH)
  HIGHEST WIND SPEED    25   HIGHEST WIND DIRECTION     W (250)
  HIGHEST GUST SPEED    35   HIGHEST GUST DIRECTION    SW (240)
  AVERAGE WIND SPEED    10.0


SKY COVER
  AVERAGE SKY COVER 0.0


WEATHER CONDITIONS
 THE FOLLOWING WEATHER WAS RECORDED YESTERDAY.
  THUNDERSTORM
  HAZE


RELATIVE HUMIDITY (PERCENT)
 HIGHEST    64
 LOWEST     23
 AVERAGE    44

..........................................................


THE DILLON AIRPORT MT CLIMATE NORMALS FOR TODAY
                         NORMAL    RECORD    YEAR
 MAXIMUM TEMPERATURE (F)   84        98      1931
 MINIMUM TEMPERATURE (F)   50        37      1948


SUNRISE AND SUNSET
JULY 25 2017..........SUNRISE   607 AM MDT   SUNSET   905 PM MDT
JULY 26 2017..........SUNRISE   608 AM MDT   SUNSET   904 PM MDT


-  INDICATES NEGATIVE NUMBERS.
R  INDICATES RECORD WAS SET OR TIED.
MM INDICATES DATA IS MISSING.
T  INDICATES TRACE AMOUNT.




$$
