000
CDUS45 KTFX 210959
CLIDLN


CLIMATE REPORT
NATIONAL WEATHER SERVICE GREAT FALLS MT
358 AM MDT SUN SEP 21 2014


...................................

...THE DILLON AIRPORT MT CLIMATE SUMMARY FOR SEPTEMBER 20 2014...

CLIMATE NORMAL PERIOD 1981 TO 2010
CLIMATE RECORD PERIOD 1929 TO 2014


WEATHER ITEM   OBSERVED TIME   RECORD YEAR NORMAL DEPARTURE LAST
                VALUE   (LST)  VALUE       VALUE  FROM      YEAR
                                                  NORMAL
..................................................................
TEMPERATURE (F)
 YESTERDAY
  MAXIMUM         77    449 PM  86    1946  68      9       73
  MINIMUM         41    610 AM  10    1983  38      3       38
  AVERAGE         59                        53      6       56

PRECIPITATION (IN)
  YESTERDAY        0.00          0.82 1968   0.03  -0.03     0.00
  MONTH TO DATE    0.11                      0.60  -0.49     1.39
  SINCE OCT 1      9.47                     10.30  -0.83     9.41
  SINCE JAN 1      8.98                      8.90   0.08     8.39

SNOWFALL (IN)
  YESTERDAY       MM
  SNOW DEPTH       0

DEGREE DAYS
 HEATING
  YESTERDAY        6                               -6        9
  MONTH TO DATE  186                               15       76
  SINCE SEP 1    186                               15       76
  SINCE JUL 1    278                              -29       82

 COOLING
  YESTERDAY        0                                0        0
  MONTH TO DATE    1                               -6       19
  SINCE SEP 1      1                               -6       19
  SINCE JAN 1    165                               10      247
..................................................................


WIND (MPH)
  HIGHEST WIND SPEED    12   HIGHEST WIND DIRECTION    NE (60)
  HIGHEST GUST SPEED    13   HIGHEST GUST DIRECTION     E (70)
  AVERAGE WIND SPEED     5.1



WEATHER CONDITIONS
 THE FOLLOWING WEATHER WAS RECORDED YESTERDAY.
  NO SIGNIFICANT WEATHER WAS OBSERVED.


RELATIVE HUMIDITY (PERCENT)
 HIGHEST    83
 LOWEST     24
 AVERAGE    54

..........................................................


THE DILLON AIRPORT MT CLIMATE NORMALS FOR TODAY
                         NORMAL    RECORD    YEAR
 MAXIMUM TEMPERATURE (F)   67        86      1987
 MINIMUM TEMPERATURE (F)   38        24      1983


SUNRISE AND SUNSET
SEPTEMBER 21 2014.....SUNRISE   716 AM MDT   SUNSET   729 PM MDT
SEPTEMBER 22 2014.....SUNRISE   717 AM MDT   SUNSET   728 PM MDT


-  INDICATES NEGATIVE NUMBERS.
R  INDICATES RECORD WAS SET OR TIED.
MM INDICATES DATA IS MISSING.
T  INDICATES TRACE AMOUNT.




$$
