000
CDUS45 KTFX 230954
CLIDLN


CLIMATE REPORT
NATIONAL WEATHER SERVICE GREAT FALLS MT
352 AM MDT SAT MAY 23 2015


...................................

...THE DILLON AIRPORT MT CLIMATE SUMMARY FOR MAY 22 2015...

CLIMATE NORMAL PERIOD 1981 TO 2010
CLIMATE RECORD PERIOD 1929 TO 2015


WEATHER ITEM   OBSERVED TIME   RECORD YEAR NORMAL DEPARTURE LAST
                VALUE   (LST)  VALUE       VALUE  FROM      YEAR
                                                  NORMAL
..................................................................
TEMPERATURE (F)
 YESTERDAY
  MAXIMUM         65   1247 PM  85    1967  65      0       77
  MINIMUM         45    411 AM  29    2002  39      6       42
  AVERAGE         55                        52      3       60

PRECIPITATION (IN)
  YESTERDAY        0.02          1.02 2008   0.07  -0.05     0.00
  MONTH TO DATE    2.03                      1.24   0.79     1.13
  SINCE OCT 1      4.72                      4.76  -0.04     3.35
  SINCE JAN 1      3.56                      3.36   0.20     2.86

SNOWFALL (IN)
  YESTERDAY       MM
  SNOW DEPTH       0

DEGREE DAYS
 HEATING
  YESTERDAY       10                               -3        5
  MONTH TO DATE  333                              -14      345
  SINCE MAR 1   1722                             -277     1941
  SINCE JUL 1   6834                            -1082     7721

 COOLING
  YESTERDAY        0                                0        0
  MONTH TO DATE    0                                0        0
  SINCE MAR 1      0                                0        0
  SINCE JAN 1      0                                0        0
..................................................................


WIND (MPH)
  HIGHEST WIND SPEED    16   HIGHEST WIND DIRECTION     N (360)
  HIGHEST GUST SPEED    20   HIGHEST GUST DIRECTION     N (360)
  AVERAGE WIND SPEED     5.1


SKY COVER
  AVERAGE SKY COVER 0.7


WEATHER CONDITIONS
 THE FOLLOWING WEATHER WAS RECORDED YESTERDAY.
  THUNDERSTORM
  LIGHT RAIN


RELATIVE HUMIDITY (PERCENT)
 HIGHEST    89
 LOWEST     46
 AVERAGE    68

..........................................................


THE DILLON AIRPORT MT CLIMATE NORMALS FOR TODAY
                         NORMAL    RECORD    YEAR
 MAXIMUM TEMPERATURE (F)   66        87      1992
 MINIMUM TEMPERATURE (F)   39        23      1986


SUNRISE AND SUNSET
MAY 23 2015...........SUNRISE   552 AM MDT   SUNSET   902 PM MDT
MAY 24 2015...........SUNRISE   552 AM MDT   SUNSET   903 PM MDT


-  INDICATES NEGATIVE NUMBERS.
R  INDICATES RECORD WAS SET OR TIED.
MM INDICATES DATA IS MISSING.
T  INDICATES TRACE AMOUNT.




$$
