000
CDUS45 KTFX 301015
CLIDLN


CLIMATE REPORT
NATIONAL WEATHER SERVICE GREAT FALLS MT
414 AM MDT THU MAR 30 2017


...................................

...THE DILLON AIRPORT MT CLIMATE SUMMARY FOR MARCH 29 2017...

CLIMATE NORMAL PERIOD 1981 TO 2010
CLIMATE RECORD PERIOD 1929 TO 2017


WEATHER ITEM   OBSERVED TIME   RECORD YEAR NORMAL DEPARTURE LAST
                VALUE   (LST)  VALUE       VALUE  FROM      YEAR
                                                  NORMAL
..................................................................
TEMPERATURE (F)
 YESTERDAY
  MAXIMUM         56    247 PM  79    1986  49      7       41
  MINIMUM         29    202 AM  -3    1987  26      3       30
  AVERAGE         43                        37      6       36

PRECIPITATION (IN)
  YESTERDAY        0.05          0.70 1967   0.03   0.02     0.00
  MONTH TO DATE    0.33                      0.51  -0.18     0.43
  SINCE OCT 1      3.08                      2.43   0.65     2.59
  SINCE JAN 1      0.54                      1.03  -0.49     0.51

SNOWFALL (IN)
  YESTERDAY       MM
  SNOW DEPTH       0

DEGREE DAYS
 HEATING
  YESTERDAY       22                               -6       29
  MONTH TO DATE  693                             -203      805
  SINCE MAR 1    693                             -203      805
  SINCE JUL 1   6648                             -165     6305

 COOLING
  YESTERDAY        0                                0        0
  MONTH TO DATE    0                                0        0
  SINCE MAR 1      0                                0        0
  SINCE JAN 1      0                                0        0
..................................................................


WIND (MPH)
  HIGHEST WIND SPEED    24   HIGHEST WIND DIRECTION    SW (230)
  HIGHEST GUST SPEED    29   HIGHEST GUST DIRECTION    SW (220)
  AVERAGE WIND SPEED    11.2


SKY COVER
  AVERAGE SKY COVER 0.6


WEATHER CONDITIONS
 THE FOLLOWING WEATHER WAS RECORDED YESTERDAY.
  LIGHT RAIN
  FOG


RELATIVE HUMIDITY (PERCENT)
 HIGHEST    86
 LOWEST     38
 AVERAGE    62

..........................................................


THE DILLON AIRPORT MT CLIMATE NORMALS FOR TODAY
                         NORMAL    RECORD    YEAR
 MAXIMUM TEMPERATURE (F)   50        71      1966
 MINIMUM TEMPERATURE (F)   26        -6      1936


SUNRISE AND SUNSET
MARCH 30 2017.........SUNRISE   714 AM MDT   SUNSET   756 PM MDT
MARCH 31 2017.........SUNRISE   712 AM MDT   SUNSET   757 PM MDT


-  INDICATES NEGATIVE NUMBERS.
R  INDICATES RECORD WAS SET OR TIED.
MM INDICATES DATA IS MISSING.
T  INDICATES TRACE AMOUNT.




$$
