000
CDUS45 KTFX 022216
CLIDLN


CLIMATE REPORT
NATIONAL WEATHER SERVICE GREAT FALLS MT
415 PM MDT TUE SEP 2 2014


...................................

...THE DILLON AIRPORT MT CLIMATE SUMMARY FOR SEPTEMBER 2 2014...
VALID TODAY AS OF 0400 PM LOCAL TIME.

CLIMATE NORMAL PERIOD 1981 TO 2010
CLIMATE RECORD PERIOD 1929 TO 2014


WEATHER ITEM   OBSERVED TIME   RECORD YEAR NORMAL DEPARTURE LAST
                VALUE   (LST)  VALUE       VALUE  FROM      YEAR
                                                  NORMAL
..................................................................
TEMPERATURE (F)
 TODAY
  MAXIMUM         79    257 PM  93    1950  76      3       76
  MINIMUM         43    426 AM  25    1974  44     -1       51
  AVERAGE         61                        60      1       64

PRECIPITATION (IN)
  TODAY            0.00          0.71 1954   0.03  -0.03     0.00
  MONTH TO DATE    0.00                      0.06  -0.06     0.00
  SINCE OCT 1      9.36                      9.76  -0.40     8.02
  SINCE JAN 1      8.87                      8.36   0.51     7.00

SNOWFALL (IN)
  TODAY           MM
  SNOW DEPTH       0

DEGREE DAYS
 HEATING
  TODAY            4                         6     -2        1
  MONTH TO DATE   12                        11      1        1
  SINCE SEP 1     12                        11      1        1
  SINCE JUL 1    104                       147    -43        7

 COOLING
  TODAY            0                         1     -1        0
  MONTH TO DATE    0                         2     -2        4
  SINCE SEP 1      0                         2     -2        4
  SINCE JAN 1    164                       150     14      232
..................................................................


WIND (MPH)
  HIGHEST WIND SPEED    20   HIGHEST WIND DIRECTION    SW (230)
  HIGHEST GUST SPEED    27   HIGHEST GUST DIRECTION    SW (230)
  AVERAGE WIND SPEED    11.6


SKY COVER
  AVERAGE SKY COVER 0.0


WEATHER CONDITIONS
 THE FOLLOWING WEATHER WAS RECORDED TODAY.
  NO SIGNIFICANT WEATHER WAS OBSERVED.


RELATIVE HUMIDITY (PERCENT)
 HIGHEST    76
 LOWEST     16
 AVERAGE    46

..........................................................


THE DILLON AIRPORT MT CLIMATE NORMALS FOR TOMORROW
                         NORMAL    RECORD    YEAR
 MAXIMUM TEMPERATURE (F)   76        95      1950
 MINIMUM TEMPERATURE (F)   44        30      1958


SUNRISE AND SUNSET
SEPTEMBER  2 2014.....SUNRISE   653 AM MDT   SUNSET   806 PM MDT
SEPTEMBER  3 2014.....SUNRISE   654 AM MDT   SUNSET   804 PM MDT


-  INDICATES NEGATIVE NUMBERS.
R  INDICATES RECORD WAS SET OR TIED.
MM INDICATES DATA IS MISSING.
T  INDICATES TRACE AMOUNT.




$$
