000
CDUS45 KTFX 031033
CLIDLN


CLIMATE REPORT
NATIONAL WEATHER SERVICE GREAT FALLS MT
428 AM MDT FRI JUL 3 2015


...................................

...THE DILLON AIRPORT MT CLIMATE SUMMARY FOR JULY 2 2015...

CLIMATE NORMAL PERIOD 1981 TO 2010
CLIMATE RECORD PERIOD 1929 TO 2015


WEATHER ITEM   OBSERVED TIME   RECORD YEAR NORMAL DEPARTURE LAST
                VALUE   (LST)  VALUE       VALUE  FROM      YEAR
                                                  NORMAL
..................................................................
TEMPERATURE (F)
 YESTERDAY
  MAXIMUM         90    427 PM  94    2013  79     11       89
                                      1986
  MINIMUM         55    511 AM  33    1955  48      7       47
  AVERAGE         73                        63     10       68

PRECIPITATION (IN)
  YESTERDAY        0.00          0.78 1956   0.04  -0.04     0.00
  MONTH TO DATE    0.00                      0.08  -0.08     0.00
  SINCE OCT 1      6.26                      7.52  -1.26     5.95
  SINCE JAN 1      5.10                      6.12  -1.02     5.46

SNOWFALL (IN)
  YESTERDAY       MM
  SNOW DEPTH       0

DEGREE DAYS
 HEATING
  YESTERDAY        0                               -3        0
  MONTH TO DATE    0                               -7        6
  SINCE JUN 1     76                             -154      256
  SINCE JUL 1      0                               -7        6

 COOLING
  YESTERDAY        8                                6        3
  MONTH TO DATE   19                               16        3
  SINCE JUN 1     94                               75        3
  SINCE JAN 1     94                               74        3
..................................................................


WIND (MPH)
  HIGHEST WIND SPEED    13   HIGHEST WIND DIRECTION    NE (50)
  HIGHEST GUST SPEED    16   HIGHEST GUST DIRECTION    NE (50)
  AVERAGE WIND SPEED     5.9


SKY COVER
  AVERAGE SKY COVER 0.0


WEATHER CONDITIONS
 THE FOLLOWING WEATHER WAS RECORDED YESTERDAY.
  HAZE


RELATIVE HUMIDITY (PERCENT)
 HIGHEST    77
 LOWEST     17
 AVERAGE    47

..........................................................


THE DILLON AIRPORT MT CLIMATE NORMALS FOR TODAY
                         NORMAL    RECORD    YEAR
 MAXIMUM TEMPERATURE (F)   79        95      1961
                                             1989
 MINIMUM TEMPERATURE (F)   48        31      1973


SUNRISE AND SUNSET
JULY  3 2015..........SUNRISE   547 AM MDT   SUNSET   921 PM MDT
JULY  4 2015..........SUNRISE   548 AM MDT   SUNSET   921 PM MDT


-  INDICATES NEGATIVE NUMBERS.
R  INDICATES RECORD WAS SET OR TIED.
MM INDICATES DATA IS MISSING.
T  INDICATES TRACE AMOUNT.




$$
