000
CDUS45 KTFX 270739
CLIDLN


CLIMATE REPORT
NATIONAL WEATHER SERVICE GREAT FALLS MT
1234 AM MST TUE JAN 27 2015


...................................

...THE DILLON AIRPORT MT CLIMATE SUMMARY FOR JANUARY 26 2015...

CLIMATE NORMAL PERIOD 1981 TO 2010
CLIMATE RECORD PERIOD 1929 TO 2015


WEATHER ITEM   OBSERVED TIME   RECORD YEAR NORMAL DEPARTURE LAST
                VALUE   (LST)  VALUE       VALUE  FROM      YEAR
                                                  NORMAL
..................................................................
TEMPERATURE (F)
 YESTERDAY
  MAXIMUM         55R   332 PM  51    1987  33     22       34
  MINIMUM         34    811 AM -33    1957  14     20       16
  AVERAGE         45                        23     22       25

PRECIPITATION (IN)
  YESTERDAY        0.00          0.23 1975   0.00   0.00      T
  MONTH TO DATE    T                         0.23  -0.23     0.02
  SINCE OCT 1      1.16                      1.63  -0.47     0.51
  SINCE JAN 1      T                         0.23  -0.23     0.02

SNOWFALL (IN)
  YESTERDAY       MM
  SNOW DEPTH       0

DEGREE DAYS
 HEATING
  YESTERDAY       20                              -22       40
  MONTH TO DATE  921                             -183      886
  SINCE DEC 1   2112                             -362     2287
  SINCE JUL 1   4086                             -539     4216

 COOLING
  YESTERDAY        0                                0        0
  MONTH TO DATE    0                                0        0
  SINCE DEC 1      0                                0        0
  SINCE JAN 1      0                                0        0
..................................................................


WIND (MPH)
  HIGHEST WIND SPEED    22   HIGHEST WIND DIRECTION    SW (210)
  HIGHEST GUST SPEED    28   HIGHEST GUST DIRECTION    SW (210)
  AVERAGE WIND SPEED    14.3



WEATHER CONDITIONS
 THE FOLLOWING WEATHER WAS RECORDED YESTERDAY.
  HAZE


RELATIVE HUMIDITY (PERCENT)
 HIGHEST    75
 LOWEST     38
 AVERAGE    57

..........................................................


THE DILLON AIRPORT MT CLIMATE NORMALS FOR TODAY
                         NORMAL    RECORD    YEAR
 MAXIMUM TEMPERATURE (F)   33        53      1987
 MINIMUM TEMPERATURE (F)   14       -27      1980


SUNRISE AND SUNSET
JANUARY 27 2015.......SUNRISE   756 AM MST   SUNSET   530 PM MST
JANUARY 28 2015.......SUNRISE   755 AM MST   SUNSET   532 PM MST


-  INDICATES NEGATIVE NUMBERS.
R  INDICATES RECORD WAS SET OR TIED.
MM INDICATES DATA IS MISSING.
T  INDICATES TRACE AMOUNT.




$$
