000
CDUS41 KLWX 310526
CLIDMH


CLIMATE REPORT
NATIONAL WEATHER SERVICE BALTIMORE MD/WASHINGTON DC
126 AM EDT FRI JUL 31 2015


...................................

...THE BALTIMORE INNER HARBOR MD CLIMATE SUMMARY FOR JULY 30 2015...

CLIMATE NORMAL PERIOD 1981 TO 2010
CLIMATE RECORD PERIOD 9999 TO 9999


WEATHER ITEM   OBSERVED TIME   RECORD YEAR NORMAL DEPARTURE LAST
                VALUE   (LST)  VALUE       VALUE  FROM      YEAR
                                                  NORMAL
..................................................................
TEMPERATURE (F)
 YESTERDAY
  MAXIMUM         90   1227 PM  MM      MM  88      2       81
  MINIMUM         76    139 PM  MM      MM  72      4       61
  AVERAGE         83                        80      3       71

PRECIPITATION (IN)
  YESTERDAY        0.38         MM      MM   0.14   0.24     0.00
  MONTH TO DATE    2.44                      4.48  -2.04     3.44
  SINCE JUN 1     10.08                      7.75   2.33    10.21
  SINCE JAN 1     26.42                     23.84   2.58    33.26

DEGREE DAYS
 HEATING
  YESTERDAY        0                         0      0        0
  MONTH TO DATE    0                         0      0        0
  SINCE JUN 1     10                         5      5        0
  SINCE JUL 1      0                         0      0        0

 COOLING
  YESTERDAY       18                        15      3        6
  MONTH TO DATE  445                       473    -28      410
  SINCE JUN 1    799                       810    -11      738
  SINCE JAN 1   1045                       949     96      868
..................................................................


WIND (MPH)
  HIGHEST WIND SPEED    MM   HIGHEST WIND DIRECTION    MM
  HIGHEST GUST SPEED    MM   HIGHEST GUST DIRECTION    MM
  AVERAGE WIND SPEED    MM


SKY COVER
  POSSIBLE SUNSHINE  MM



RELATIVE HUMIDITY (PERCENT)
 HIGHEST    94           200 PM
 LOWEST     59          1200 PM
 AVERAGE    77

..........................................................


THE BALTIMORE INNER HARBOR MD CLIMATE NORMALS FOR TODAY
                         NORMAL
 MAXIMUM TEMPERATURE (F)   88
 MINIMUM TEMPERATURE (F)   72


SUNRISE AND SUNSET
JULY 31 2015..........SUNRISE   605 AM EDT   SUNSET   820 PM EDT
AUGUST  1 2015........SUNRISE   606 AM EDT   SUNSET   819 PM EDT


-  INDICATES NEGATIVE NUMBERS.
R  INDICATES RECORD WAS SET OR TIED.
MM INDICATES DATA IS MISSING.
T  INDICATES TRACE AMOUNT.




$$
