285
CDUS41 KLWX 290523
CLIDMH


CLIMATE REPORT
NATIONAL WEATHER SERVICE BALTIMORE MD/WASHINGTON DC
123 AM EDT MON MAY 29 2017


...................................

...THE BALTIMORE INNER HARBOR MD CLIMATE SUMMARY FOR MAY 28 2017...

CLIMATE NORMAL PERIOD 1981 TO 2010
CLIMATE RECORD PERIOD 9999 TO 9999


WEATHER ITEM   OBSERVED TIME   RECORD YEAR NORMAL DEPARTURE LAST
                VALUE   (LST)  VALUE       VALUE  FROM      YEAR
                                                  NORMAL
..................................................................
TEMPERATURE (F)
 YESTERDAY
  MAXIMUM         76   1150 AM  MM      MM  79     -3       87
  MINIMUM         63    509 AM  MM      MM  61      2       71
  AVERAGE         70                        70      0       79

PRECIPITATION (IN)
  YESTERDAY        0.05         MM      MM   0.13  -0.08     0.00
  MONTH TO DATE    4.26                      3.12   1.14     3.66
  SINCE MAR 1     11.02                     10.20   0.82     7.43
  SINCE JAN 1     14.91                     15.72  -0.81    16.03

DEGREE DAYS
 HEATING
  YESTERDAY        0                         1     -1        0
  MONTH TO DATE   72                        78     -6      133
  SINCE MAR 1    788                       935   -147      805
  SINCE JUL 1   3242                      4023   -781     3421

 COOLING
  YESTERDAY        5                         6     -1       14
  MONTH TO DATE   83                        95    -12       66
  SINCE MAR 1    165                       120     45      101
  SINCE JAN 1    165                       120     45      101
..................................................................


WIND (MPH)
  HIGHEST WIND SPEED    MM   HIGHEST WIND DIRECTION    MM
  HIGHEST GUST SPEED    MM   HIGHEST GUST DIRECTION    MM
  AVERAGE WIND SPEED    MM


SKY COVER
  POSSIBLE SUNSHINE  MM



RELATIVE HUMIDITY (PERCENT)
 HIGHEST   100          1000 PM
 LOWEST     60          1200 PM
 AVERAGE    80

..........................................................


THE BALTIMORE INNER HARBOR MD CLIMATE NORMALS FOR TODAY
                         NORMAL
 MAXIMUM TEMPERATURE (F)   79
 MINIMUM TEMPERATURE (F)   61


SUNRISE AND SUNSET
MAY 29 2017...........SUNRISE   543 AM EDT   SUNSET   825 PM EDT
MAY 30 2017...........SUNRISE   543 AM EDT   SUNSET   826 PM EDT


-  INDICATES NEGATIVE NUMBERS.
R  INDICATES RECORD WAS SET OR TIED.
MM INDICATES DATA IS MISSING.
T  INDICATES TRACE AMOUNT.




$$
