000
CDUS41 KLWX 020533
CLIDMH


CLIMATE REPORT
NATIONAL WEATHER SERVICE BALTIMORE MD/WASHINGTON DC
131 AM EDT TUE JUN 2 2015


...................................

...THE BALTIMORE INNER HARBOR MD CLIMATE SUMMARY FOR JUNE 1 2015...

CLIMATE NORMAL PERIOD 1981 TO 2010
CLIMATE RECORD PERIOD 9999 TO 9999


WEATHER ITEM   OBSERVED TIME   RECORD YEAR NORMAL DEPARTURE LAST
                VALUE   (LST)  VALUE       VALUE  FROM      YEAR
                                                  NORMAL
..................................................................
TEMPERATURE (F)
 YESTERDAY
  MAXIMUM         86   1216 PM  MM      MM  80      6       75
  MINIMUM         66   1156 PM  MM      MM  62      4       59
  AVERAGE         76                        71      5       67

PRECIPITATION (IN)
  YESTERDAY        0.48         MM      MM   0.11   0.37     0.00
  MONTH TO DATE    0.48                      0.11   0.37     0.00
  SINCE JUN 1      0.48                      0.11   0.37     0.00
  SINCE JAN 1     16.82                     16.20   0.62    23.05

DEGREE DAYS
 HEATING
  YESTERDAY        0                         1     -1        0
  MONTH TO DATE    0                         1     -1        0
  SINCE JUN 1      0                         1     -1        0
  SINCE JUL 1   4377                      4027    350     4126

 COOLING
  YESTERDAY       11                         7      4        2
  MONTH TO DATE   11                         7      4        2
  SINCE JUN 1     11                         7      4        2
  SINCE JAN 1    257                       146    111      132
..................................................................


WIND (MPH)
  HIGHEST WIND SPEED    MM   HIGHEST WIND DIRECTION    MM
  HIGHEST GUST SPEED    MM   HIGHEST GUST DIRECTION    MM
  AVERAGE WIND SPEED    MM


SKY COVER
  POSSIBLE SUNSHINE  MM



RELATIVE HUMIDITY (PERCENT)
 HIGHEST    97           800 PM
 LOWEST     58          1100 AM
 AVERAGE    78

..........................................................


THE BALTIMORE INNER HARBOR MD CLIMATE NORMALS FOR TODAY
                         NORMAL
 MAXIMUM TEMPERATURE (F)   81
 MINIMUM TEMPERATURE (F)   63


SUNRISE AND SUNSET
JUNE  2 2015..........SUNRISE   542 AM EDT   SUNSET   828 PM EDT
JUNE  3 2015..........SUNRISE   541 AM EDT   SUNSET   828 PM EDT


-  INDICATES NEGATIVE NUMBERS.
R  INDICATES RECORD WAS SET OR TIED.
MM INDICATES DATA IS MISSING.
T  INDICATES TRACE AMOUNT.




$$
