000
CDUS41 KLWX 220525
CLIDMH


CLIMATE REPORT
NATIONAL WEATHER SERVICE BALTIMORE MD/WASHINGTON DC
1224 AM EST WED FEB 22 2017


...................................

...THE BALTIMORE INNER HARBOR MD CLIMATE SUMMARY FOR FEBRUARY 21 2017...

CLIMATE NORMAL PERIOD 1981 TO 2010
CLIMATE RECORD PERIOD 9999 TO 9999


WEATHER ITEM   OBSERVED TIME   RECORD YEAR NORMAL DEPARTURE LAST
                VALUE   (LST)  VALUE       VALUE  FROM      YEAR
                                                  NORMAL
..................................................................
TEMPERATURE (F)
 YESTERDAY
  MAXIMUM         53    306 PM  MM      MM  47      6       58
  MINIMUM         40    732 AM  MM      MM  32      8       46
  AVERAGE         47                        40      7       52

PRECIPITATION (IN)
  YESTERDAY        0.00         MM      MM   0.09  -0.09     0.02
  MONTH TO DATE    0.51                      2.00  -1.49     2.26
  SINCE DEC 1      5.44                      8.33  -2.89    11.78
  SINCE JAN 1      3.10                      4.92  -1.82     5.54

DEGREE DAYS
 HEATING
  YESTERDAY       18                        25     -7       13
  MONTH TO DATE  421                       570   -149      587
  SINCE DEC 1   1869                      2267   -398     1938
  SINCE JUL 1   2378                      2918   -540     2466

 COOLING
  YESTERDAY        0                         0      0        0
  MONTH TO DATE    0                         0      0        0
  SINCE DEC 1      0                         0      0        3
  SINCE JAN 1      0                         0      0        0
..................................................................


WIND (MPH)
  HIGHEST WIND SPEED    MM   HIGHEST WIND DIRECTION    MM
  HIGHEST GUST SPEED    MM   HIGHEST GUST DIRECTION    MM
  AVERAGE WIND SPEED    MM


SKY COVER
  POSSIBLE SUNSHINE  MM



RELATIVE HUMIDITY (PERCENT)
 HIGHEST    61          1000 PM
 LOWEST     30           500 AM
 AVERAGE    46

..........................................................


THE BALTIMORE INNER HARBOR MD CLIMATE NORMALS FOR TODAY
                         NORMAL
 MAXIMUM TEMPERATURE (F)   47
 MINIMUM TEMPERATURE (F)   33


SUNRISE AND SUNSET
FEBRUARY 22 2017......SUNRISE   649 AM EST   SUNSET   552 PM EST
FEBRUARY 23 2017......SUNRISE   647 AM EST   SUNSET   553 PM EST


-  INDICATES NEGATIVE NUMBERS.
R  INDICATES RECORD WAS SET OR TIED.
MM INDICATES DATA IS MISSING.
T  INDICATES TRACE AMOUNT.




$$
