000
CDUS41 KLWX 300528
CLIDMH


CLIMATE REPORT
NATIONAL WEATHER SERVICE BALTIMORE MD/WASHINGTON DC
1227 AM EST FRI JAN 30 2015


...................................

...THE BALTIMORE INNER HARBOR MD CLIMATE SUMMARY FOR JANUARY 29 2015...

CLIMATE NORMAL PERIOD 1981 TO 2010
CLIMATE RECORD PERIOD 9999 TO 9999


WEATHER ITEM   OBSERVED TIME   RECORD YEAR NORMAL DEPARTURE LAST
                VALUE   (LST)  VALUE       VALUE  FROM      YEAR
                                                  NORMAL
..................................................................
TEMPERATURE (F)
 YESTERDAY
  MAXIMUM         36   1159 PM  MM      MM  43     -7       22
  MINIMUM         24    623 AM  MM      MM  29     -5       12
  AVERAGE         30                        36     -6       17

PRECIPITATION (IN)
  YESTERDAY        0.04         MM      MM   0.09  -0.05     0.02
  MONTH TO DATE    3.70                      2.72   0.98     2.21
  SINCE DEC 1      7.03                      6.13   0.90     7.27
  SINCE JAN 1      3.70                      2.72   0.98     2.21

DEGREE DAYS
 HEATING
  YESTERDAY       35                        29      6       48
  MONTH TO DATE  915                       841     74      961
  SINCE DEC 1   1642                      1633      9     1544
  SINCE JUL 1   2377                      2284     93     2169

 COOLING
  YESTERDAY        0                         0      0        0
  MONTH TO DATE    0                         0      0        0
  SINCE DEC 1      0                         0      0        0
  SINCE JAN 1      0                         0      0        0
..................................................................


WIND (MPH)
  HIGHEST WIND SPEED    MM   HIGHEST WIND DIRECTION    MM
  HIGHEST GUST SPEED    MM   HIGHEST GUST DIRECTION    MM
  AVERAGE WIND SPEED    MM


SKY COVER
  POSSIBLE SUNSHINE  MM



RELATIVE HUMIDITY (PERCENT)
 HIGHEST    78           700 PM
 LOWEST     34           100 AM
 AVERAGE    56

..........................................................


THE BALTIMORE INNER HARBOR MD CLIMATE NORMALS FOR TODAY
                         NORMAL
 MAXIMUM TEMPERATURE (F)   43
 MINIMUM TEMPERATURE (F)   29


SUNRISE AND SUNSET
JANUARY 30 2015.......SUNRISE   715 AM EST   SUNSET   524 PM EST
JANUARY 31 2015.......SUNRISE   715 AM EST   SUNSET   526 PM EST


-  INDICATES NEGATIVE NUMBERS.
R  INDICATES RECORD WAS SET OR TIED.
MM INDICATES DATA IS MISSING.
T  INDICATES TRACE AMOUNT.




$$
