000
CDUS41 KLWX 302136
CLIDMH


CLIMATE REPORT
NATIONAL WEATHER SERVICE BALTIMORE MD/WASHINGTON DC
536 PM EDT MON MAY 30 2016


...................................

...THE BALTIMORE INNER HARBOR MD CLIMATE SUMMARY FOR MAY 30 2016...
VALID TODAY AS OF 0500 PM LOCAL TIME.

CLIMATE NORMAL PERIOD 1981 TO 2010
CLIMATE RECORD PERIOD 9999 TO 9999


WEATHER ITEM   OBSERVED TIME   RECORD YEAR NORMAL DEPARTURE LAST
                VALUE   (LST)  VALUE       VALUE  FROM      YEAR
                                                  NORMAL
..................................................................
TEMPERATURE (F)
 TODAY
  MAXIMUM         82    103 PM  MM      MM  80      2       88
  MINIMUM         68    455 AM  MM      MM  62      6       71
  AVERAGE         75                        70      5       80

PRECIPITATION (IN)
  TODAY            0.00         MM      MM   0.13  -0.13     0.00
  MONTH TO DATE    3.81                      3.37   0.44     3.13
  SINCE MAR 1      7.58                     10.45  -2.87    10.52
  SINCE JAN 1     16.18                     15.97   0.21    16.34

DEGREE DAYS
 HEATING
  TODAY            0                         1     -1        0
  MONTH TO DATE  133                        80     53       29
  SINCE MAR 1    805                       937   -132      863
  SINCE JUL 1   3421                      4025   -604     4377

 COOLING
  TODAY           10                         6      4       15
  MONTH TO DATE   88                       107    -19      221
  SINCE MAR 1    123                       132     -9      230
  SINCE JAN 1    123                       132     -9      230
..................................................................


WIND (MPH)
  HIGHEST WIND SPEED    MM   HIGHEST WIND DIRECTION    MM
  HIGHEST GUST SPEED    MM   HIGHEST GUST DIRECTION    MM
  AVERAGE WIND SPEED    MM


SKY COVER
  POSSIBLE SUNSHINE  MM



RELATIVE HUMIDITY (PERCENT)
 HIGHEST    90          1200 AM
 LOWEST     54           300 PM
 AVERAGE    72

..........................................................


THE BALTIMORE INNER HARBOR MD CLIMATE NORMALS FOR TOMORROW
                         NORMAL    RECORD    YEAR
 MAXIMUM TEMPERATURE (F)   80        MM        MM
 MINIMUM TEMPERATURE (F)   62        MM        MM


SUNRISE AND SUNSET
MAY 30 2016...........SUNRISE   542 AM EDT   SUNSET   826 PM EDT
MAY 31 2016...........SUNRISE   542 AM EDT   SUNSET   827 PM EDT


-  INDICATES NEGATIVE NUMBERS.
R  INDICATES RECORD WAS SET OR TIED.
MM INDICATES DATA IS MISSING.
T  INDICATES TRACE AMOUNT.




$$
