000
CDUS45 KEPZ 310931
CLIDMN


CLIMATE REPORT
NATIONAL WEATHER SERVICE EL PASO, TX
229 AM MST SAT JAN 31 2015


...................................

...THE DEMING CLIMATE SUMMARY FOR JANUARY 30 2015...

CLIMATE NORMAL PERIOD 1981 TO 2010
CLIMATE RECORD PERIOD 2000 TO 2015


WEATHER ITEM   OBSERVED TIME   NORMAL DEPARTURE LAST
                VALUE   (LST)  VALUE  FROM      YEAR
                                      NORMAL
......................................................
TEMPERATURE (F)
 YESTERDAY
  MAXIMUM         45    116 PM  60              71
  MINIMUM         40    940 AM  29              31
  AVERAGE         43            44     -1       51

PRECIPITATION (IN)
  YESTERDAY        0.38          0.02   0.36     0.00
  MONTH TO DATE    1.23          0.59   0.64     0.00
  SINCE DEC 1      1.74          1.48   0.26     0.37
  SINCE JAN 1      1.23          0.59   0.64     0.00

......................................................


WIND (MPH)
  HIGHEST WIND SPEED    23   HIGHEST WIND DIRECTION     E (80)
  HIGHEST GUST SPEED    30   HIGHEST GUST DIRECTION     E (70)
  AVERAGE WIND SPEED    15.0


SKY COVER
  AVERAGE SKY COVER 0.9


WEATHER CONDITIONS
 THE FOLLOWING WEATHER WAS RECORDED YESTERDAY.
  RAIN
  LIGHT RAIN
  FOG


RELATIVE HUMIDITY (PERCENT)
 HIGHEST   100           400 AM
 LOWEST     83           100 PM
 AVERAGE    92

..........................................................


THE DEMING CLIMATE NORMALS FOR TODAY
                         NORMAL
 MAXIMUM TEMPERATURE (F)   60
 MINIMUM TEMPERATURE (F)   29


SUNRISE AND SUNSET
JANUARY 31 2015.......SUNRISE   705 AM MST   SUNSET   543 PM MST
FEBRUARY  1 2015......SUNRISE   705 AM MST   SUNSET   544 PM MST


-  INDICATES NEGATIVE NUMBERS.
R  INDICATES RECORD WAS SET OR TIED.
MM INDICATES DATA IS MISSING.
T  INDICATES TRACE AMOUNT.




$$
