000
CDUS45 KEPZ 220935
CLIDMN


CLIMATE REPORT
NATIONAL WEATHER SERVICE EL PASO, TX
333 AM MDT TUE AUG 22 2017


...................................

...THE DEMING CLIMATE SUMMARY FOR AUGUST 21 2017...

CLIMATE NORMAL PERIOD 1981 TO 2010
CLIMATE RECORD PERIOD 2000 TO 2017


WEATHER ITEM   OBSERVED TIME   NORMAL DEPARTURE LAST
                VALUE   (LST)  VALUE  FROM      YEAR
                                      NORMAL
......................................................
TEMPERATURE (F)
 YESTERDAY
  MAXIMUM         86    403 PM  91              87
  MINIMUM         64    609 AM  64              61
  AVERAGE         75            78     -3       74

PRECIPITATION (IN)
  YESTERDAY        0.00          0.05  -0.05     0.57
  MONTH TO DATE    1.70          1.79  -0.09     3.35
  SINCE JUN 1      5.33          4.68   0.65     4.15
  SINCE JAN 1      8.52          7.09   1.43     5.34

......................................................


WIND (MPH)
  HIGHEST WIND SPEED    13   HIGHEST WIND DIRECTION     S (170)
  HIGHEST GUST SPEED    17   HIGHEST GUST DIRECTION    SE (130)
  AVERAGE WIND SPEED     3.8


SKY COVER
  AVERAGE SKY COVER 0.2


WEATHER CONDITIONS
 THE FOLLOWING WEATHER WAS RECORDED YESTERDAY.
  NO SIGNIFICANT WEATHER WAS OBSERVED.


RELATIVE HUMIDITY (PERCENT)
 HIGHEST   100           500 AM
 LOWEST     43           300 PM
 AVERAGE    72

..........................................................


THE DEMING CLIMATE NORMALS FOR TODAY
                         NORMAL
 MAXIMUM TEMPERATURE (F)   91
 MINIMUM TEMPERATURE (F)   64


SUNRISE AND SUNSET
AUGUST 22 2017........SUNRISE   640 AM MDT   SUNSET   747 PM MDT
AUGUST 23 2017........SUNRISE   640 AM MDT   SUNSET   746 PM MDT


-  INDICATES NEGATIVE NUMBERS.
R  INDICATES RECORD WAS SET OR TIED.
MM INDICATES DATA IS MISSING.
T  INDICATES TRACE AMOUNT.




$$
