000
CDUS45 KEPZ 190934
CLIDMN


CLIMATE REPORT
NATIONAL WEATHER SERVICE EL PASO, TX
233 AM MST FRI JAN 19 2018


...................................

...THE DEMING CLIMATE SUMMARY FOR JANUARY 18 2018...

CLIMATE NORMAL PERIOD 1981 TO 2010
CLIMATE RECORD PERIOD 2000 TO 2018


WEATHER ITEM   OBSERVED TIME   NORMAL DEPARTURE LAST
                VALUE   (LST)  VALUE  FROM      YEAR
                                      NORMAL
......................................................
TEMPERATURE (F)
 YESTERDAY
  MAXIMUM         56    433 PM  57              56
  MINIMUM         16    703 AM  27              30
  AVERAGE         36            42     -6       43

PRECIPITATION (IN)
  YESTERDAY        0.00          0.02  -0.02     0.00
  MONTH TO DATE    0.04          0.33  -0.29     2.01
  SINCE DEC 1      0.30          1.22  -0.92     3.80
  SINCE JAN 1      0.04          0.33  -0.29     2.01

......................................................


WIND (MPH)
  HIGHEST WIND SPEED     8   HIGHEST WIND DIRECTION    NW (300)
  HIGHEST GUST SPEED    11   HIGHEST GUST DIRECTION     S (200)
  AVERAGE WIND SPEED     4.4


SKY COVER
  AVERAGE SKY COVER 0.0


WEATHER CONDITIONS
 THE FOLLOWING WEATHER WAS RECORDED YESTERDAY.
  NO SIGNIFICANT WEATHER WAS OBSERVED.


RELATIVE HUMIDITY (PERCENT)
 HIGHEST    62           300 AM
 LOWEST     38          1000 PM
 AVERAGE    50

..........................................................


THE DEMING CLIMATE NORMALS FOR TODAY
                         NORMAL
 MAXIMUM TEMPERATURE (F)   57
 MINIMUM TEMPERATURE (F)   27


SUNRISE AND SUNSET
JANUARY 19 2018.......SUNRISE   711 AM MST   SUNSET   532 PM MST
JANUARY 20 2018.......SUNRISE   711 AM MST   SUNSET   533 PM MST


-  INDICATES NEGATIVE NUMBERS.
R  INDICATES RECORD WAS SET OR TIED.
MM INDICATES DATA IS MISSING.
T  INDICATES TRACE AMOUNT.




$$
