000
CDUS43 KEAX 290638
CLIDMO


CLIMATE REPORT
NATIONAL WEATHER SERVICE KANSAS CITY/PLEASANT HILL MO
138 AM CDT MON MAY 29 2017


...................................

...THE SEDALIA MO CLIMATE SUMMARY FOR MAY 28 2017...

CLIMATE NORMAL PERIOD 1981 TO 2010
CLIMATE RECORD PERIOD 9999 TO 9999


WEATHER ITEM   OBSERVED TIME   NORMAL DEPARTURE LAST
                VALUE   (LST)  VALUE  FROM      YEAR
                                      NORMAL
......................................................
TEMPERATURE (F)
 YESTERDAY
  MAXIMUM         81    333 PM  80      1       80
  MINIMUM         62    622 AM  59      3       61
  AVERAGE         72            70      2       71

PRECIPITATION (IN)
  YESTERDAY        0.00          0.13  -0.13      T
  MONTH TO DATE    3.58          4.23  -0.65     4.25
  SINCE MAR 1     14.37         11.09   3.28     7.85
  SINCE JAN 1     15.79         14.69   1.10     9.00

DEGREE DAYS
 HEATING
  YESTERDAY        0             1     -1        0
  MONTH TO DATE   72            80     -8      110
  SINCE MAR 1    721           945   -224      692
  SINCE JUL 1   3604          4562   -958     3680

 COOLING
  YESTERDAY        7             6      1        6
  MONTH TO DATE  100            87     13       70
  SINCE MAR 1    150           121     29       94
  SINCE JAN 1    150           121     29       94
......................................................


WIND (MPH)
  HIGHEST WIND SPEED    16   HIGHEST WIND DIRECTION    NW (300)
  HIGHEST GUST SPEED    23   HIGHEST GUST DIRECTION    NW (300)
  AVERAGE WIND SPEED     8.1


SKY COVER
  AVERAGE SKY COVER 0.2


WEATHER CONDITIONS
 THE FOLLOWING WEATHER WAS RECORDED YESTERDAY.
  NO SIGNIFICANT WEATHER WAS OBSERVED.


RELATIVE HUMIDITY (PERCENT)
 HIGHEST   100           200 AM
 LOWEST     42           500 PM
 AVERAGE    71

..........................................................


THE SEDALIA MO CLIMATE NORMALS FOR TODAY
                         NORMAL
 MAXIMUM TEMPERATURE (F)   80
 MINIMUM TEMPERATURE (F)   60


SUNRISE AND SUNSET
MAY 29 2017...........SUNRISE   551 AM CDT   SUNSET   829 PM CDT
MAY 30 2017...........SUNRISE   550 AM CDT   SUNSET   830 PM CDT


-  INDICATES NEGATIVE NUMBERS.
R  INDICATES RECORD WAS SET OR TIED.
MM INDICATES DATA IS MISSING.
T  INDICATES TRACE AMOUNT.




$$
