000
CDUS43 KEAX 301231
CLIDMO


CLIMATE REPORT
NATIONAL WEATHER SERVICE KANSAS CITY/PLEASANT HILL MO
731 AM CDT THU OCT 30 2014


...................................

...THE SEDALIA MO CLIMATE SUMMARY FOR OCTOBER 30 2014...
VALID AS OF 0700 AM LOCAL TIME.

CLIMATE NORMAL PERIOD 1981 TO 2010
CLIMATE RECORD PERIOD 9999 TO 9999


WEATHER ITEM   OBSERVED TIME   NORMAL DEPARTURE LAST
                VALUE   (LST)  VALUE  FROM      YEAR
                                      NORMAL
......................................................
TEMPERATURE (F)
 TODAY
  MAXIMUM         46    559 AM  64    -18       72
  MINIMUM         41   1236 AM  44     -3       63
  AVERAGE         44            54    -10       68

PRECIPITATION (IN)
  TODAY            0.00          0.09  -0.09     1.10
  MONTH TO DATE    8.62          3.56   5.06     2.61
  SINCE SEP 1     10.43          7.67   2.76     6.17
  SINCE JAN 1     32.00         35.61  -3.61    36.08

DEGREE DAYS
 HEATING
  TODAY           21            12      9        0
  MONTH TO DATE  182           233    -51      270
  SINCE SEP 1    225           277    -52      289
  SINCE JUL 1    225           278    -53      289

 COOLING
  TODAY            0             1     -1        3
  MONTH TO DATE   33            40     -7       48
  SINCE SEP 1    192           205    -13      270
  SINCE JAN 1   1409          1490    -81     1485
......................................................


WIND (MPH)
  HIGHEST WIND SPEED     9   HIGHEST WIND DIRECTION     S (160)
  HIGHEST GUST SPEED    12   HIGHEST GUST DIRECTION    SE (150)
  AVERAGE WIND SPEED     7.7


SKY COVER
  AVERAGE SKY COVER 0.0


WEATHER CONDITIONS
 THE FOLLOWING WEATHER WAS RECORDED TODAY.
  NO SIGNIFICANT WEATHER WAS OBSERVED.


RELATIVE HUMIDITY (PERCENT)
 HIGHEST    70          1200 AM
 LOWEST     65           200 AM
 AVERAGE    68

..........................................................


THE SEDALIA MO CLIMATE NORMALS FOR TOMORROW
                         NORMAL
 MAXIMUM TEMPERATURE (F)   63
 MINIMUM TEMPERATURE (F)   44


SUNRISE AND SUNSET
OCTOBER 30 2014.......SUNRISE   737 AM CDT   SUNSET   614 PM CDT
OCTOBER 31 2014.......SUNRISE   738 AM CDT   SUNSET   613 PM CDT


-  INDICATES NEGATIVE NUMBERS.
R  INDICATES RECORD WAS SET OR TIED.
MM INDICATES DATA IS MISSING.
T  INDICATES TRACE AMOUNT.




$$
