000
CDUS43 KEAX 290632
CLIDMO


CLIMATE REPORT
NATIONAL WEATHER SERVICE KANSAS CITY/PLEASANT HILL MO
132 AM CDT WED MAR 29 2017


...................................

...THE SEDALIA MO CLIMATE SUMMARY FOR MARCH 28 2017...

CLIMATE NORMAL PERIOD 1981 TO 2010
CLIMATE RECORD PERIOD 9999 TO 9999


WEATHER ITEM   OBSERVED TIME   NORMAL DEPARTURE LAST
                VALUE   (LST)  VALUE  FROM      YEAR
                                      NORMAL
......................................................
TEMPERATURE (F)
 YESTERDAY
  MAXIMUM         57    610 PM  61     -4       65
  MINIMUM         50    741 AM  40     10       30
  AVERAGE         54            51      3       48

PRECIPITATION (IN)
  YESTERDAY        0.02          0.10  -0.08     0.00
  MONTH TO DATE    2.38          2.34   0.04     1.57
  SINCE MAR 1      2.38          2.34   0.04     1.57
  SINCE JAN 1      3.80          5.94  -2.14     2.72

DEGREE DAYS
 HEATING
  YESTERDAY       11            15     -4       17
  MONTH TO DATE  416           543   -127      368
  SINCE MAR 1    416           543   -127      368
  SINCE JUL 1   3299          4160   -861     3356

 COOLING
  YESTERDAY        0             0      0        0
  MONTH TO DATE    8             0      8        4
  SINCE MAR 1      8             0      8        4
  SINCE JAN 1      8             0      8        4
......................................................


WIND (MPH)
  HIGHEST WIND SPEED    18   HIGHEST WIND DIRECTION     E (80)
  HIGHEST GUST SPEED    28   HIGHEST GUST DIRECTION     E (80)
  AVERAGE WIND SPEED     9.3


SKY COVER
  AVERAGE SKY COVER 1.0


WEATHER CONDITIONS
 THE FOLLOWING WEATHER WAS RECORDED YESTERDAY.
  LIGHT RAIN
  FOG
  FOG W/VISIBILITY <= 1/4 MILE


RELATIVE HUMIDITY (PERCENT)
 HIGHEST   100           700 AM
 LOWEST     77          1100 PM
 AVERAGE    89

..........................................................


THE SEDALIA MO CLIMATE NORMALS FOR TODAY
                         NORMAL
 MAXIMUM TEMPERATURE (F)   62
 MINIMUM TEMPERATURE (F)   40


SUNRISE AND SUNSET
MARCH 29 2017.........SUNRISE   701 AM CDT   SUNSET   733 PM CDT
MARCH 30 2017.........SUNRISE   700 AM CDT   SUNSET   734 PM CDT


-  INDICATES NEGATIVE NUMBERS.
R  INDICATES RECORD WAS SET OR TIED.
MM INDICATES DATA IS MISSING.
T  INDICATES TRACE AMOUNT.




$$
