000
CDUS43 KEAX 280640
CLIDMO


CLIMATE REPORT
NATIONAL WEATHER SERVICE KANSAS CITY/PLEASANT HILL MO
140 AM CDT FRI JUL 28 2017


...................................

...THE SEDALIA MO CLIMATE SUMMARY FOR JULY 27 2017...

CLIMATE NORMAL PERIOD 1981 TO 2010
CLIMATE RECORD PERIOD 9999 TO 9999


WEATHER ITEM   OBSERVED TIME   NORMAL DEPARTURE LAST
                VALUE   (LST)  VALUE  FROM      YEAR
                                      NORMAL
......................................................
TEMPERATURE (F)
 YESTERDAY
  MAXIMUM         86    511 PM  90     -4       92
  MINIMUM         72   1248 AM  69      3       71
  AVERAGE         79            80     -1       82

PRECIPITATION (IN)
  YESTERDAY        1.59          0.09   1.50     0.00
  MONTH TO DATE    3.86          3.80   0.06     8.36
  SINCE JUN 1      8.38          8.89  -0.51    12.54
  SINCE JAN 1     24.57         24.04   0.53    21.80

DEGREE DAYS
 HEATING
  YESTERDAY        0             0      0        0
  MONTH TO DATE    0             0      0        0
  SINCE JUN 1      0             6     -6        0
  SINCE JUL 1      0             0      0        0

 COOLING
  YESTERDAY       14            14      0       17
  MONTH TO DATE  392           375     17      411
  SINCE JUN 1    705           679     26      829
  SINCE JAN 1    868           818     50      951
......................................................


WIND (MPH)
  HIGHEST WIND SPEED    21   HIGHEST WIND DIRECTION     W (280)
  HIGHEST GUST SPEED    29   HIGHEST GUST DIRECTION     W (280)
  AVERAGE WIND SPEED     5.6


SKY COVER
  AVERAGE SKY COVER 0.9


WEATHER CONDITIONS
 THE FOLLOWING WEATHER WAS RECORDED YESTERDAY.
  THUNDERSTORM
  HEAVY RAIN
  RAIN
  LIGHT RAIN
  FOG


RELATIVE HUMIDITY (PERCENT)
 HIGHEST   100          1200 AM
 LOWEST     82           300 PM
 AVERAGE    91

..........................................................


THE SEDALIA MO CLIMATE NORMALS FOR TODAY
                         NORMAL
 MAXIMUM TEMPERATURE (F)   90
 MINIMUM TEMPERATURE (F)   69


SUNRISE AND SUNSET
JULY 28 2017..........SUNRISE   611 AM CDT   SUNSET   827 PM CDT
JULY 29 2017..........SUNRISE   611 AM CDT   SUNSET   826 PM CDT


-  INDICATES NEGATIVE NUMBERS.
R  INDICATES RECORD WAS SET OR TIED.
MM INDICATES DATA IS MISSING.
T  INDICATES TRACE AMOUNT.




$$
