687
CDUS43 KEAX 220642
CLIDMO


CLIMATE REPORT
NATIONAL WEATHER SERVICE KANSAS CITY/PLEASANT HILL MO
1242 AM CST THU FEB 22 2018


...................................

...THE SEDALIA MO CLIMATE SUMMARY FOR FEBRUARY 21 2018...

CLIMATE NORMAL PERIOD 1981 TO 2010
CLIMATE RECORD PERIOD 9999 TO 9999


WEATHER ITEM   OBSERVED TIME   NORMAL DEPARTURE LAST
                VALUE   (LST)  VALUE  FROM      YEAR
                                      NORMAL
......................................................
TEMPERATURE (F)
 YESTERDAY
  MAXIMUM         31    553 PM  48    -17       74
  MINIMUM         23    910 AM  28     -5       52
  AVERAGE         27            38    -11       63

PRECIPITATION (IN)
  YESTERDAY        T             0.07  -0.07     0.00
  MONTH TO DATE    2.15          1.47   0.68     0.01
  SINCE DEC 1      3.40          5.46  -2.06     1.78
  SINCE JAN 1      3.09          3.14  -0.05     1.00

DEGREE DAYS
 HEATING
  YESTERDAY       38            27     11        2
  MONTH TO DATE  670           624     46      399
  SINCE DEC 1   2633          2594     39     2272
  SINCE JUL 1   3390          3439    -49     2779

 COOLING
  YESTERDAY        0             0      0        0
  MONTH TO DATE    0             0      0        0
  SINCE DEC 1      0             0      0        0
  SINCE JAN 1      0             0      0        0
......................................................


WIND (MPH)
  HIGHEST WIND SPEED    20   HIGHEST WIND DIRECTION     N (10)
  HIGHEST GUST SPEED    25   HIGHEST GUST DIRECTION     N (10)
  AVERAGE WIND SPEED    12.7


SKY COVER
  AVERAGE SKY COVER 0.7


WEATHER CONDITIONS
 THE FOLLOWING WEATHER WAS RECORDED YESTERDAY.
  LIGHT SNOW
  FOG


RELATIVE HUMIDITY (PERCENT)
 HIGHEST   100           100 PM
 LOWEST     78           300 PM
 AVERAGE    89

..........................................................


THE SEDALIA MO CLIMATE NORMALS FOR TODAY
                         NORMAL
 MAXIMUM TEMPERATURE (F)   48
 MINIMUM TEMPERATURE (F)   29


SUNRISE AND SUNSET
FEBRUARY 22 2018......SUNRISE   654 AM CST   SUNSET   558 PM CST
FEBRUARY 23 2018......SUNRISE   653 AM CST   SUNSET   559 PM CST


-  INDICATES NEGATIVE NUMBERS.
R  INDICATES RECORD WAS SET OR TIED.
MM INDICATES DATA IS MISSING.
T  INDICATES TRACE AMOUNT.




$$
