000
CDUS42 KCAE 250529
CLIDNL


CLIMATE REPORT
NATIONAL WEATHER SERVICE COLUMBIA SC
128 AM EDT SAT OCT 25 2014


...................................

...THE AUGUSTA DANIEL FIELD GA CLIMATE SUMMARY FOR OCTOBER 24 2014...

CLIMATE NORMAL PERIOD 1981 TO 2010
CLIMATE RECORD PERIOD 9999 TO 9999


WEATHER ITEM   OBSERVED TIME   RECORD YEAR NORMAL DEPARTURE LAST
                VALUE   (LST)  VALUE       VALUE  FROM      YEAR
                                                  NORMAL
..................................................................
TEMPERATURE (F)
 YESTERDAY
  MAXIMUM         75    320 PM  MM      MM  73      2       67
  MINIMUM         51    658 AM  MM      MM  54     -3       41
  AVERAGE         63                        63      0       54

PRECIPITATION (IN)
  YESTERDAY        0.00         MM      MM   0.07  -0.07     0.00
  MONTH TO DATE    0.99                      2.70  -1.71     0.87
  SINCE SEP 1      5.03                      6.07  -1.04     2.27
  SINCE JAN 1     33.52                     39.23  -5.71    51.34

DEGREE DAYS
 HEATING
  YESTERDAY        2                         4     -2       11
  MONTH TO DATE   24                        45    -21       21
  SINCE SEP 1     27                        48    -21       21
  SINCE JUL 1     27                        48    -21       21

 COOLING
  YESTERDAY        0                         2     -2        0
  MONTH TO DATE  141                        94     47      117
  SINCE SEP 1    523                       414    109      461
  SINCE JAN 1   2594                      2225    369     2063
..................................................................


WIND (MPH)
  HIGHEST WIND SPEED     9   HIGHEST WIND DIRECTION     E (100)
  HIGHEST GUST SPEED    12   HIGHEST GUST DIRECTION     E (100)
  AVERAGE WIND SPEED     3.3


SKY COVER
  AVERAGE SKY COVER 0.0


WEATHER CONDITIONS
 THE FOLLOWING WEATHER WAS RECORDED YESTERDAY.
  NO SIGNIFICANT WEATHER WAS OBSERVED.


RELATIVE HUMIDITY (PERCENT)
 HIGHEST    83           300 AM
 LOWEST     29           500 PM

..........................................................


THE AUGUSTA DANIEL FIELD GA CLIMATE NORMALS FOR TODAY
                         NORMAL    RECORD    YEAR
 MAXIMUM TEMPERATURE (F)   73        MM        MM
 MINIMUM TEMPERATURE (F)   53        MM        MM


SUNRISE AND SUNSET
OCTOBER 25 2014.......SUNRISE   741 AM EDT   SUNSET   643 PM EDT
OCTOBER 26 2014.......SUNRISE   742 AM EDT   SUNSET   642 PM EDT


-  INDICATES NEGATIVE NUMBERS.
R  INDICATES RECORD WAS SET OR TIED.
MM INDICATES DATA IS MISSING.
T  INDICATES TRACE AMOUNT.




$$
