000
CDUS42 KCAE 260708
CLIDNL


CLIMATE REPORT
NATIONAL WEATHER SERVICE COLUMBIA SC
308 AM EDT THU MAR 26 2015


...................................

...THE AUGUSTA DANIEL FIELD GA CLIMATE SUMMARY FOR MARCH 25 2015...

CLIMATE NORMAL PERIOD 1981 TO 2010
CLIMATE RECORD PERIOD 9999 TO 9999


WEATHER ITEM   OBSERVED TIME   NORMAL DEPARTURE LAST
                VALUE   (LST)  VALUE  FROM      YEAR
                                      NORMAL
......................................................
TEMPERATURE (F)
 YESTERDAY
  MAXIMUM         72    506 PM  71      1       59
  MINIMUM         62    718 AM  49     13       39
  AVERAGE         67            60      7       49

PRECIPITATION (IN)
  YESTERDAY        0.05          0.15  -0.10      T
  MONTH TO DATE    2.39          3.39  -1.00     2.38
  SINCE MAR 1      2.39          3.39  -1.00     2.38
  SINCE JAN 1      7.32         11.63  -4.31     8.67

DEGREE DAYS
 HEATING
  YESTERDAY        0             6     -6       16
  MONTH TO DATE  114           216   -102      269
  SINCE MAR 1    114           216   -102      269
  SINCE JUL 1   1969          2029    -60     2105

 COOLING
  YESTERDAY        2             1      1        0
  MONTH TO DATE   39            23     16        5
  SINCE MAR 1     39            23     16        5
  SINCE JAN 1     39            27     12       13
......................................................


WIND (MPH)
  HIGHEST WIND SPEED    10   HIGHEST WIND DIRECTION     E (80)
  HIGHEST GUST SPEED    14   HIGHEST GUST DIRECTION     E (70)
  AVERAGE WIND SPEED     5.8


SKY COVER
  AVERAGE SKY COVER 0.7


WEATHER CONDITIONS
 THE FOLLOWING WEATHER WAS RECORDED YESTERDAY.
  LIGHT RAIN
  FOG
  HAZE


RELATIVE HUMIDITY (PERCENT)
 HIGHEST    87           100 PM
 LOWEST     73          1200 AM

..........................................................


THE AUGUSTA DANIEL FIELD GA CLIMATE NORMALS FOR TODAY
                         NORMAL    RECORD    YEAR
 MAXIMUM TEMPERATURE (F)   71        MM        MM
 MINIMUM TEMPERATURE (F)   49        MM        MM


SUNRISE AND SUNSET
MARCH 26 2015.........SUNRISE   724 AM EDT   SUNSET   744 PM EDT
MARCH 27 2015.........SUNRISE   723 AM EDT   SUNSET   745 PM EDT


-  INDICATES NEGATIVE NUMBERS.
R  INDICATES RECORD WAS SET OR TIED.
MM INDICATES DATA IS MISSING.
T  INDICATES TRACE AMOUNT.




$$
