000
CDUS42 KCAE 222153
CLIDNL


CLIMATE REPORT
NATIONAL WEATHER SERVICE COLUMBIA SC
553 PM EDT SUN OCT 22 2017


...................................

...THE AUGUSTA DANIEL FIELD GA CLIMATE SUMMARY FOR OCTOBER 22 2017...
VALID TODAY AS OF 0500 PM LOCAL TIME.

CLIMATE NORMAL PERIOD 1981 TO 2010
CLIMATE RECORD PERIOD 9999 TO 9999


WEATHER ITEM   OBSERVED TIME   NORMAL DEPARTURE LAST
                VALUE   (LST)  VALUE  FROM      YEAR
                                      NORMAL
......................................................
TEMPERATURE (F)
 TODAY
  MAXIMUM         83   1159 AM  74      9       69
  MINIMUM         66    745 AM  54     12       50
  AVERAGE         75            64     11

PRECIPITATION (IN)
  TODAY            0.01          0.09  -0.08     0.00
  MONTH TO DATE    0.42          2.56  -2.14     1.86
  SINCE SEP 1      4.81          5.93  -1.12     7.19
  SINCE JAN 1     35.11         39.09  -3.98    30.86

DEGREE DAYS
 HEATING
  TODAY            0             3     -3        5
  MONTH TO DATE    7            38    -31        5
  SINCE SEP 1      7            41    -34        5
  SINCE JUL 1      7            41    -34        5

 COOLING
  TODAY           10             2      8        0
  MONTH TO DATE  214            90    124      150
  SINCE SEP 1    626           410    216      610
  SINCE JAN 1   2927          2221    706     2980
......................................................


WIND (MPH)
  HIGHEST WIND SPEED    16   HIGHEST WIND DIRECTION    SE (130)
  HIGHEST GUST SPEED    21   HIGHEST GUST DIRECTION    SE (120)
  AVERAGE WIND SPEED     7.6


SKY COVER
  AVERAGE SKY COVER 0.4


WEATHER CONDITIONS
 THE FOLLOWING WEATHER WAS RECORDED TODAY.
  LIGHT RAIN
  FOG


RELATIVE HUMIDITY (PERCENT)
 HIGHEST    87           500 AM
 LOWEST     51          1200 PM

..........................................................


THE AUGUSTA DANIEL FIELD GA CLIMATE NORMALS FOR TOMORROW
                         NORMAL
 MAXIMUM TEMPERATURE (F)   74
 MINIMUM TEMPERATURE (F)   54


SUNRISE AND SUNSET
OCTOBER 22 2017.......SUNRISE   739 AM EDT   SUNSET   646 PM EDT
OCTOBER 23 2017.......SUNRISE   739 AM EDT   SUNSET   645 PM EDT


-  INDICATES NEGATIVE NUMBERS.
R  INDICATES RECORD WAS SET OR TIED.
MM INDICATES DATA IS MISSING.
T  INDICATES TRACE AMOUNT.




$$
