000
CDUS45 KGJT 250733
CLIDRO


CLIMATE REPORT
NATIONAL WEATHER SERVICE GRAND JUNCTION CO
129 AM MDT WED MAY 25 2016


...................................

...THE DURANGO AIRPORT CO CLIMATE SUMMARY FOR MAY 24 2016...

CLIMATE NORMAL PERIOD 1981 TO 2010
CLIMATE RECORD PERIOD 9999 TO 9999


WEATHER ITEM   OBSERVED TIME   RECORD YEAR NORMAL DEPARTURE LAST
                VALUE   (LST)  VALUE       VALUE  FROM      YEAR
                                                  NORMAL
..................................................................
TEMPERATURE (F)
 YESTERDAY
  MAXIMUM         72    154 PM  MM      MM  74     -2       60
  MINIMUM         29    521 AM  MM      MM  37     -8       40
  AVERAGE         51                        56     -5       50

PRECIPITATION (IN)
  YESTERDAY        0.00         MM      MM   0.02  -0.02     0.03
  MONTH TO DATE    0.92                      0.69   0.23     2.81
  SINCE MAR 1      1.82                      3.04  -1.22     4.02
  SINCE JAN 1      3.20                      5.32  -2.12     7.29

SNOWFALL (IN)
  YESTERDAY       MM            MM      MM  MM     MM       MM
  MONTH TO DATE   MM                        MM     MM       MM
  SINCE MAR 1     MM                        MM     MM       MM
  SINCE JUL 1     MM                        MM     MM       MM
  SNOW DEPTH      MM

DEGREE DAYS
 HEATING
  YESTERDAY       14                        10      4       15
  MONTH TO DATE  354                       312     42      364
  SINCE MAR 1   1790                      1773     17     1665
  SINCE JUL 1   7079                      6948    131     6114

 COOLING
  YESTERDAY        0                         0      0        0
  MONTH TO DATE    0                         0      0        0
  SINCE MAR 1      0                         0      0        0
  SINCE JAN 1      0                         0      0        0
..................................................................


WIND (MPH)
  HIGHEST WIND SPEED    24   HIGHEST WIND DIRECTION    SW (220)
  HIGHEST GUST SPEED    38   HIGHEST GUST DIRECTION    SW (210)
  AVERAGE WIND SPEED     8.9


SKY COVER
  POSSIBLE SUNSHINE  MM
  AVERAGE SKY COVER 0.0


WEATHER CONDITIONS
 THE FOLLOWING WEATHER WAS RECORDED YESTERDAY.
  NO SIGNIFICANT WEATHER WAS OBSERVED.


RELATIVE HUMIDITY (PERCENT)
 HIGHEST    69           400 AM
 LOWEST     10           600 PM
 AVERAGE    40

..........................................................


THE DURANGO AIRPORT CO CLIMATE NORMALS FOR TODAY
                         NORMAL    RECORD    YEAR
 MAXIMUM TEMPERATURE (F)   74        MM        MM
 MINIMUM TEMPERATURE (F)   38        MM        MM


SUNRISE AND SUNSET
MAY 25 2016...........SUNRISE   555 AM MDT   SUNSET   821 PM MDT
MAY 26 2016...........SUNRISE   555 AM MDT   SUNSET   822 PM MDT


-  INDICATES NEGATIVE NUMBERS.
R  INDICATES RECORD WAS SET OR TIED.
MM INDICATES DATA IS MISSING.
T  INDICATES TRACE AMOUNT.




$$
