000
CDUS44 KEWX 290659
CLIDRT


CLIMATE REPORT
NATIONAL WEATHER SERVICE AUSTIN/SAN ANTONIO, TX
154 AM CDT FRI MAY 29 2015


...................................

...THE DEL RIO CLIMATE SUMMARY FOR MAY 28 2015...

CLIMATE NORMAL PERIOD 1981 TO 2010
CLIMATE RECORD PERIOD 1906 TO 2015


WEATHER ITEM   OBSERVED TIME   RECORD YEAR NORMAL DEPARTURE LAST
                VALUE   (LST)  VALUE       VALUE  FROM      YEAR
                                                  NORMAL
..................................................................
TEMPERATURE (F)
 YESTERDAY
  MAXIMUM         90    419 PM 108    1927  92     -2       96
                                      1912
  MINIMUM         64   1125 PM  58    1907  71     -7       70
  AVERAGE         77                        82     -5       83

PRECIPITATION (IN)
  YESTERDAY        1.64          3.41 1925   0.10   1.54     0.00
  MONTH TO DATE    8.87                      2.49   6.38     0.73
  SINCE MAR 1     12.79                      5.28   7.51     1.13
  SINCE JAN 1     13.78                      6.88   6.90     1.35

SNOWFALL (IN)
  YESTERDAY        0.0
  MONTH TO DATE    0.0
  SINCE MAR 1      0.0
  SINCE JUL 1      0.0

DEGREE DAYS
 HEATING
  YESTERDAY        0                         0      0        0
  MONTH TO DATE    0                         0      0        4
  SINCE MAR 1    148                       139      9      152
  SINCE JUL 1   1475                      1375    100     1559

 COOLING
  YESTERDAY       12                        16     -4       18
  MONTH TO DATE  348                       379    -31      370
  SINCE MAR 1    639                       689    -50      745
  SINCE JAN 1    654                       708    -54      790
..................................................................


WIND (MPH)
  HIGHEST WIND SPEED    35   HIGHEST WIND DIRECTION     N (20)
  HIGHEST GUST SPEED    46   HIGHEST GUST DIRECTION     N (20)
  AVERAGE WIND SPEED    12.4


SKY COVER
  AVERAGE SKY COVER 0.7


WEATHER CONDITIONS
 THE FOLLOWING WEATHER WAS RECORDED YESTERDAY.
  HEAVY RAIN
  RAIN
  LIGHT RAIN
  FOG


RELATIVE HUMIDITY (PERCENT)
 HIGHEST    87           400 AM
 LOWEST     55           500 PM
 AVERAGE    71

..........................................................


THE DEL RIO CLIMATE NORMALS FOR TODAY
                         NORMAL    RECORD    YEAR
 MAXIMUM TEMPERATURE (F)   92       104      1927
                                             1912
 MINIMUM TEMPERATURE (F)   71        57      1992


SUNRISE AND SUNSET
MAY 29 2015...........SUNRISE   645 AM CDT   SUNSET   837 PM CDT
MAY 30 2015...........SUNRISE   645 AM CDT   SUNSET   838 PM CDT


-  INDICATES NEGATIVE NUMBERS.
R  INDICATES RECORD WAS SET OR TIED.
MM INDICATES DATA IS MISSING.
T  INDICATES TRACE AMOUNT.




$$
