000
CDUS44 KEWX 212221
CLIDRT


CLIMATE REPORT
NATIONAL WEATHER SERVICE AUSTIN/SAN ANTONIO, TX
520 PM CDT SUN SEP 21 2014

...................................

...THE DEL RIO CLIMATE SUMMARY FOR SEPTEMBER 21 2014...
VALID TODAY AS OF 0500 PM LOCAL TIME.

CLIMATE NORMAL PERIOD 1981 TO 2010
CLIMATE RECORD PERIOD 1906 TO 2014


WEATHER ITEM   OBSERVED TIME   RECORD YEAR NORMAL DEPARTURE LAST
                VALUE   (LST)  VALUE       VALUE  FROM      YEAR
                                                  NORMAL
..................................................................
TEMPERATURE (F)
 TODAY
  MAXIMUM         91    305 PM 101    1992  89      2       87
  MINIMUM         76    750 AM  50    1913  68      8       68
  AVERAGE         84                        79      5       78

PRECIPITATION (IN)
  TODAY            T             4.14 1964   0.06  -0.06     0.00
  MONTH TO DATE    1.42                      1.53  -0.11     4.40
  SINCE SEP 1      1.42                      1.53  -0.11     4.40
  SINCE JAN 1      8.59                     15.04  -6.45    12.89

SNOWFALL (IN)
  TODAY            0.0
  MONTH TO DATE    0.0
  SINCE SEP 1      0.0
  SINCE JUL 1      0.0
  SNOW DEPTH       0

DEGREE DAYS
 HEATING
  TODAY            0                         0      0        0
  MONTH TO DATE    0                         0      0        0
  SINCE SEP 1      0                         0      0        0
  SINCE JUL 1      0                         0      0        0

 COOLING
  TODAY           19                        14      5       13
  MONTH TO DATE  373                       349     24      385
  SINCE SEP 1    373                       349     24      385
  SINCE JAN 1   3262                      2984    278     3325
..................................................................


WIND (MPH)
  HIGHEST WIND SPEED    13   HIGHEST WIND DIRECTION    NE (60)
  HIGHEST GUST SPEED    16   HIGHEST GUST DIRECTION     E (70)
  AVERAGE WIND SPEED     8.0



WEATHER CONDITIONS
 THE FOLLOWING WEATHER WAS RECORDED TODAY.
  LIGHT RAIN


RELATIVE HUMIDITY (PERCENT)
 HIGHEST    88           600 AM
 LOWEST     50           300 PM
 AVERAGE    69

..........................................................


THE DEL RIO CLIMATE NORMALS FOR TOMORROW
                         NORMAL    RECORD    YEAR
 MAXIMUM TEMPERATURE (F)   89       102      1946
 MINIMUM TEMPERATURE (F)   68        48      1995


SUNRISE AND SUNSET
SEPTEMBER 21 2014.....SUNRISE   732 AM CDT   SUNSET   741 PM CDT
SEPTEMBER 22 2014.....SUNRISE   732 AM CDT   SUNSET   740 PM CDT


-  INDICATES NEGATIVE NUMBERS.
R  INDICATES RECORD WAS SET OR TIED.
MM INDICATES DATA IS MISSING.
T  INDICATES TRACE AMOUNT.


$$
