100
CDUS44 KEWX 210010
CLIDRT


CLIMATE REPORT
NATIONAL WEATHER SERVICE AUSTIN/SAN ANTONIO, TX
610 PM CST MON FEB 20 2017


...................................

...THE DEL RIO CLIMATE SUMMARY FOR FEBRUARY 20 2017...
VALID TODAY AS OF 600 PM LOCAL TIME.

CLIMATE NORMAL PERIOD 1981 TO 2010
CLIMATE RECORD PERIOD 1906 TO 2017


WEATHER ITEM   OBSERVED TIME   RECORD YEAR NORMAL DEPARTURE LAST
                VALUE   (LST)  VALUE       VALUE  FROM      YEAR
                                                  NORMAL
..................................................................
TEMPERATURE (F)
 TODAY
  MAXIMUM         77    448 PM  97    1996  70      7       80
                                      1986
  MINIMUM         50    721 AM  27    1942  46      4       59
  AVERAGE         64                        58      6       70

PRECIPITATION (IN)
  TODAY            T             1.55 1997   0.02  -0.02     0.00
  MONTH TO DATE    0.78                      0.60   0.18     0.00
  SINCE DEC 1      3.45                      1.97   1.48     1.02
  SINCE JAN 1      0.97                      1.32  -0.35     0.68

SNOWFALL (IN)
  TODAY            0.0
  MONTH TO DATE    0.0
  SINCE DEC 1      0.0
  SINCE JUL 1      0.0
  SNOW DEPTH      MM

DEGREE DAYS
 HEATING
  TODAY            1                         8     -7        0
  MONTH TO DATE   89                       192   -103      127
  SINCE DEC 1    712                       985   -273      794
  SINCE JUL 1    781                      1182   -401      937

 COOLING
  TODAY            0                         1     -1        5
  MONTH TO DATE   19                         4     15       22
  SINCE DEC 1     47                        10     37       23
  SINCE JAN 1     35                         7     28       22
..................................................................


WIND (MPH)
  HIGHEST WIND SPEED    23   HIGHEST WIND DIRECTION     W (280)
  HIGHEST GUST SPEED    30   HIGHEST GUST DIRECTION    NW (300)
  AVERAGE WIND SPEED    10.1



WEATHER CONDITIONS
 THE FOLLOWING WEATHER WAS RECORDED TODAY.
  NO SIGNIFICANT WEATHER WAS OBSERVED.


RELATIVE HUMIDITY (PERCENT)
 HIGHEST    87          1200 AM
 LOWEST     23           300 PM
 AVERAGE    55

..........................................................


THE DEL RIO CLIMATE NORMALS FOR TOMORROW
                         NORMAL    RECORD    YEAR
 MAXIMUM TEMPERATURE (F)   70        99      1996
 MINIMUM TEMPERATURE (F)   47        30      1939
                                             1912


SUNRISE AND SUNSET
FEBRUARY 20 2017......SUNRISE   718 AM CST   SUNSET   637 PM CST
FEBRUARY 21 2017......SUNRISE   717 AM CST   SUNSET   638 PM CST


-  INDICATES NEGATIVE NUMBERS.
R  INDICATES RECORD WAS SET OR TIED.
MM INDICATES DATA IS MISSING.
T  INDICATES TRACE AMOUNT.




$$
