000
CDUS44 KDRT 250754
CLIDRT


CLIMATE REPORT
NATIONAL WEATHER SERVICE AUSTIN/SAN ANTONIO, TX
233 AM CDT SUN SEP 25 2016


...................................

...THE DEL RIO CLIMATE SUMMARY FOR SEPTEMBER 24 2016...

CLIMATE NORMAL PERIOD 1981 TO 2010
CLIMATE RECORD PERIOD 1906 TO 2016


WEATHER ITEM   OBSERVED TIME   RECORD YEAR NORMAL DEPARTURE LAST
                VALUE   (LST)  VALUE       VALUE  FROM      YEAR
                                                  NORMAL
..................................................................
TEMPERATURE (F)
 YESTERDAY
  MAXIMUM         92    244 PM 103    2005  88      4       91
  MINIMUM         70   1159 PM  51    1989  67      3       67
  AVERAGE         81                        78      3       79

PRECIPITATION (IN)
  YESTERDAY        1.41          2.60 1964   0.07   1.34     0.00
  MONTH TO DATE    3.62                      1.73   1.89     0.40
  SINCE SEP 1      3.62                      1.73   1.89     0.40
  SINCE JAN 1     25.47                     15.24  10.23    21.02

SNOWFALL (IN)
  YESTERDAY        0.0
  MONTH TO DATE    0.0
  SINCE SEP 1      0.0
  SINCE JUL 1      0.0

DEGREE DAYS
 HEATING
  YESTERDAY        0                         0      0        0
  MONTH TO DATE    0                         0      0        0
  SINCE SEP 1      0                         0      0        0
  SINCE JUL 1      0                         0      0        0

 COOLING
  YESTERDAY       16                        13      3       14
  MONTH TO DATE  424                       389     35      495
  SINCE SEP 1    424                       389     35      495
  SINCE JAN 1   3138                      3024    114     3084
..................................................................


WIND (MPH)
  HIGHEST WIND SPEED    30   HIGHEST WIND DIRECTION     S (190)
  HIGHEST GUST SPEED    38   HIGHEST GUST DIRECTION     S (160)
  AVERAGE WIND SPEED     9.3


SKY COVER
  AVERAGE SKY COVER 0.3


WEATHER CONDITIONS
 THE FOLLOWING WEATHER WAS RECORDED YESTERDAY.
  HEAVY RAIN
  RAIN
  LIGHT RAIN
  FOG
  HAZE


RELATIVE HUMIDITY (PERCENT)
 HIGHEST   100           800 PM
 LOWEST     49           300 PM
 AVERAGE    75

..........................................................


THE DEL RIO CLIMATE NORMALS FOR TODAY
                         NORMAL    RECORD    YEAR
 MAXIMUM TEMPERATURE (F)   88       107      2005
 MINIMUM TEMPERATURE (F)   67        49      1989


SUNRISE AND SUNSET
SEPTEMBER 25 2016.....SUNRISE   734 AM CDT   SUNSET   736 PM CDT
SEPTEMBER 26 2016.....SUNRISE   734 AM CDT   SUNSET   735 PM CDT


-  INDICATES NEGATIVE NUMBERS.
R  INDICATES RECORD WAS SET OR TIED.
MM INDICATES DATA IS MISSING.
T  INDICATES TRACE AMOUNT.




$$
