000
CDUS44 KEWX 112221
CLIDRT


CLIMATE REPORT
NATIONAL WEATHER SERVICE AUSTIN/SAN ANTONIO, TX
521 PM CDT FRI JUL 11 2014


...................................

...THE DEL RIO CLIMATE SUMMARY FOR JULY 11 2014...
VALID TODAY AS OF 520 PM LOCAL TIME.

CLIMATE NORMAL PERIOD 1981 TO 2010
CLIMATE RECORD PERIOD 1906 TO 2014


WEATHER ITEM   OBSERVED TIME   RECORD YEAR NORMAL DEPARTURE LAST
                VALUE   (LST)  VALUE       VALUE  FROM      YEAR
                                                  NORMAL
..................................................................
TEMPERATURE (F)
 TODAY
  MAXIMUM         86    359 PM 106    1998  96    -10       99
  MINIMUM         71    642 AM  68    1976  75     -4       78
                                      1943
  AVERAGE         79                        86     -7       89

PRECIPITATION (IN)
  TODAY            0.14          2.50 1943   0.06   0.08     0.00
  MONTH TO DATE    0.14                      0.66  -0.52      T
  SINCE JUN 1      4.83                      3.01   1.82     1.76
  SINCE JAN 1      6.18                     10.21  -4.03     4.98

SNOWFALL (IN)
  TODAY            0.0
  MONTH TO DATE    0.0
  SINCE JUN 1      0.0
  SINCE JUL 1      0.0
  SNOW DEPTH       0

DEGREE DAYS
 HEATING
  TODAY            0                         0      0        0
  MONTH TO DATE    0                         0      0        0
  SINCE JUN 1      0                         0      0        0
  SINCE JUL 1      0                         0      0        0

 COOLING
  TODAY           14                        21     -7       24
  MONTH TO DATE  221                       225     -4      223
  SINCE JUN 1    849                       796     53      848
  SINCE JAN 1   1699                      1555    144     1754
..................................................................


WIND (MPH)
  HIGHEST WIND SPEED    29   HIGHEST WIND DIRECTION    SE (150)
  HIGHEST GUST SPEED    35   HIGHEST GUST DIRECTION    SE (150)
  AVERAGE WIND SPEED    12.0



WEATHER CONDITIONS
 THE FOLLOWING WEATHER WAS RECORDED TODAY.
  RAIN
  LIGHT RAIN
  FOG


RELATIVE HUMIDITY (PERCENT)
 HIGHEST    87          1000 AM
 LOWEST     51           400 PM
 AVERAGE    69

..........................................................


THE DEL RIO CLIMATE NORMALS FOR TOMORROW
                         NORMAL    RECORD    YEAR
 MAXIMUM TEMPERATURE (F)   96       107      1998
 MINIMUM TEMPERATURE (F)   75        70      1983
                                             1976
                                             1950


SUNRISE AND SUNSET
JULY 11 2014..........SUNRISE   652 AM CDT   SUNSET   846 PM CDT
JULY 12 2014..........SUNRISE   653 AM CDT   SUNSET   846 PM CDT


-  INDICATES NEGATIVE NUMBERS.
R  INDICATES RECORD WAS SET OR TIED.
MM INDICATES DATA IS MISSING.
T  INDICATES TRACE AMOUNT.




$$
