000
CDUS44 KEWX 232222
CLIDRT


CLIMATE REPORT
NATIONAL WEATHER SERVICE AUSTIN/SAN ANTONIO, TX
521 PM CDT TUE SEP 23 2014

...................................

...THE DEL RIO CLIMATE SUMMARY FOR SEPTEMBER 23 2014...
VALID TODAY AS OF 0500 PM LOCAL TIME.

CLIMATE NORMAL PERIOD 1981 TO 2010
CLIMATE RECORD PERIOD 1906 TO 2014


WEATHER ITEM   OBSERVED TIME   RECORD YEAR NORMAL DEPARTURE LAST
                VALUE   (LST)  VALUE       VALUE  FROM      YEAR
                                                  NORMAL
..................................................................
TEMPERATURE (F)
 TODAY
  MAXIMUM         92    352 PM 104    1908  89      3       89
  MINIMUM         75    643 AM  51    1995  68      7       61
  AVERAGE         84                        78      6       75

PRECIPITATION (IN)
  TODAY            0.00          1.81 1960   0.07  -0.07     0.00
  MONTH TO DATE    1.44                      1.66  -0.22     4.40
  SINCE SEP 1      1.44                      1.66  -0.22     4.40
  SINCE JAN 1      8.61                     15.17  -6.56    12.89

SNOWFALL (IN)
  TODAY            0.0
  MONTH TO DATE    0.0
  SINCE SEP 1      0.0
  SINCE JUL 1      0.0
  SNOW DEPTH       0

DEGREE DAYS
 HEATING
  TODAY            0                         0      0        0
  MONTH TO DATE    0                         0      0        0
  SINCE SEP 1      0                         0      0        0
  SINCE JUL 1      0                         0      0        0

 COOLING
  TODAY           19                        13      6       10
  MONTH TO DATE  409                       376     33      404
  SINCE SEP 1    409                       376     33      404
  SINCE JAN 1   3298                      3011    287     3344
..................................................................


WIND (MPH)
  HIGHEST WIND SPEED    14   HIGHEST WIND DIRECTION    SE (140)
  HIGHEST GUST SPEED    17   HIGHEST GUST DIRECTION    SE (130)
  AVERAGE WIND SPEED     7.6



WEATHER CONDITIONS
 THE FOLLOWING WEATHER WAS RECORDED TODAY.
  NO SIGNIFICANT WEATHER WAS OBSERVED.


RELATIVE HUMIDITY (PERCENT)
 HIGHEST    69           100 AM
 LOWEST     36          1200 PM
 AVERAGE    53

..........................................................


THE DEL RIO CLIMATE NORMALS FOR TOMORROW
                         NORMAL    RECORD    YEAR
 MAXIMUM TEMPERATURE (F)   88       103      2005
 MINIMUM TEMPERATURE (F)   67        51      1989


SUNRISE AND SUNSET
SEPTEMBER 23 2014.....SUNRISE   733 AM CDT   SUNSET   739 PM CDT
SEPTEMBER 24 2014.....SUNRISE   733 AM CDT   SUNSET   738 PM CDT


-  INDICATES NEGATIVE NUMBERS.
R  INDICATES RECORD WAS SET OR TIED.
MM INDICATES DATA IS MISSING.
T  INDICATES TRACE AMOUNT.


$$
