000
CDUS44 KEWX 220752
CLIDRT


CLIMATE REPORT
NATIONAL WEATHER SERVICE AUSTIN/SAN ANTONIO, TX
251 AM CDT WED OCT 22 2014


...................................

...THE DEL RIO CLIMATE SUMMARY FOR OCTOBER 21 2014...

CLIMATE NORMAL PERIOD 1981 TO 2010
CLIMATE RECORD PERIOD 1906 TO 2014


WEATHER ITEM   OBSERVED TIME   RECORD YEAR NORMAL DEPARTURE LAST
                VALUE   (LST)  VALUE       VALUE  FROM      YEAR
                                                  NORMAL
..................................................................
TEMPERATURE (F)
 YESTERDAY
  MAXIMUM         80    445 PM  93    2012  81     -1       78
  MINIMUM         67    455 AM  41    1916  60      7       59
  AVERAGE         74                        70      4       69

PRECIPITATION (IN)
  YESTERDAY        T             4.14 1918   0.07  -0.07     0.00
  MONTH TO DATE    0.99                      1.75  -0.76     1.40
  SINCE SEP 1      5.22                      3.95   1.27     5.84
  SINCE JAN 1     12.39                     17.46  -5.07    14.33

SNOWFALL (IN)
  YESTERDAY        0.0
  MONTH TO DATE    0.0
  SINCE SEP 1      0.0
  SINCE JUL 1      0.0

DEGREE DAYS
 HEATING
  YESTERDAY        0                         1     -1        0
  MONTH TO DATE    0                         7     -7        8
  SINCE SEP 1      0                         8     -8        8
  SINCE JUL 1      0                         8     -8        8

 COOLING
  YESTERDAY        9                         6      3        4
  MONTH TO DATE  227                       181     46      177
  SINCE SEP 1    712                       641     71      697
  SINCE JAN 1   3601                      3276    325     3637
..................................................................


WIND (MPH)
  HIGHEST WIND SPEED    15   HIGHEST WIND DIRECTION    SE (140)
  HIGHEST GUST SPEED    21   HIGHEST GUST DIRECTION     E (110)
  AVERAGE WIND SPEED     6.3


SKY COVER
  AVERAGE SKY COVER 0.9


WEATHER CONDITIONS
 THE FOLLOWING WEATHER WAS RECORDED YESTERDAY.
  LIGHT RAIN
  FOG


RELATIVE HUMIDITY (PERCENT)
 HIGHEST    97          1000 PM
 LOWEST     49           400 PM
 AVERAGE    73

..........................................................


THE DEL RIO CLIMATE NORMALS FOR TODAY
                         NORMAL    RECORD    YEAR
 MAXIMUM TEMPERATURE (F)   81        92      1950
 MINIMUM TEMPERATURE (F)   59        34      1911


SUNRISE AND SUNSET
OCTOBER 22 2014.......SUNRISE   750 AM CDT   SUNSET   706 PM CDT
OCTOBER 23 2014.......SUNRISE   750 AM CDT   SUNSET   705 PM CDT


-  INDICATES NEGATIVE NUMBERS.
R  INDICATES RECORD WAS SET OR TIED.
MM INDICATES DATA IS MISSING.
T  INDICATES TRACE AMOUNT.




$$
