000
CDUS44 KEWX 290752
CLIDRT


CLIMATE REPORT
NATIONAL WEATHER SERVICE AUSTIN/SAN ANTONIO, TX
251 AM CDT FRI AUG 29 2014


...................................

...THE DEL RIO CLIMATE SUMMARY FOR AUGUST 28 2014...

CLIMATE NORMAL PERIOD 1981 TO 2010
CLIMATE RECORD PERIOD 1906 TO 2014


WEATHER ITEM   OBSERVED TIME   RECORD YEAR NORMAL DEPARTURE LAST
                VALUE   (LST)  VALUE       VALUE  FROM      YEAR
                                                  NORMAL
..................................................................
TEMPERATURE (F)
 YESTERDAY
  MAXIMUM        100    516 PM 107    2011  96      4       95
  MINIMUM         77    647 AM  66    1987  74      3       75
                                      1906
  AVERAGE         89                        85      4       85

PRECIPITATION (IN)
  YESTERDAY        0.00          1.59 1987   0.08  -0.08     0.00
  MONTH TO DATE    0.78                      1.90  -1.12     0.74
  SINCE JUN 1      5.82                      6.03  -0.21     5.27
  SINCE JAN 1      7.17                     13.23  -6.06     8.49

SNOWFALL (IN)
  YESTERDAY        0.0
  MONTH TO DATE    0.0
  SINCE JUN 1      0.0
  SINCE JUL 1      0.0

DEGREE DAYS
 HEATING
  YESTERDAY        0                         0      0        0
  MONTH TO DATE    0                         0      0        0
  SINCE JUN 1      0                         0      0        0
  SINCE JUL 1      0                         0      0        0

 COOLING
  YESTERDAY       24                        20      4       20
  MONTH TO DATE  644                       602     42      679
  SINCE JUN 1   1967                      1821    146     1965
  SINCE JAN 1   2817                      2580    237     2871
..................................................................


WIND (MPH)
  HIGHEST WIND SPEED    17   HIGHEST WIND DIRECTION    SE (120)
  HIGHEST GUST SPEED    26   HIGHEST GUST DIRECTION     E (100)
  AVERAGE WIND SPEED     8.2


SKY COVER
  AVERAGE SKY COVER 0.0


WEATHER CONDITIONS
 THE FOLLOWING WEATHER WAS RECORDED YESTERDAY.
  NO SIGNIFICANT WEATHER WAS OBSERVED.


RELATIVE HUMIDITY (PERCENT)
 HIGHEST    67           700 AM
 LOWEST     27           400 PM
 AVERAGE    47

..........................................................


THE DEL RIO CLIMATE NORMALS FOR TODAY
                         NORMAL    RECORD    YEAR
 MAXIMUM TEMPERATURE (F)   96       107      2011
 MINIMUM TEMPERATURE (F)   74        64      1940


SUNRISE AND SUNSET
AUGUST 29 2014........SUNRISE   720 AM CDT   SUNSET   809 PM CDT
AUGUST 30 2014........SUNRISE   720 AM CDT   SUNSET   808 PM CDT


-  INDICATES NEGATIVE NUMBERS.
R  INDICATES RECORD WAS SET OR TIED.
MM INDICATES DATA IS MISSING.
T  INDICATES TRACE AMOUNT.




$$
