000
CDUS43 KDTX 190539
CLIDTW


CLIMATE REPORT
NATIONAL WEATHER SERVICE DETROIT/PONTIAC MI
139 AM EDT FRI SEP 19 2014


...................................

...THE DETROIT MI CLIMATE SUMMARY FOR SEPTEMBER 18 2014...

CLIMATE NORMAL PERIOD 1981 TO 2010
CLIMATE RECORD PERIOD 1874 TO 2014


WEATHER ITEM   OBSERVED TIME   RECORD YEAR NORMAL DEPARTURE LAST
                VALUE   (LST)  VALUE       VALUE  FROM      YEAR
                                                  NORMAL
..................................................................
TEMPERATURE (F)
 YESTERDAY
  MAXIMUM         69    313 PM  92    1955  73     -4       73
                                      1935
  MINIMUM         48   1159 PM  37    1943  54     -6       49
                                      1875
  AVERAGE         59                        64     -5       61

PRECIPITATION (IN)
  YESTERDAY        0.00          1.06 1899   0.12  -0.12     0.00
  MONTH TO DATE    3.91                      2.00   1.91     0.27
  SINCE SEP 1      3.91                      2.00   1.91     0.27
  SINCE JAN 1     31.33                     24.43   6.90    31.25

SNOWFALL (IN)
  YESTERDAY        0.0           0.0    MM   0.0    0.0      0.0
  MONTH TO DATE    0.0                       0.0    0.0      0.0
  SINCE SEP 1      0.0                       0.0    0.0      0.0
  SINCE JUL 1      0.0                       0.0    0.0      0.0
  SNOW DEPTH       0

DEGREE DAYS
 HEATING
  YESTERDAY        6                         4      2        4
  MONTH TO DATE   67                        35     32       54
  SINCE SEP 1     67                        35     32       54
  SINCE JUL 1     80                        45     35       66

 COOLING
  YESTERDAY        0                         2     -2        0
  MONTH TO DATE   66                        66      0       65
  SINCE SEP 1     66                        66      0       65
  SINCE JAN 1    698                       777    -79      858
..................................................................


WIND (MPH)
  HIGHEST WIND SPEED    13   HIGHEST WIND DIRECTION     E (70)
  HIGHEST GUST SPEED    17   HIGHEST GUST DIRECTION     N (350)
  AVERAGE WIND SPEED     5.3


SKY COVER
  POSSIBLE SUNSHINE  MM
  AVERAGE SKY COVER 0.5


WEATHER CONDITIONS
 THE FOLLOWING WEATHER WAS RECORDED YESTERDAY.
  NO SIGNIFICANT WEATHER WAS OBSERVED.


RELATIVE HUMIDITY (PERCENT)
 HIGHEST    89           800 AM
 LOWEST     53           100 PM
 AVERAGE    71

..........................................................


THE DETROIT MI CLIMATE NORMALS FOR TODAY
                         NORMAL    RECORD    YEAR
 MAXIMUM TEMPERATURE (F)   73        93      1955
 MINIMUM TEMPERATURE (F)   53        38      1982


SUNRISE AND SUNSET
SEPTEMBER 19 2014.....SUNRISE   717 AM EDT   SUNSET   736 PM EDT
SEPTEMBER 20 2014.....SUNRISE   719 AM EDT   SUNSET   734 PM EDT


-  INDICATES NEGATIVE NUMBERS.
R  INDICATES RECORD WAS SET OR TIED.
MM INDICATES DATA IS MISSING.
T  INDICATES TRACE AMOUNT.




$$
