000
CDUS43 KDTX 220535
CLIDTW


CLIMATE REPORT
NATIONAL WEATHER SERVICE DETROIT/PONTIAC MI
135 AM EDT FRI AUG 22 2014


...................................

...THE DETROIT MI CLIMATE SUMMARY FOR AUGUST 21 2014...

CLIMATE NORMAL PERIOD 1981 TO 2010
CLIMATE RECORD PERIOD 1874 TO 2014


WEATHER ITEM   OBSERVED TIME   RECORD YEAR NORMAL DEPARTURE LAST
                VALUE   (LST)  VALUE       VALUE  FROM      YEAR
                                                  NORMAL
..................................................................
TEMPERATURE (F)
 YESTERDAY
  MAXIMUM         81    243 PM 100    1955  81      0       87
  MINIMUM         67    625 AM  46    1876  62      5       67
  AVERAGE         74                        72      2       77

PRECIPITATION (IN)
  YESTERDAY        0.01          2.72 1890   0.08  -0.07     0.00
  MONTH TO DATE    5.73                      2.08   3.65     2.50
  SINCE JUN 1     12.16                      8.97   3.19    12.65
  SINCE JAN 1     26.83                     21.51   5.32    27.50

SNOWFALL (IN)
  YESTERDAY        0.0           0.0    MM   0.0    0.0      0.0
  MONTH TO DATE    0.0                       0.0    0.0      0.0
  SINCE JUN 1      0.0                       0.0    0.0      0.0
  SINCE JUL 1      0.0                       0.0    0.0      0.0
  SNOW DEPTH       0

DEGREE DAYS
 HEATING
  YESTERDAY        0                         0      0        0
  MONTH TO DATE    5                         0      5        8
  SINCE JUN 1     25                        37    -12       35
  SINCE JUL 1     13                         2     11       12

 COOLING
  YESTERDAY        9                         7      2       12
  MONTH TO DATE  124                       162    -38      115
  SINCE JUN 1    476                       600   -124      578
  SINCE JAN 1    540                       648   -108      681
..................................................................


WIND (MPH)
  HIGHEST WIND SPEED    14   HIGHEST WIND DIRECTION     S (160)
  HIGHEST GUST SPEED    18   HIGHEST GUST DIRECTION     N (340)
  AVERAGE WIND SPEED     3.4


SKY COVER
  POSSIBLE SUNSHINE  MM
  AVERAGE SKY COVER 0.9


WEATHER CONDITIONS
 THE FOLLOWING WEATHER WAS RECORDED YESTERDAY.
  LIGHT RAIN
  FOG


RELATIVE HUMIDITY (PERCENT)
 HIGHEST    93          1000 PM
 LOWEST     69           900 AM
 AVERAGE    81

..........................................................


THE DETROIT MI CLIMATE NORMALS FOR TODAY
                         NORMAL    RECORD    YEAR
 MAXIMUM TEMPERATURE (F)   81       101      1936
 MINIMUM TEMPERATURE (F)   62        45      1923


SUNRISE AND SUNSET
AUGUST 22 2014........SUNRISE   648 AM EDT   SUNSET   823 PM EDT
AUGUST 23 2014........SUNRISE   649 AM EDT   SUNSET   822 PM EDT


-  INDICATES NEGATIVE NUMBERS.
R  INDICATES RECORD WAS SET OR TIED.
MM INDICATES DATA IS MISSING.
T  INDICATES TRACE AMOUNT.




$$
