000
CDUS45 KTWC 020029
CLIDUG

CLIMATE REPORT
NATIONAL WEATHER SERVICE TUCSON AZ
528 PM MST SAT AUG 1 2015


...................................

...THE DOUGLAS AZ CLIMATE SUMMARY FOR AUGUST 1 2015...
VALID TODAY AS OF 0500 PM LOCAL TIME.

CLIMATE NORMAL PERIOD 1981 TO 2010
CLIMATE RECORD PERIOD 1948 TO 2015


WEATHER ITEM   OBSERVED TIME   RECORD YEAR NORMAL DEPARTURE LAST
                VALUE   (LST)  VALUE       VALUE  FROM      YEAR
                                                  NORMAL
..................................................................
TEMPERATURE (F)
 TODAY
  MAXIMUM         MM        MM 102    2009  92     MM       83
                                      1972
  MINIMUM         MM        MM  58    1950  66     MM       65
  AVERAGE         MM                        79     MM       74

PRECIPITATION (IN)
  TODAY            0.00                      0.13  -0.13     0.35
  MONTH TO DATE    0.00                      0.13  -0.13     0.35
  SINCE OCT 1     10.28                      8.64   1.64     6.61
  SINCE JAN 1      8.31                      6.09   2.22     5.79

DEGREE DAYS
 COOLING
  TODAY           MM                        14     MM        9
  MONTH TO DATE   MM                        14     MM        9
  SINCE JUN 1    837                       874    -37      962
  SINCE JAN 1    899                      1075   -176     1130
..................................................................


WIND (MPH)
  HIGHEST WIND SPEED    MM   HIGHEST WIND DIRECTION    MM
  HIGHEST GUST SPEED    MM   HIGHEST GUST DIRECTION    MM
  AVERAGE WIND SPEED    MM


SKY COVER
  POSSIBLE SUNSHINE  MM
  AVERAGE SKY COVER 0.0


WEATHER CONDITIONS
 THE FOLLOWING WEATHER WAS RECORDED TODAY.
  THUNDERSTORM


RELATIVE HUMIDITY (PERCENT)
 HIGHEST    MM
 LOWEST     MM
 AVERAGE    MM

..........................................................


THE DOUGLAS AZ CLIMATE NORMALS FOR TOMORROW
                         NORMAL    RECORD    YEAR
 MAXIMUM TEMPERATURE (F)   92       102      1994
 MINIMUM TEMPERATURE (F)   65        60      1950


SUNRISE AND SUNSET
AUGUST  1 2015........SUNRISE   535 AM MST   SUNSET   714 PM MST
AUGUST  2 2015........SUNRISE   535 AM MST   SUNSET   714 PM MST


-  INDICATES NEGATIVE NUMBERS.
R  INDICATES RECORD WAS SET OR TIED.
MM INDICATES DATA IS MISSING.
T  INDICATES TRACE AMOUNT.




$$
