000
CDUS45 KTWC 161427 RRA
CLIDUG

CLIMATE REPORT
NATIONAL WEATHER SERVICE TUCSON AZ
727 AM MST MON JAN 16 2017


...................................

...THE DOUGLAS AZ CLIMATE SUMMARY FOR JANUARY 16 2017...
VALID AS OF 0700 AM LOCAL TIME.

CLIMATE NORMAL PERIOD 1981 TO 2010
CLIMATE RECORD PERIOD 1948 TO 2017


WEATHER ITEM   OBSERVED TIME   RECORD YEAR NORMAL DEPARTURE LAST
                VALUE   (LST)  VALUE       VALUE  FROM      YEAR
                                                  NORMAL
..................................................................
TEMPERATURE (F)
 TODAY
  MINIMUM         33    659 AM   9    2013  30      3       21

PRECIPITATION (IN)
  TODAY            0.00          0.44 1949   0.02  -0.02     0.00
  MONTH TO DATE    0.60                      0.37   0.23     1.16
  SINCE OCT 1      1.95                      2.92  -0.97     2.37
  SINCE JAN 1      0.60                      0.37   0.23     1.16

DEGREE DAYS
 HEATING
  TODAY           29                        19     10       24

 COOLING
  TODAY            0                         0      0        0
..................................................................


WIND (MPH)
  HIGHEST WIND SPEED     8   HIGHEST WIND DIRECTION    SE (130)
  HIGHEST GUST SPEED     9   HIGHEST GUST DIRECTION    SE (140)
  AVERAGE WIND SPEED     3.9


SKY COVER
  POSSIBLE SUNSHINE  MM
  AVERAGE SKY COVER 0.4


WEATHER CONDITIONS
 THE FOLLOWING WEATHER WAS RECORDED TODAY.
  NO SIGNIFICANT WEATHER WAS OBSERVED.


RELATIVE HUMIDITY (PERCENT)
 HIGHEST   100          1200 AM

..........................................................


THE DOUGLAS AZ CLIMATE NORMALS FOR TOMORROW
                         NORMAL    RECORD    YEAR
 MAXIMUM TEMPERATURE (F)   63        82      2000
 MINIMUM TEMPERATURE (F)   30        13      2007


SUNRISE AND SUNSET
JANUARY 16 2017.......SUNRISE   718 AM MST   SUNSET   539 PM MST
JANUARY 17 2017.......SUNRISE   718 AM MST   SUNSET   540 PM MST


-  INDICATES NEGATIVE NUMBERS.
R  INDICATES RECORD WAS SET OR TIED.
MM INDICATES DATA IS MISSING.
T  INDICATES TRACE AMOUNT.




$$
