000
CDUS45 KTWC 250028 RRA
CLIDUG

CLIMATE REPORT
NATIONAL WEATHER SERVICE TUCSON AZ
528 PM MST FRI NOV 24 2017


...................................

...THE DOUGLAS AZ CLIMATE SUMMARY FOR NOVEMBER 24 2017...
VALID TODAY AS OF 0500 PM LOCAL TIME.

CLIMATE NORMAL PERIOD 1981 TO 2010
CLIMATE RECORD PERIOD 1948 TO 2017


WEATHER ITEM   OBSERVED TIME   RECORD YEAR NORMAL DEPARTURE LAST
                VALUE   (LST)  VALUE       VALUE  FROM      YEAR
                                                  NORMAL
..................................................................
TEMPERATURE (F)
 TODAY
  MAXIMUM         84    339 PM  85    1995  67     17       72
  MINIMUM         32    353 AM  17    2014  33     -1       28
  AVERAGE         58                        50      8       50

PRECIPITATION (IN)
  TODAY            0.00                      0.02  -0.02     0.00
  MONTH TO DATE    0.11                      0.54  -0.43     0.20
  SINCE OCT 1      0.23                      1.43  -1.20     0.20
  SINCE JAN 1      8.91                     11.98  -3.07    12.34

DEGREE DAYS
 HEATING
  TODAY            7                        15     -8       15
  MONTH TO DATE  131                       257   -126      201
  SINCE SEP 1    164                       340   -176      214
  SINCE JUL 1    164                       340   -176      214
..................................................................


WIND (MPH)
  HIGHEST WIND SPEED    12   HIGHEST WIND DIRECTION    NW (320)
  HIGHEST GUST SPEED    13   HIGHEST GUST DIRECTION    NW (310)
  AVERAGE WIND SPEED    MM


SKY COVER
  POSSIBLE SUNSHINE  MM
  AVERAGE SKY COVER  MM


WEATHER CONDITIONS
 THE FOLLOWING WEATHER WAS RECORDED TODAY.
  NO SIGNIFICANT WEATHER WAS OBSERVED.


RELATIVE HUMIDITY (PERCENT)
 HIGHEST    MM
 LOWEST     MM
 AVERAGE    MM

..........................................................


THE DOUGLAS AZ CLIMATE NORMALS FOR TOMORROW
                         NORMAL    RECORD    YEAR
 MAXIMUM TEMPERATURE (F)   67        80      1949
 MINIMUM TEMPERATURE (F)   33        15      1992


SUNRISE AND SUNSET
NOVEMBER 24 2017......SUNRISE   654 AM MST   SUNSET   516 PM MST
NOVEMBER 25 2017......SUNRISE   655 AM MST   SUNSET   516 PM MST


-  INDICATES NEGATIVE NUMBERS.
R  INDICATES RECORD WAS SET OR TIED.
MM INDICATES DATA IS MISSING.
T  INDICATES TRACE AMOUNT.




$$
