000
CDUS45 KTWC 010733 RRA
CLIDUG

CLIMATE REPORT
NATIONAL WEATHER SERVICE TUCSON AZ
1231 AM MST TUE SEP 1 2015

...................................

...THE DOUGLAS AZ CLIMATE SUMMARY FOR AUGUST 31 2015...

CLIMATE NORMAL PERIOD 1981 TO 2010
CLIMATE RECORD PERIOD 1948 TO 2015


WEATHER ITEM   OBSERVED TIME   RECORD YEAR NORMAL DEPARTURE LAST
                VALUE   (LST)  VALUE       VALUE  FROM      YEAR
                                                  NORMAL
..................................................................
TEMPERATURE (F)
 YESTERDAY
  MAXIMUM         91    202 PM 102    2011  92     -1       96
  MINIMUM         61    523 AM  54    1956  63     -2       59
  AVERAGE         76                        78     -2       78

PRECIPITATION (IN)
  YESTERDAY        0.00          0.47 1968   0.06  -0.06     0.00
  MONTH TO DATE    3.05                      3.05   0.00     4.00
  SINCE OCT 1     13.33                     11.56   1.77    10.26
  SINCE JAN 1     11.36                      9.01   2.35     9.44

DEGREE DAYS
 HEATING
  YESTERDAY        0                         0      0        0
  MONTH TO DATE    0                         0      0        0
  SINCE JUN 1      0                         0      0        0
  SINCE JUL 1      0                         0      0        0

 COOLING
  YESTERDAY       11                        13     -2       13
  MONTH TO DATE  410                       409      1      325
  SINCE JUN 1   1247                      1269    -22     1278
  SINCE JAN 1   1309                      1470   -161     1446
..................................................................


WIND (MPH)
  HIGHEST WIND SPEED    17   HIGHEST WIND DIRECTION    SW (240)
  HIGHEST GUST SPEED    22   HIGHEST GUST DIRECTION    SW (240)
  AVERAGE WIND SPEED     5.9


SKY COVER
  POSSIBLE SUNSHINE  MM
  AVERAGE SKY COVER 0.0


WEATHER CONDITIONS
 THE FOLLOWING WEATHER WAS RECORDED YESTERDAY.
  NO SIGNIFICANT WEATHER WAS OBSERVED.


RELATIVE HUMIDITY (PERCENT)
 HIGHEST    93
 LOWEST     26
 AVERAGE    60

..........................................................


THE DOUGLAS AZ CLIMATE NORMALS FOR TODAY
                         NORMAL    RECORD    YEAR
 MAXIMUM TEMPERATURE (F)   92       101      2011
                                             1950
 MINIMUM TEMPERATURE (F)   63        54      1957


SUNRISE AND SUNSET
SEPTEMBER  1 2015.....SUNRISE   554 AM MST   SUNSET   642 PM MST
SEPTEMBER  2 2015.....SUNRISE   555 AM MST   SUNSET   641 PM MST


-  INDICATES NEGATIVE NUMBERS.
R  INDICATES RECORD WAS SET OR TIED.
MM INDICATES DATA IS MISSING.
T  INDICATES TRACE AMOUNT.




$$
