000
CDUS45 KTWC 040029
CLIDUG

CLIMATE REPORT
NATIONAL WEATHER SERVICE TUCSON AZ
528 PM MST TUE MAR 3 2015


...................................

...THE DOUGLAS AZ CLIMATE SUMMARY FOR MARCH 3 2015...
VALID TODAY AS OF 0500 PM LOCAL TIME.

CLIMATE NORMAL PERIOD 1981 TO 2010
CLIMATE RECORD PERIOD 1948 TO 2015


WEATHER ITEM   OBSERVED TIME   RECORD YEAR NORMAL DEPARTURE LAST
                VALUE   (LST)  VALUE       VALUE  FROM      YEAR
                                                  NORMAL
..................................................................
TEMPERATURE (F)
 TODAY
  MAXIMUM         64    335 PM  86    2009  70     -6       69
  MINIMUM         44    724 AM  14    2002  35      9       43
  AVERAGE         54                        52      2       56

PRECIPITATION (IN)
  TODAY            0.39                      0.02   0.37     0.00
  MONTH TO DATE    0.39                      0.06   0.33     0.43
  SINCE OCT 1      3.87                      4.00  -0.13     1.25
  SINCE JAN 1      1.90                      1.45   0.45     0.43

DEGREE DAYS
 HEATING
  TODAY           11                        13     -2        9
  MONTH TO DATE   27                        39    -12       28
  SINCE MAR 1     27                        39    -12       28
  SINCE JUL 1   1865                      2075   -210     1992

 COOLING
  TODAY            0                         0      0        0
  MONTH TO DATE    0                         0      0        0
  SINCE MAR 1      0                         0      0        0
  SINCE JAN 1      0                         0      0        0
..................................................................


WIND (MPH)
  HIGHEST WIND SPEED    24   HIGHEST WIND DIRECTION    SW (240)
  HIGHEST GUST SPEED    31   HIGHEST GUST DIRECTION    SW (240)
  AVERAGE WIND SPEED    10.6


SKY COVER
  POSSIBLE SUNSHINE  MM
  AVERAGE SKY COVER 0.7


WEATHER CONDITIONS
 THE FOLLOWING WEATHER WAS RECORDED TODAY.
  HEAVY RAIN
  RAIN
  LIGHT RAIN
  FOG


RELATIVE HUMIDITY (PERCENT)
 HIGHEST    93
 LOWEST     25
 AVERAGE    59

..........................................................


THE DOUGLAS AZ CLIMATE NORMALS FOR TOMORROW
                         NORMAL    RECORD    YEAR
 MAXIMUM TEMPERATURE (F)   70        82      2009
 MINIMUM TEMPERATURE (F)   35        13      1951


SUNRISE AND SUNSET
MARCH  3 2015.........SUNRISE   643 AM MST   SUNSET   618 PM MST
MARCH  4 2015.........SUNRISE   642 AM MST   SUNSET   619 PM MST


-  INDICATES NEGATIVE NUMBERS.
R  INDICATES RECORD WAS SET OR TIED.
MM INDICATES DATA IS MISSING.
T  INDICATES TRACE AMOUNT.




$$
