000
CDUS45 KTWC 250730 RRA
CLIDUG

CLIMATE REPORT
NATIONAL WEATHER SERVICE TUCSON AZ
1230 AM MST TUE JUL 25 2017


...................................

...THE DOUGLAS AZ CLIMATE SUMMARY FOR JULY 24 2017...

CLIMATE NORMAL PERIOD 1981 TO 2010
CLIMATE RECORD PERIOD 1948 TO 2017


WEATHER ITEM   OBSERVED TIME   RECORD YEAR NORMAL DEPARTURE LAST
                VALUE   (LST)  VALUE       VALUE  FROM      YEAR
                                                  NORMAL
..................................................................
TEMPERATURE (F)
 YESTERDAY
  MAXIMUM         87    109 PM 102    1963  93     -6       97
  MINIMUM         67    533 AM  58    1958  66      1       65
  AVERAGE         77                        79     -2       81

PRECIPITATION (IN)
  YESTERDAY        0.14          2.00 1957   0.11   0.03     0.14
  MONTH TO DATE    3.52                      2.09   1.43     3.45
  SINCE OCT 1      6.68                      7.65  -0.97     7.99
  SINCE JAN 1      5.33                      5.10   0.23     6.78

DEGREE DAYS
 HEATING
  YESTERDAY        0                         0      0        0
  MONTH TO DATE    0                         0      0        0
  SINCE JUN 1      0                         0      0        0
  SINCE JUL 1      0                         0      0        0

 COOLING
  YESTERDAY       12                        14     -2       16
  MONTH TO DATE  347                       370    -23      400
  SINCE JUN 1    838                       765     73      868
  SINCE JAN 1   1031                       966     65     1016
..................................................................


WIND (MPH)
  HIGHEST WIND SPEED    21   HIGHEST WIND DIRECTION     N (360)
  HIGHEST GUST SPEED    26   HIGHEST GUST DIRECTION     N (350)
  AVERAGE WIND SPEED     4.9


SKY COVER
  POSSIBLE SUNSHINE  MM
  AVERAGE SKY COVER 0.4


WEATHER CONDITIONS
 THE FOLLOWING WEATHER WAS RECORDED YESTERDAY.
  THUNDERSTORM
  HEAVY RAIN
  RAIN
  LIGHT RAIN


RELATIVE HUMIDITY (PERCENT)
 HIGHEST   100
 LOWEST     43
 AVERAGE    72

..........................................................


THE DOUGLAS AZ CLIMATE NORMALS FOR TODAY
                         NORMAL    RECORD    YEAR
 MAXIMUM TEMPERATURE (F)   93       103      1963
 MINIMUM TEMPERATURE (F)   66        57      1995


SUNRISE AND SUNSET
JULY 25 2017..........SUNRISE   531 AM MST   SUNSET   719 PM MST
JULY 26 2017..........SUNRISE   531 AM MST   SUNSET   718 PM MST


-  INDICATES NEGATIVE NUMBERS.
R  INDICATES RECORD WAS SET OR TIED.
MM INDICATES DATA IS MISSING.
T  INDICATES TRACE AMOUNT.




$$
