000
CDUS43 KDVN 251005
CLIDVN


CLIMATE REPORT
NATIONAL WEATHER SERVICE QUAD CITIES IA IL
404 AM CST SUN JAN 25 2015


...................................

...THE DAVENPORT IA CLIMATE SUMMARY FOR JANUARY 24 2015...

CLIMATE NORMAL PERIOD 1981 TO 2010
CLIMATE RECORD PERIOD 9999 TO 9999


WEATHER ITEM   OBSERVED TIME   RECORD YEAR NORMAL DEPARTURE LAST
                VALUE   (LST)  VALUE       VALUE  FROM      YEAR
                                                  NORMAL
..................................................................
TEMPERATURE (F)
 YESTERDAY
  MAXIMUM         46    353 PM  MM      MM  30     16       32
  MINIMUM         24    716 AM  MM      MM  13     11       -4
  AVERAGE         35                        21     14       14

PRECIPITATION (IN)
  YESTERDAY        0.00         MM      MM   0.05  -0.05     0.02
  MONTH TO DATE    0.50                      0.71  -0.21     0.68
  SINCE DEC 1      1.29                      2.44  -1.15     1.80
  SINCE JAN 1      0.50                      0.71  -0.21     0.68

SNOWFALL (IN)
  YESTERDAY        0.0          MM      MM  MM     MM        0.6
  MONTH TO DATE    8.0                      MM     MM        9.5
  SINCE DEC 1      8.0                      MM     MM       23.4
  SINCE JUL 1     12.0                      MM     MM       26.7
  SNOW DEPTH       0

DEGREE DAYS
 HEATING
  YESTERDAY       30                        44    -14       51
  MONTH TO DATE 1077                      1055     22     1208
  SINCE DEC 1   2150                      2287   -137     2627
  SINCE JUL 1   3755                      3635    120     4040

 COOLING
  YESTERDAY        0                         0      0        0
  MONTH TO DATE    0                         0      0        0
  SINCE DEC 1      0                         0      0        0
  SINCE JAN 1      0                         0      0        0
..................................................................


WIND (MPH)
  HIGHEST WIND SPEED    17   HIGHEST WIND DIRECTION     W (250)
  HIGHEST GUST SPEED    22   HIGHEST GUST DIRECTION     W (250)
  AVERAGE WIND SPEED     8.8


SKY COVER
  POSSIBLE SUNSHINE  MM
  AVERAGE SKY COVER 0.0


WEATHER CONDITIONS
 THE FOLLOWING WEATHER WAS RECORDED YESTERDAY.
  FOG


RELATIVE HUMIDITY (PERCENT)
 HIGHEST    92           300 AM
 LOWEST     60           300 PM
 AVERAGE    76

..........................................................


THE DAVENPORT IA CLIMATE NORMALS FOR TODAY
                         NORMAL    RECORD    YEAR
 MAXIMUM TEMPERATURE (F)   30        MM        MM
 MINIMUM TEMPERATURE (F)   13        MM        MM


SUNRISE AND SUNSET
JANUARY 25 2015.......SUNRISE   721 AM CST   SUNSET   509 PM CST
JANUARY 26 2015.......SUNRISE   720 AM CST   SUNSET   510 PM CST


-  INDICATES NEGATIVE NUMBERS.
R  INDICATES RECORD WAS SET OR TIED.
MM INDICATES DATA IS MISSING.
T  INDICATES TRACE AMOUNT.




$$
