000
CDUS46 KOTX 250825
CLIEAT


CLIMATE REPORT
NATIONAL WEATHER SERVICE SPOKANE, WA
125 AM PDT THU MAY 25 2017


...................................

...THE WENATCHEE WA PANGBORN FIELD CLIMATE SUMMARY FOR MAY 24 2017...

CLIMATE NORMAL PERIOD 1981 TO 2010
CLIMATE RECORD PERIOD 1959 TO 2017


WEATHER ITEM   OBSERVED TIME   RECORD YEAR NORMAL DEPARTURE LAST
                VALUE   (LST)  VALUE       VALUE  FROM      YEAR
                                                  NORMAL
..................................................................
TEMPERATURE (F)
 YESTERDAY
  MAXIMUM         66    254 PM  90    2001  73     -7       76
                                      1992
  MINIMUM         48    459 AM  35    1975  51     -3       52
  AVERAGE         57                        62     -5       64

PRECIPITATION (IN)
  YESTERDAY        0.00          0.50 1962   0.02  -0.02     0.00
  MONTH TO DATE    0.59                      0.48   0.11     0.94
  SINCE OCT 1      9.60                      6.40   3.20    10.24
  SINCE JAN 1      6.78                      3.45   3.33     6.38

SNOWFALL (IN)
  YESTERDAY       MM

DEGREE DAYS
 HEATING
  YESTERDAY        8                         5      3        1
  MONTH TO DATE  192                       173     19       57
  SINCE MAR 1   1404                      1225    179      823
  SINCE JUL 1   6195                      5689    506     4696

 COOLING
  YESTERDAY        0                         2     -2        0
  MONTH TO DATE   20                        22     -2       25
  SINCE MAR 1     20                        60    -40       37
  SINCE JAN 1     20                        60    -40       37
..................................................................


WIND (MPH)
  HIGHEST WIND SPEED    33   HIGHEST WIND DIRECTION    NW (310)
  HIGHEST GUST SPEED    43   HIGHEST GUST DIRECTION    NW (310)
  AVERAGE WIND SPEED    21.3


SKY COVER
  POSSIBLE SUNSHINE  MM
  AVERAGE SKY COVER 0.1


WEATHER CONDITIONS
 THE FOLLOWING WEATHER WAS RECORDED YESTERDAY.
  NO SIGNIFICANT WEATHER WAS OBSERVED.


RELATIVE HUMIDITY (PERCENT)
 HIGHEST    50          1100 PM
 LOWEST     24          1200 PM
 AVERAGE    37

..........................................................


THE WENATCHEE WA PANGBORN FIELD CLIMATE NORMALS FOR TODAY
                         NORMAL    RECORD    YEAR
 MAXIMUM TEMPERATURE (F)   74        93      1992
 MINIMUM TEMPERATURE (F)   51        39      1984


SUNRISE AND SUNSET
MAY 25 2017...........SUNRISE   513 AM PDT   SUNSET   843 PM PDT
MAY 26 2017...........SUNRISE   512 AM PDT   SUNSET   844 PM PDT


-  INDICATES NEGATIVE NUMBERS.
R  INDICATES RECORD WAS SET OR TIED.
MM INDICATES DATA IS MISSING.
T  INDICATES TRACE AMOUNT.




$$
