000
CDUS46 KOTX 270824
CLIEAT


CLIMATE REPORT
NATIONAL WEATHER SERVICE SPOKANE, WA
123 AM PDT WED JUL 27 2016


...................................

...THE WENATCHEE WA PANGBORN FIELD CLIMATE SUMMARY FOR JULY 26 2016...

CLIMATE NORMAL PERIOD 1981 TO 2010
CLIMATE RECORD PERIOD 1959 TO 2016


WEATHER ITEM   OBSERVED TIME   RECORD YEAR NORMAL DEPARTURE LAST
                VALUE   (LST)  VALUE       VALUE  FROM      YEAR
                                                  NORMAL
..................................................................
TEMPERATURE (F)
 YESTERDAY
  MAXIMUM         95    525 PM 106    1998  89      6       79
  MINIMUM         70    326 AM  53    1983  63      7       59
  AVERAGE         83                        76      7       69

PRECIPITATION (IN)
  YESTERDAY        0.00          0.65 1978   0.01  -0.01     0.00
  MONTH TO DATE    0.26                      0.24   0.02     0.24
  SINCE OCT 1     11.16                      7.44   3.72     7.15
  SINCE JAN 1      7.30                      4.49   2.81     3.97

SNOWFALL (IN)
  YESTERDAY       MM

DEGREE DAYS
 HEATING
  YESTERDAY        0                         0      0        0
  MONTH TO DATE    2                         2      0        0
  SINCE JUN 1     58                        60     -2        0
  SINCE JUL 1      2                         2      0        0

 COOLING
  YESTERDAY       18                        11      7        4
  MONTH TO DATE  161                       235    -74      415
  SINCE JUN 1    341                       527   -186      798
  SINCE JAN 1    383                       674   -291      897
..................................................................


WIND (MPH)
  HIGHEST WIND SPEED    23   HIGHEST WIND DIRECTION    NW (300)
  HIGHEST GUST SPEED    28   HIGHEST GUST DIRECTION     W (290)
  AVERAGE WIND SPEED    12.1


SKY COVER
  POSSIBLE SUNSHINE  MM
  AVERAGE SKY COVER 0.0


WEATHER CONDITIONS
 THE FOLLOWING WEATHER WAS RECORDED YESTERDAY.
  NO SIGNIFICANT WEATHER WAS OBSERVED.


RELATIVE HUMIDITY (PERCENT)
 HIGHEST    54           100 AM
 LOWEST     20           400 PM
 AVERAGE    37

..........................................................


THE WENATCHEE WA PANGBORN FIELD CLIMATE NORMALS FOR TODAY
                         NORMAL    RECORD    YEAR
 MAXIMUM TEMPERATURE (F)   89       108      1998
 MINIMUM TEMPERATURE (F)   63        54      1976


SUNRISE AND SUNSET
JULY 27 2016..........SUNRISE   534 AM PDT   SUNSET   840 PM PDT
JULY 28 2016..........SUNRISE   535 AM PDT   SUNSET   839 PM PDT


-  INDICATES NEGATIVE NUMBERS.
R  INDICATES RECORD WAS SET OR TIED.
MM INDICATES DATA IS MISSING.
T  INDICATES TRACE AMOUNT.




$$
