000
CDUS46 KOTX 170836
CLIEAT


CLIMATE REPORT
NATIONAL WEATHER SERVICE SPOKANE, WA
1235 AM PST SAT FEB 17 2018


...................................

...THE WENATCHEE WA PANGBORN FIELD CLIMATE SUMMARY FOR FEBRUARY 16 2018...

CLIMATE NORMAL PERIOD 1981 TO 2010
CLIMATE RECORD PERIOD 1959 TO 2018


WEATHER ITEM   OBSERVED TIME   RECORD YEAR NORMAL DEPARTURE LAST
                VALUE   (LST)  VALUE       VALUE  FROM      YEAR
                                                  NORMAL
..................................................................
TEMPERATURE (F)
 YESTERDAY
  MAXIMUM         52    239 PM  63    1977  42     10       41
  MINIMUM         28    726 AM  14    1993  28      0       31
  AVERAGE         40                        35      5       36

PRECIPITATION (IN)
  YESTERDAY        0.00          0.71 1972   0.03  -0.03      T
  MONTH TO DATE    0.17                      0.48  -0.31     1.17
  SINCE OCT 1      4.33                      4.49  -0.16     5.10
  SINCE JAN 1      1.25                      1.54  -0.29     2.28

SNOWFALL (IN)
  YESTERDAY       MM

DEGREE DAYS
 HEATING
  YESTERDAY       25                        30     -5       29
  MONTH TO DATE  411                       506    -95      652
  SINCE DEC 1   2575                      2754   -179     3306
  SINCE JUL 1   3998                      4126   -128     4383

 COOLING
  YESTERDAY        0                         0      0        0
  MONTH TO DATE    0                         0      0        0
  SINCE DEC 1      0                         0      0        0
  SINCE JAN 1      0                         0      0        0
..................................................................


WIND (MPH)
  HIGHEST WIND SPEED    18   HIGHEST WIND DIRECTION    NW (310)
  HIGHEST GUST SPEED    22   HIGHEST GUST DIRECTION    NW (330)
  AVERAGE WIND SPEED     5.3


SKY COVER
  POSSIBLE SUNSHINE  MM
  AVERAGE SKY COVER 0.4


WEATHER CONDITIONS
 THE FOLLOWING WEATHER WAS RECORDED YESTERDAY.
  NO SIGNIFICANT WEATHER WAS OBSERVED.


RELATIVE HUMIDITY (PERCENT)
 HIGHEST    78           600 AM
 LOWEST     42           100 PM
 AVERAGE    60

..........................................................


THE WENATCHEE WA PANGBORN FIELD CLIMATE NORMALS FOR TODAY
                         NORMAL    RECORD    YEAR
 MAXIMUM TEMPERATURE (F)   42        59      1982
 MINIMUM TEMPERATURE (F)   28         7      1993


SUNRISE AND SUNSET
FEBRUARY 17 2018......SUNRISE   702 AM PST   SUNSET   528 PM PST
FEBRUARY 18 2018......SUNRISE   701 AM PST   SUNSET   529 PM PST


-  INDICATES NEGATIVE NUMBERS.
R  INDICATES RECORD WAS SET OR TIED.
MM INDICATES DATA IS MISSING.
T  INDICATES TRACE AMOUNT.




$$
