000
CDUS46 KOTX 212332
CLIEAT


CLIMATE REPORT
NATIONAL WEATHER SERVICE SPOKANE, WA
431 PM PDT FRI JUL 21 2017


...................................

...THE WENATCHEE WA PANGBORN FIELD CLIMATE SUMMARY FOR JULY 21 2017...
VALID AS OF 0400 PM LOCAL TIME.

CLIMATE NORMAL PERIOD 1981 TO 2010
CLIMATE RECORD PERIOD 1959 TO 2017


WEATHER ITEM   OBSERVED TIME   RECORD YEAR NORMAL DEPARTURE LAST
                VALUE   (LST)  VALUE       VALUE  FROM      YEAR
                                                  NORMAL
..................................................................
TEMPERATURE (F)
 TODAY
  MAXIMUM         82    253 PM 105    1994  89     -7       92
  MINIMUM         58    445 AM  51    1984  63     -5       58
  AVERAGE         70                        76     -6       75

PRECIPITATION (IN)
  TODAY            0.00          0.04 1972   0.01  -0.01      T
  MONTH TO DATE    0.00                      0.20  -0.20     0.21
  SINCE OCT 1      9.82                      7.40   2.42    11.11
  SINCE JAN 1      7.00                      4.45   2.55     7.25

SNOWFALL (IN)
  TODAY           MM

DEGREE DAYS
 HEATING
  TODAY            0                         0      0        0
  MONTH TO DATE    0                         2     -2        2
  SINCE JUN 1     40                        60    -20       58
  SINCE JUL 1      0                         2     -2        2

 COOLING
  TODAY            5                        11     -6       10
  MONTH TO DATE  246                       180     66      106
  SINCE JUN 1    370                       472   -102      286
  SINCE JAN 1    426                       619   -193      328
..................................................................


WIND (MPH)
  HIGHEST WIND SPEED    15   HIGHEST WIND DIRECTION     W (290)
  HIGHEST GUST SPEED    19   HIGHEST GUST DIRECTION    SE (130)
  AVERAGE WIND SPEED     7.5


SKY COVER
  POSSIBLE SUNSHINE  MM
  AVERAGE SKY COVER 0.0


WEATHER CONDITIONS
 THE FOLLOWING WEATHER WAS RECORDED TODAY.
  NO SIGNIFICANT WEATHER WAS OBSERVED.


RELATIVE HUMIDITY (PERCENT)
 HIGHEST    62           400 AM
 LOWEST     25          1200 PM
 AVERAGE    44

..........................................................


THE WENATCHEE WA PANGBORN FIELD CLIMATE NORMALS FOR TOMORROW
                         NORMAL    RECORD    YEAR
 MAXIMUM TEMPERATURE (F)   89       107      1994
 MINIMUM TEMPERATURE (F)   63        49      1982


SUNRISE AND SUNSET
JULY 21 2017..........SUNRISE   526 AM PDT   SUNSET   848 PM PDT
JULY 22 2017..........SUNRISE   527 AM PDT   SUNSET   846 PM PDT


-  INDICATES NEGATIVE NUMBERS.
R  INDICATES RECORD WAS SET OR TIED.
MM INDICATES DATA IS MISSING.
T  INDICATES TRACE AMOUNT.




$$
