259
CDUS46 KOTX 030435
CLIEAT


CLIMATE REPORT
NATIONAL WEATHER SERVICE SPOKANE, WA
935 PM PDT MON MAY 2 2016


...................................

...THE WENATCHEE WA PANGBORN FIELD CLIMATE SUMMARY FOR MAY 2 2016...
VALID TODAY AS OF 0800 PM LOCAL TIME.

CLIMATE NORMAL PERIOD 1981 TO 2010
CLIMATE RECORD PERIOD 1959 TO 2016


WEATHER ITEM   OBSERVED TIME   RECORD YEAR NORMAL DEPARTURE LAST
                VALUE   (LST)  VALUE       VALUE  FROM      YEAR
                                                  NORMAL
..................................................................
TEMPERATURE (F)
 TODAY
  MAXIMUM         84    329 PM  85    2014  67     17       72
  MINIMUM         49    428 AM  35    1997  44      5       49
  AVERAGE         67                        56     11       61

PRECIPITATION (IN)
  TODAY            0.00          0.31 2007   0.02  -0.02     0.00
  MONTH TO DATE    0.00                      0.03  -0.03     0.00
  SINCE OCT 1      9.30                      5.95   3.35     5.66
  SINCE JAN 1      5.44                      3.00   2.44     2.48

SNOWFALL (IN)
  TODAY           MM

DEGREE DAYS
 HEATING
  TODAY            0                        10    -10        4
  MONTH TO DATE    2                        20    -18        4
  SINCE MAR 1    768                      1072   -304      799
  SINCE JUL 1   4641                      5536   -895     4428

 COOLING
  TODAY            2                         0      2        0
  MONTH TO DATE    2                         0      2        2
  SINCE MAR 1     14                        38    -24        2
  SINCE JAN 1     14                        38    -24        2
..................................................................


WIND (MPH)
  HIGHEST WIND SPEED    16   HIGHEST WIND DIRECTION    SE (140)
  HIGHEST GUST SPEED    20   HIGHEST GUST DIRECTION    SE (120)
  AVERAGE WIND SPEED     7.3


SKY COVER
  POSSIBLE SUNSHINE  MM
  AVERAGE SKY COVER 0.0


WEATHER CONDITIONS
 THE FOLLOWING WEATHER WAS RECORDED TODAY.
  NO SIGNIFICANT WEATHER WAS OBSERVED.


RELATIVE HUMIDITY (PERCENT)
 HIGHEST    63           300 AM
 LOWEST     15           400 PM
 AVERAGE    39

..........................................................


THE WENATCHEE WA PANGBORN FIELD CLIMATE NORMALS FOR TOMORROW
                         NORMAL    RECORD    YEAR
 MAXIMUM TEMPERATURE (F)   67        87      1966
 MINIMUM TEMPERATURE (F)   45        34      1996


SUNRISE AND SUNSET
MAY  2 2016...........SUNRISE   542 AM PDT   SUNSET   815 PM PDT
MAY  3 2016...........SUNRISE   540 AM PDT   SUNSET   816 PM PDT


-  INDICATES NEGATIVE NUMBERS.
R  INDICATES RECORD WAS SET OR TIED.
MM INDICATES DATA IS MISSING.
T  INDICATES TRACE AMOUNT.




$$
