000
CDUS42 KAKQ 300537
CLIECG


CLIMATE REPORT
NATIONAL WEATHER SERVICE WAKEFIELD, VA
136 AM EDT MON MAY 30 2016


...................................

...THE ELIZABETH CITY NC CLIMATE SUMMARY FOR MAY 29 2016...

CLIMATE NORMAL PERIOD 1981 TO 2010
CLIMATE RECORD PERIOD 1934 TO 2016


WEATHER ITEM   OBSERVED TIME   RECORD YEAR NORMAL DEPARTURE LAST
                VALUE   (LST)  VALUE       VALUE  FROM      YEAR
                                                  NORMAL
..................................................................
TEMPERATURE (F)
 YESTERDAY
  MAXIMUM         81    829 AM  99    1941  80      1       82
  MINIMUM         70    406 AM  37    1997  61      9       63
  AVERAGE         76                        71      5       73

PRECIPITATION (IN)
  YESTERDAY        0.89          3.34 2000   0.14   0.75     0.00
  MONTH TO DATE    3.70                      3.35   0.35     3.42
  SINCE MAR 1      9.96                     10.47  -0.51    10.50
  SINCE JAN 1     17.55                     16.91   0.64    17.30

SNOWFALL (IN)
  YESTERDAY        0.0           0.0  2002  MM     MM
  MONTH TO DATE    0.0                      MM     MM
  SINCE NOV 1      1.8                      MM     MM
  SINCE JUL 1      1.8                      MM     MM
  SNOW DEPTH       0

DEGREE DAYS
 HEATING
  YESTERDAY        0                         1     -1        0
  MONTH TO DATE   58                        67     -9       29
  SINCE MAR 1    570                       756   -186      701
  SINCE JUL 1   2481                      3228   -747     3235

 COOLING
  YESTERDAY       11                         6      5        8
  MONTH TO DATE   97                       108    -11      151
  SINCE MAR 1    152                       148      4      184
  SINCE JAN 1    152                       150      2      186
..................................................................


WIND (MPH)
  HIGHEST WIND SPEED    17   HIGHEST WIND DIRECTION    SE (150)
  HIGHEST GUST SPEED    27   HIGHEST GUST DIRECTION    SE (150)
  AVERAGE WIND SPEED     6.1


SKY COVER
  POSSIBLE SUNSHINE  MM
  AVERAGE SKY COVER 0.4


WEATHER CONDITIONS
 THE FOLLOWING WEATHER WAS RECORDED YESTERDAY.
  HEAVY RAIN
  RAIN
  LIGHT RAIN
  FOG


RELATIVE HUMIDITY (PERCENT)
 HIGHEST   100           100 AM
 LOWEST     74           500 PM
 AVERAGE    87

..........................................................


THE ELIZABETH CITY NC CLIMATE NORMALS FOR TODAY
                         NORMAL    RECORD    YEAR
 MAXIMUM TEMPERATURE (F)   81        96      2011
 MINIMUM TEMPERATURE (F)   61        49      2008


SUNRISE AND SUNSET
MAY 30 2016...........SUNRISE   549 AM EDT   SUNSET   816 PM EDT
MAY 31 2016...........SUNRISE   549 AM EDT   SUNSET   816 PM EDT


-  INDICATES NEGATIVE NUMBERS.
R  INDICATES RECORD WAS SET OR TIED.
MM INDICATES DATA IS MISSING.
T  INDICATES TRACE AMOUNT.




$$
