000
CDUS42 KAKQ 230842
CLIECG


CLIMATE REPORT
NATIONAL WEATHER SERVICE WAKEFIELD, VA
441 AM EDT TUE SEP 23 2014


...................................

...THE ELIZABETH CITY NC CLIMATE SUMMARY FOR SEPTEMBER 22 2014...

CLIMATE NORMAL PERIOD 1981 TO 2010
CLIMATE RECORD PERIOD 1934 TO 2014


WEATHER ITEM   OBSERVED TIME   RECORD YEAR NORMAL DEPARTURE LAST
                VALUE   (LST)  VALUE       VALUE  FROM      YEAR
                                                  NORMAL
..................................................................
TEMPERATURE (F)
 YESTERDAY
  MAXIMUM         80    226 PM  90    1998  79      1       74
  MINIMUM         66   1126 PM  43    1956  61      5       67
  AVERAGE         73                        70      3       71

PRECIPITATION (IN)
  YESTERDAY        T             1.60 1994   0.11  -0.11     0.16
  MONTH TO DATE    5.04                      2.95   2.09     0.84
  SINCE SEP 1      5.04                      2.95   2.09     0.84
  SINCE JAN 1     32.48                     36.91  -4.43    30.87

SNOWFALL (IN)
  YESTERDAY        0.0           0.0  2002  MM     MM
  MONTH TO DATE    0.0                      MM     MM
  SINCE NOV 1     10.2                      MM     MM
  SINCE JUL 1      0.0                      MM     MM
  SNOW DEPTH       0

DEGREE DAYS
 HEATING
  YESTERDAY        0                         1     -1        0
  MONTH TO DATE    0                         2     -2        2
  SINCE SEP 1      0                         2     -2        2
  SINCE JUL 1      0                         2     -2        2

 COOLING
  YESTERDAY        8                         6      2        6
  MONTH TO DATE  236                       187     49      178
  SINCE SEP 1    236                       187     49      178
  SINCE JAN 1   1479                      1483     -4     1558
..................................................................


WIND (MPH)
  HIGHEST WIND SPEED    14   HIGHEST WIND DIRECTION    NW (330)
  HIGHEST GUST SPEED    18   HIGHEST GUST DIRECTION     W (280)
  AVERAGE WIND SPEED     8.1


SKY COVER
  POSSIBLE SUNSHINE  MM
  AVERAGE SKY COVER 0.3


WEATHER CONDITIONS
 THE FOLLOWING WEATHER WAS RECORDED YESTERDAY.
  LIGHT RAIN


RELATIVE HUMIDITY (PERCENT)
 HIGHEST    90           500 AM
 LOWEST     42           100 PM
 AVERAGE    66

..........................................................


THE ELIZABETH CITY NC CLIMATE NORMALS FOR TODAY
                         NORMAL    RECORD    YEAR
 MAXIMUM TEMPERATURE (F)   79        93      1970
 MINIMUM TEMPERATURE (F)   61        45      1983


SUNRISE AND SUNSET
SEPTEMBER 23 2014.....SUNRISE   653 AM EDT   SUNSET   700 PM EDT
SEPTEMBER 24 2014.....SUNRISE   654 AM EDT   SUNSET   659 PM EDT


-  INDICATES NEGATIVE NUMBERS.
R  INDICATES RECORD WAS SET OR TIED.
MM INDICATES DATA IS MISSING.
T  INDICATES TRACE AMOUNT.




$$
