000
CDUS42 KAKQ 220845
CLIECG


CLIMATE REPORT
NATIONAL WEATHER SERVICE WAKEFIELD, VA
345 AM EST SAT NOV 22 2014


...................................

...THE ELIZABETH CITY NC CLIMATE SUMMARY FOR NOVEMBER 21 2014...

CLIMATE NORMAL PERIOD 1981 TO 2010
CLIMATE RECORD PERIOD 1934 TO 2014


WEATHER ITEM   OBSERVED TIME   RECORD YEAR NORMAL DEPARTURE LAST
                VALUE   (LST)  VALUE       VALUE  FROM      YEAR
                                                  NORMAL
..................................................................
TEMPERATURE (F)
 YESTERDAY
  MAXIMUM         48    232 PM  82    1942  62    -14       63
  MINIMUM         26   1129 PM  22    1937  41    -15       49
  AVERAGE         37                        52    -15       56

PRECIPITATION (IN)
  YESTERDAY        T             2.67 1952   0.10  -0.10      T
  MONTH TO DATE    0.87                      2.23  -1.36     1.47
  SINCE SEP 1      7.80                      9.23  -1.43     8.04
  SINCE JAN 1     35.24                     43.19  -7.95    38.07

SNOWFALL (IN)
  YESTERDAY       MM             0.5  2008  MM     MM
  MONTH TO DATE    0.0                      MM     MM
  SINCE NOV 1      0.0                      MM     MM
  SINCE JUL 1      0.0                      MM     MM
  SNOW DEPTH       0

DEGREE DAYS
 HEATING
  YESTERDAY       28                        14     14        9
  MONTH TO DATE  294                       229     65      240
  SINCE SEP 1    375                       380     -5      374
  SINCE JUL 1    375                       380     -5      374

 COOLING
  YESTERDAY        0                         0      0        0
  MONTH TO DATE    3                         4     -1        8
  SINCE SEP 1    337                       289     48      285
  SINCE JAN 1   1580                      1585     -5     1665
..................................................................


WIND (MPH)
  HIGHEST WIND SPEED    21   HIGHEST WIND DIRECTION    NW (320)
  HIGHEST GUST SPEED    26   HIGHEST GUST DIRECTION     N (10)
  AVERAGE WIND SPEED     9.8


SKY COVER
  POSSIBLE SUNSHINE  MM
  AVERAGE SKY COVER 0.0


WEATHER CONDITIONS
 THE FOLLOWING WEATHER WAS RECORDED YESTERDAY.
  NO SIGNIFICANT WEATHER WAS OBSERVED.


RELATIVE HUMIDITY (PERCENT)
 HIGHEST    64           300 AM
 LOWEST     23           100 PM
 AVERAGE    44

..........................................................


THE ELIZABETH CITY NC CLIMATE NORMALS FOR TODAY
                         NORMAL    RECORD    YEAR
 MAXIMUM TEMPERATURE (F)   62        79      1953
 MINIMUM TEMPERATURE (F)   40        21      2008


SUNRISE AND SUNSET
NOVEMBER 22 2014......SUNRISE   649 AM EST   SUNSET   453 PM EST
NOVEMBER 23 2014......SUNRISE   650 AM EST   SUNSET   452 PM EST


-  INDICATES NEGATIVE NUMBERS.
R  INDICATES RECORD WAS SET OR TIED.
MM INDICATES DATA IS MISSING.
T  INDICATES TRACE AMOUNT.




$$
