000
CDUS42 KAKQ 290845
CLIECG


CLIMATE REPORT
NATIONAL WEATHER SERVICE WAKEFIELD, VA
345 AM EST THU JAN 29 2015


...................................

...THE ELIZABETH CITY NC CLIMATE SUMMARY FOR JANUARY 28 2015...

CLIMATE NORMAL PERIOD 1981 TO 2010
CLIMATE RECORD PERIOD 1934 TO 2015


WEATHER ITEM   OBSERVED TIME   RECORD YEAR NORMAL DEPARTURE LAST
                VALUE   (LST)  VALUE       VALUE  FROM      YEAR
                                                  NORMAL
..................................................................
TEMPERATURE (F)
 YESTERDAY
  MAXIMUM         41    417 PM  80    1944  52    -11       32
  MINIMUM         27   1002 PM   9    1940  33     -6       20
  AVERAGE         34                        42     -8       26

PRECIPITATION (IN)
  YESTERDAY        0.00          1.75 1998   0.12  -0.12     0.28
  MONTH TO DATE    3.94                      2.90   1.04     2.08
  SINCE DEC 1      7.08                      5.46   1.62     7.23
  SINCE JAN 1      3.94                      2.90   1.04     2.08

SNOWFALL (IN)
  YESTERDAY        0.0           5.3  2014  MM     MM
  MONTH TO DATE    T                        MM     MM
  SINCE NOV 1      T                        MM     MM
  SINCE JUL 1      T                        MM     MM
  SNOW DEPTH       0

DEGREE DAYS
 HEATING
  YESTERDAY       31                        23      8       39
  MONTH TO DATE  558                       665   -107      733
  SINCE DEC 1   1025                      1305   -280     1289
  SINCE JUL 1   1540                      1820   -280     1852

 COOLING
  YESTERDAY        0                         0      0        0
  MONTH TO DATE    2                         0      2        0
  SINCE DEC 1      2                         2      0       14
  SINCE JAN 1      2                         0      2        0
..................................................................


WIND (MPH)
  HIGHEST WIND SPEED    21   HIGHEST WIND DIRECTION     N (340)
  HIGHEST GUST SPEED    25   HIGHEST GUST DIRECTION    NW (310)
  AVERAGE WIND SPEED    11.9


SKY COVER
  POSSIBLE SUNSHINE  MM
  AVERAGE SKY COVER 0.2


WEATHER CONDITIONS
 THE FOLLOWING WEATHER WAS RECORDED YESTERDAY.
  NO SIGNIFICANT WEATHER WAS OBSERVED.


RELATIVE HUMIDITY (PERCENT)
 HIGHEST    75          1200 AM
 LOWEST     28           400 PM
 AVERAGE    52

..........................................................


THE ELIZABETH CITY NC CLIMATE NORMALS FOR TODAY
                         NORMAL    RECORD    YEAR
 MAXIMUM TEMPERATURE (F)   52        78      2002
                                             1957
 MINIMUM TEMPERATURE (F)   33        10      1940


SUNRISE AND SUNSET
JANUARY 29 2015.......SUNRISE   708 AM EST   SUNSET   528 PM EST
JANUARY 30 2015.......SUNRISE   708 AM EST   SUNSET   529 PM EST


-  INDICATES NEGATIVE NUMBERS.
R  INDICATES RECORD WAS SET OR TIED.
MM INDICATES DATA IS MISSING.
T  INDICATES TRACE AMOUNT.




$$
