449
CDUS42 KAKQ 272126
CLIECG


CLIMATE REPORT
NATIONAL WEATHER SERVICE WAKEFIELD, VA
526 PM EDT THU JUL 27 2017


...................................

...THE ELIZABETH CITY NC CLIMATE SUMMARY FOR JULY 27 2017...
VALID TODAY AS OF 0500 PM LOCAL TIME.

CLIMATE NORMAL PERIOD 1981 TO 2010
CLIMATE RECORD PERIOD 1934 TO 2017


WEATHER ITEM   OBSERVED TIME   RECORD YEAR NORMAL DEPARTURE LAST
                VALUE   (LST)  VALUE       VALUE  FROM      YEAR
                                                  NORMAL
..................................................................
TEMPERATURE (F)
 TODAY
  MAXIMUM         87    358 PM 100    1940  88     -1       95
  MINIMUM         67    416 AM  58    1977  70     -3       74
  AVERAGE         77

PRECIPITATION (IN)
  TODAY            0.00          3.17 1937   0.20  -0.20      T
  MONTH TO DATE    4.33                      4.89  -0.56     2.83
  SINCE JUN 1      7.75                      9.38  -1.63     5.73
  SINCE JAN 1     24.72                     26.55  -1.83    23.94

SNOWFALL (IN)
  TODAY            0.0
  MONTH TO DATE    0.0
  SINCE NOV 1      1.2
  SINCE JUL 1      0.0
  SNOW DEPTH       0

DEGREE DAYS
 HEATING
  TODAY            0
  MONTH TO DATE    0
  SINCE JUN 1      4
  SINCE JUL 1      0

 COOLING
  TODAY           12
  MONTH TO DATE  442
  SINCE JUN 1    790
  SINCE JAN 1   1088
..................................................................


WIND (MPH)
  RESULTANT WIND SPEED   5   RESULTANT WIND DIRECTION  SW (210)
  HIGHEST WIND SPEED    15   HIGHEST WIND DIRECTION    SW (210)
  HIGHEST GUST SPEED    19   HIGHEST GUST DIRECTION    SW (210)


SKY COVER
  POSSIBLE SUNSHINE  MM
  AVERAGE SKY COVER 0.3


WEATHER CONDITIONS
 THE FOLLOWING WEATHER WAS RECORDED TODAY.
  NO SIGNIFICANT WEATHER WAS OBSERVED.


RELATIVE HUMIDITY (PERCENT)
 HIGHEST   100
 LOWEST     61
 AVERAGE    81

..........................................................


THE ELIZABETH CITY NC CLIMATE NORMALS FOR TOMORROW
                         NORMAL    RECORD    YEAR
 MAXIMUM TEMPERATURE (F)   88        99      1952
                                             1940
 MINIMUM TEMPERATURE (F)   70        57      1962


SUNRISE AND SUNSET
JULY 27 2017..........SUNRISE   608 AM EDT   SUNSET   814 PM EDT
JULY 28 2017..........SUNRISE   609 AM EDT   SUNSET   813 PM EDT


-  INDICATES NEGATIVE NUMBERS.
R  INDICATES RECORD WAS SET OR TIED.
MM INDICATES DATA IS MISSING.
T  INDICATES TRACE AMOUNT.




$$
