000
CDUS42 KAKQ 230645
CLIECG


CLIMATE REPORT
NATIONAL WEATHER SERVICE WAKEFIELD, VA
145 AM EST THU FEB 23 2017


...................................

...THE ELIZABETH CITY NC CLIMATE SUMMARY FOR FEBRUARY 22 2017...

CLIMATE NORMAL PERIOD 1981 TO 2010
CLIMATE RECORD PERIOD 1934 TO 2017


WEATHER ITEM   OBSERVED TIME   RECORD YEAR NORMAL DEPARTURE LAST
                VALUE   (LST)  VALUE       VALUE  FROM      YEAR
                                                  NORMAL
..................................................................
TEMPERATURE (F)
 YESTERDAY
  MAXIMUM         70        MM  77    2003  55     15       60
  MINIMUM         44        MM  17    1963  35      9       45
  AVERAGE         57                        45     12       53

PRECIPITATION (IN)
  YESTERDAY        0.00          1.56 1948   0.12  -0.12     0.15
  MONTH TO DATE    0.91                      2.52  -1.61     3.91
  SINCE DEC 1      7.27                      8.34  -1.07    10.83
  SINCE JAN 1      4.60                      5.78  -1.18     6.82

SNOWFALL (IN)
  YESTERDAY        0.0           1.0  1978  MM     MM
  MONTH TO DATE    0.0                      MM     MM
  SINCE NOV 1      1.2                      MM     MM
  SINCE JUL 1      1.2                      MM     MM
  SNOW DEPTH       0

DEGREE DAYS
 HEATING
  YESTERDAY        8                        20    -12       12
  MONTH TO DATE  359                       468   -109      480
  SINCE DEC 1   1566                      1840   -274     1456
  SINCE JUL 1   2056                      2355   -299     1812

 COOLING
  YESTERDAY        0                         0      0        0
  MONTH TO DATE    3                         0      3        0
  SINCE DEC 1      3                         3      0       31
  SINCE JAN 1      3                         1      2        0
..................................................................


WIND (MPH)
  HIGHEST WIND SPEED    10   HIGHEST WIND DIRECTION    SE (130)
  HIGHEST GUST SPEED    MM   HIGHEST GUST DIRECTION    MM
  AVERAGE WIND SPEED     5.2


SKY COVER
  POSSIBLE SUNSHINE  MM
  AVERAGE SKY COVER 0.6


WEATHER CONDITIONS
 THE FOLLOWING WEATHER WAS RECORDED YESTERDAY.
  FOG


RELATIVE HUMIDITY (PERCENT)
 HIGHEST   100           300 AM
 LOWEST     53          1200 PM
 AVERAGE    77

..........................................................


THE ELIZABETH CITY NC CLIMATE NORMALS FOR TODAY
                         NORMAL    RECORD    YEAR
 MAXIMUM TEMPERATURE (F)   55        77      1975
 MINIMUM TEMPERATURE (F)   35        13      1936


SUNRISE AND SUNSET
FEBRUARY 23 2017......SUNRISE   642 AM EST   SUNSET   554 PM EST
FEBRUARY 24 2017......SUNRISE   641 AM EST   SUNSET   555 PM EST


-  INDICATES NEGATIVE NUMBERS.
R  INDICATES RECORD WAS SET OR TIED.
MM INDICATES DATA IS MISSING.
T  INDICATES TRACE AMOUNT.




$$
