000
CDUS42 KAKQ 220645
CLIECG


CLIMATE REPORT
NATIONAL WEATHER SERVICE WAKEFIELD, VA
145 AM EST WED NOV 22 2017


...................................

...THE ELIZABETH CITY NC CLIMATE SUMMARY FOR NOVEMBER 21 2017...

CLIMATE NORMAL PERIOD 1981 TO 2010
CLIMATE RECORD PERIOD 1934 TO 2017


WEATHER ITEM   OBSERVED TIME   RECORD YEAR NORMAL DEPARTURE LAST
                VALUE   (LST)  VALUE       VALUE  FROM      YEAR
                                                  NORMAL
..................................................................
TEMPERATURE (F)
 YESTERDAY
  MAXIMUM         63    231 PM  82    1942  62      1       51
  MINIMUM         32    550 AM  22    1937  41     -9       27
  AVERAGE         48                        52     -4       39

PRECIPITATION (IN)
  YESTERDAY        0.00          2.54 1952   0.10  -0.10     0.00
  MONTH TO DATE    0.92                      2.23  -1.31     0.85
  SINCE SEP 1      6.40                      9.23  -2.83    23.16
  SINCE JAN 1     41.54                     43.19  -1.65    50.67

SNOWFALL (IN)
  YESTERDAY        0.0           0.5  2008  MM     MM
  MONTH TO DATE    0.0                      MM     MM
  SINCE NOV 1      0.0                      MM     MM
  SINCE JUL 1      0.0                      MM     MM
  SNOW DEPTH       0

DEGREE DAYS
 HEATING
  YESTERDAY       17                        14      3       26
  MONTH TO DATE  221                       229     -8      264
  SINCE SEP 1    298                       380    -82      359
  SINCE JUL 1    298                       380    -82      359

 COOLING
  YESTERDAY        0                         0      0        0
  MONTH TO DATE   10                         4      6        5
  SINCE SEP 1    415                       289    126      443
  SINCE JAN 1   1961                      1585    376     1950
..................................................................


WIND (MPH)
  HIGHEST WIND SPEED    16   HIGHEST WIND DIRECTION    SE (130)
  HIGHEST GUST SPEED    20   HIGHEST GUST DIRECTION    SE (130)
  AVERAGE WIND SPEED     6.1


SKY COVER
  POSSIBLE SUNSHINE  MM
  AVERAGE SKY COVER 0.2


WEATHER CONDITIONS
 THE FOLLOWING WEATHER WAS RECORDED YESTERDAY.
  NO SIGNIFICANT WEATHER WAS OBSERVED.


RELATIVE HUMIDITY (PERCENT)
 HIGHEST   100           500 AM
 LOWEST     55          1200 PM
 AVERAGE    78

..........................................................


THE ELIZABETH CITY NC CLIMATE NORMALS FOR TODAY
                         NORMAL    RECORD    YEAR
 MAXIMUM TEMPERATURE (F)   62        79      1940
 MINIMUM TEMPERATURE (F)   40        20      2016
                                             1987


SUNRISE AND SUNSET
NOVEMBER 22 2017......SUNRISE   649 AM EST   SUNSET   453 PM EST
NOVEMBER 23 2017......SUNRISE   650 AM EST   SUNSET   452 PM EST


-  INDICATES NEGATIVE NUMBERS.
R  INDICATES RECORD WAS SET OR TIED.
MM INDICATES DATA IS MISSING.
T  INDICATES TRACE AMOUNT.




$$
