302
CDUS42 KAKQ 242233
CLIECG


CLIMATE REPORT
NATIONAL WEATHER SERVICE WAKEFIELD, VA
532 PM EST SAT FEB 24 2018


...................................

...THE ELIZABETH CITY NC CLIMATE SUMMARY FOR FEBRUARY 24 2018...
VALID TODAY AS OF 0500 PM LOCAL TIME.

CLIMATE NORMAL PERIOD 1981 TO 2010
CLIMATE RECORD PERIOD 1934 TO 2018


WEATHER ITEM   OBSERVED TIME   RECORD YEAR NORMAL DEPARTURE LAST
                VALUE   (LST)  VALUE       VALUE  FROM      YEAR
                                                  NORMAL
..................................................................
TEMPERATURE (F)
 TODAY
  MAXIMUM         77    341 PM  79    1985  55     22       76
                                      1962
  MINIMUM         54   1210 AM  19    1947  35     19       51
  AVERAGE         66

PRECIPITATION (IN)
  TODAY            0.00          1.30 1952   0.11  -0.11     0.00
  MONTH TO DATE    2.64                      2.74  -0.10     0.91
  SINCE DEC 1      9.60                      8.56   1.04     7.27
  SINCE JAN 1      6.54                      6.00   0.54     4.60

SNOWFALL (IN)
  TODAY            0.0
  MONTH TO DATE    0.0
  SINCE NOV 1      6.8
  SINCE JUL 1      6.8
  SNOW DEPTH       0

DEGREE DAYS
 HEATING
  TODAY            0
  MONTH TO DATE  325
  SINCE DEC 1   1818
  SINCE JUL 1   2252

 COOLING
  TODAY            1
  MONTH TO DATE   19
  SINCE DEC 1     22
  SINCE JAN 1     22
..................................................................


WIND (MPH)
  RESULTANT WIND SPEED  10   RESULTANT WIND DIRECTION  SW (210)
  HIGHEST WIND SPEED    18   HIGHEST WIND DIRECTION    SW (230)
  HIGHEST GUST SPEED    24   HIGHEST GUST DIRECTION    SW (210)


SKY COVER
  POSSIBLE SUNSHINE  MM
  AVERAGE SKY COVER 0.7


WEATHER CONDITIONS
 THE FOLLOWING WEATHER WAS RECORDED TODAY.
  FOG
  FOG W/VISIBILITY <= 1/4 MILE


RELATIVE HUMIDITY (PERCENT)
 HIGHEST   100
 LOWEST     64
 AVERAGE    82

..........................................................


THE ELIZABETH CITY NC CLIMATE NORMALS FOR TOMORROW
                         NORMAL    RECORD    YEAR
 MAXIMUM TEMPERATURE (F)   56        78      2017
 MINIMUM TEMPERATURE (F)   36        14      1967


SUNRISE AND SUNSET
FEBRUARY 24 2018......SUNRISE   642 AM EST   SUNSET   555 PM EST
FEBRUARY 25 2018......SUNRISE   640 AM EST   SUNSET   556 PM EST


-  INDICATES NEGATIVE NUMBERS.
R  INDICATES RECORD WAS SET OR TIED.
MM INDICATES DATA IS MISSING.
T  INDICATES TRACE AMOUNT.




$$
