000
CDUS42 KAKQ 240534
CLIECG


CLIMATE REPORT
NATIONAL WEATHER SERVICE WAKEFIELD, VA
133 AM EDT SUN MAY 24 2015


...................................

...THE ELIZABETH CITY NC CLIMATE SUMMARY FOR MAY 23 2015...

CLIMATE NORMAL PERIOD 1981 TO 2010
CLIMATE RECORD PERIOD 1934 TO 2015


WEATHER ITEM   OBSERVED TIME   RECORD YEAR NORMAL DEPARTURE LAST
                VALUE   (LST)  VALUE       VALUE  FROM      YEAR
                                                  NORMAL
..................................................................
TEMPERATURE (F)
 YESTERDAY
  MAXIMUM         71    318 PM 101    1941  79     -8       80
  MINIMUM         55    555 AM  44    2002  59     -4       63
  AVERAGE         63                        69     -6       72

PRECIPITATION (IN)
  YESTERDAY        0.00          1.23 1972   0.12  -0.12     0.00
  MONTH TO DATE    3.42                      2.54   0.88     2.14
  SINCE MAR 1     10.50                      9.66   0.84    10.63
  SINCE JAN 1     17.30                     16.10   1.20    14.77

SNOWFALL (IN)
  YESTERDAY        0.0           0.0  2002  MM     MM
  MONTH TO DATE    0.0                      MM     MM
  SINCE NOV 1      T                        MM     MM
  SINCE JUL 1      T                        MM     MM
  SNOW DEPTH       0

DEGREE DAYS
 HEATING
  YESTERDAY        2                         1      1        0
  MONTH TO DATE   29                        61    -32       22
  SINCE MAR 1    701                       750    -49      760
  SINCE JUL 1   3235                      3222     13     3335

 COOLING
  YESTERDAY        0                         5     -5        7
  MONTH TO DATE  106                        74     32      137
  SINCE MAR 1    139                       114     25      166
  SINCE JAN 1    141                       116     25      166
..................................................................


WIND (MPH)
  HIGHEST WIND SPEED    20   HIGHEST WIND DIRECTION    NE (40)
  HIGHEST GUST SPEED    23   HIGHEST GUST DIRECTION    NE (40)
  AVERAGE WIND SPEED     7.9


SKY COVER
  POSSIBLE SUNSHINE  MM
  AVERAGE SKY COVER 0.0


WEATHER CONDITIONS
 THE FOLLOWING WEATHER WAS RECORDED YESTERDAY.
  NO SIGNIFICANT WEATHER WAS OBSERVED.


RELATIVE HUMIDITY (PERCENT)
 HIGHEST    93          1200 AM
 LOWEST     37          1000 AM
 AVERAGE    65

..........................................................


THE ELIZABETH CITY NC CLIMATE NORMALS FOR TODAY
                         NORMAL    RECORD    YEAR
 MAXIMUM TEMPERATURE (F)   79        95      2011
 MINIMUM TEMPERATURE (F)   59        46      2006


SUNRISE AND SUNSET
MAY 24 2015...........SUNRISE   552 AM EDT   SUNSET   811 PM EDT
MAY 25 2015...........SUNRISE   552 AM EDT   SUNSET   812 PM EDT


-  INDICATES NEGATIVE NUMBERS.
R  INDICATES RECORD WAS SET OR TIED.
MM INDICATES DATA IS MISSING.
T  INDICATES TRACE AMOUNT.




$$
