000
CDUS45 KGJT 240729
CLIEEO


CLIMATE REPORT
NATIONAL WEATHER SERVICE GRAND JUNCTION CO
124 AM MDT SUN SEP 24 2017


...................................

...THE MEEKER CO CLIMATE SUMMARY FOR SEPTEMBER 23 2017...

CLIMATE NORMAL PERIOD 1981 TO 2010
CLIMATE RECORD PERIOD 9999 TO 9999


WEATHER ITEM   OBSERVED TIME   RECORD YEAR NORMAL DEPARTURE LAST
                VALUE   (LST)  VALUE       VALUE  FROM      YEAR
                                                  NORMAL
..................................................................
TEMPERATURE (F)
 YESTERDAY
  MAXIMUM         58    204 PM  MM      MM  71    -13       52
  MINIMUM         37   1159 PM  MM      MM  37      0       41
  AVERAGE         48                        54     -6       47

PRECIPITATION (IN)
  YESTERDAY        0.20         MM      MM   0.06   0.14     0.54
  MONTH TO DATE    0.70                      1.34  -0.64     0.87
  SINCE SEP 1      0.70                      1.34  -0.64     0.87
  SINCE JAN 1     10.92                     11.20  -0.28    11.34

SNOWFALL (IN)
  YESTERDAY       MM            MM      MM  MM     MM       MM
  MONTH TO DATE   MM                        MM     MM       MM
  SINCE SEP 1     MM                        MM     MM       MM
  SINCE JUL 1     MM                        MM     MM       MM
  SNOW DEPTH      MM

DEGREE DAYS
 HEATING
  YESTERDAY       17                        11      6       18
  MONTH TO DATE   86                       161    -75      131
  SINCE SEP 1     86                       161    -75      131
  SINCE JUL 1     95                       215   -120      194

 COOLING
  YESTERDAY        0                         0      0        0
  MONTH TO DATE   26                         0     26        6
  SINCE SEP 1     26                         0     26        6
  SINCE JAN 1    321                       168    153      225
..................................................................


WIND (MPH)
  HIGHEST WIND SPEED    24   HIGHEST WIND DIRECTION    SW (230)
  HIGHEST GUST SPEED    30   HIGHEST GUST DIRECTION    SW (230)
  AVERAGE WIND SPEED     8.3


SKY COVER
  POSSIBLE SUNSHINE  MM
  AVERAGE SKY COVER 0.7


WEATHER CONDITIONS
 THE FOLLOWING WEATHER WAS RECORDED YESTERDAY.
  RAIN
  LIGHT RAIN
  FOG


RELATIVE HUMIDITY (PERCENT)
 HIGHEST    93           400 AM
 LOWEST     51           300 PM
 AVERAGE    72

..........................................................


THE MEEKER CO CLIMATE NORMALS FOR TODAY
                         NORMAL    RECORD    YEAR
 MAXIMUM TEMPERATURE (F)   71        MM        MM
 MINIMUM TEMPERATURE (F)   36        MM        MM


SUNRISE AND SUNSET
SEPTEMBER 24 2017.....SUNRISE   701 AM MDT   SUNSET   705 PM MDT
SEPTEMBER 25 2017.....SUNRISE   702 AM MDT   SUNSET   703 PM MDT


-  INDICATES NEGATIVE NUMBERS.
R  INDICATES RECORD WAS SET OR TIED.
MM INDICATES DATA IS MISSING.
T  INDICATES TRACE AMOUNT.




$$
