000
CDUS45 KGJT 300736
CLIEEO


CLIMATE REPORT
NATIONAL WEATHER SERVICE GRAND JUNCTION CO
133 AM MDT FRI SEP 30 2016


...................................

...THE MEEKER CO CLIMATE SUMMARY FOR SEPTEMBER 29 2016...

CLIMATE NORMAL PERIOD 1981 TO 2010
CLIMATE RECORD PERIOD 9999 TO 9999


WEATHER ITEM   OBSERVED TIME   RECORD YEAR NORMAL DEPARTURE LAST
                VALUE   (LST)  VALUE       VALUE  FROM      YEAR
                                                  NORMAL
..................................................................
TEMPERATURE (F)
 YESTERDAY
  MAXIMUM         64   1152 AM  MM      MM  68     -4       80
  MINIMUM         49    427 AM  MM      MM  34     15       48
  AVERAGE         57                        51      6       64

PRECIPITATION (IN)
  YESTERDAY        0.08         MM      MM   0.06   0.02     0.00
  MONTH TO DATE    1.10                      1.71  -0.61     0.79
  SINCE SEP 1      1.10                      1.71  -0.61     0.79
  SINCE JAN 1     11.57                     11.57   0.00    13.48

SNOWFALL (IN)
  YESTERDAY       MM            MM      MM  MM     MM       MM
  MONTH TO DATE   MM                        MM     MM       MM
  SINCE SEP 1     MM                        MM     MM       MM
  SINCE JUL 1     MM                        MM     MM       MM
  SNOW DEPTH      MM

DEGREE DAYS
 HEATING
  YESTERDAY        8                        14     -6        1
  MONTH TO DATE  201                       238    -37      117
  SINCE SEP 1    201                       238    -37      117
  SINCE JUL 1    264                       292    -28      154

 COOLING
  YESTERDAY        0                         0      0        0
  MONTH TO DATE    6                         0      6        1
  SINCE SEP 1      6                         0      6        1
  SINCE JAN 1    225                       168     57      222
..................................................................


WIND (MPH)
  HIGHEST WIND SPEED    17   HIGHEST WIND DIRECTION     W (260)
  HIGHEST GUST SPEED    21   HIGHEST GUST DIRECTION     W (260)
  AVERAGE WIND SPEED     4.1


SKY COVER
  POSSIBLE SUNSHINE  MM
  AVERAGE SKY COVER 0.8


WEATHER CONDITIONS
 THE FOLLOWING WEATHER WAS RECORDED YESTERDAY.
  LIGHT RAIN


RELATIVE HUMIDITY (PERCENT)
 HIGHEST    93          1100 PM
 LOWEST     52          1000 AM
 AVERAGE    73

..........................................................


THE MEEKER CO CLIMATE NORMALS FOR TODAY
                         NORMAL    RECORD    YEAR
 MAXIMUM TEMPERATURE (F)   68        MM        MM
 MINIMUM TEMPERATURE (F)   34        MM        MM


SUNRISE AND SUNSET
SEPTEMBER 30 2016.....SUNRISE   707 AM MDT   SUNSET   654 PM MDT
OCTOBER  1 2016.......SUNRISE   708 AM MDT   SUNSET   653 PM MDT


-  INDICATES NEGATIVE NUMBERS.
R  INDICATES RECORD WAS SET OR TIED.
MM INDICATES DATA IS MISSING.
T  INDICATES TRACE AMOUNT.




$$
