000
CDUS44 KBMX 250950
CLIEET


CLIMATE REPORT
NATIONAL WEATHER SERVICE BIRMINGHAM, AL
449 AM CDT FRI JUL 25 2014


...................................

...THE SHELBY COUNTY AIRPORT CLIMATE SUMMARY FOR JULY 24 2014...

CLIMATE NORMAL PERIOD 1981 TO 2010
CLIMATE RECORD PERIOD 9999 TO 9999


WEATHER ITEM   OBSERVED TIME   RECORD YEAR NORMAL DEPARTURE LAST
                VALUE   (LST)  VALUE       VALUE  FROM      YEAR
                                                  NORMAL
..................................................................
TEMPERATURE (F)
 YESTERDAY
  MAXIMUM         89    106 PM  MM      MM  91     -2       85
  MINIMUM         72    604 AM  MM      MM  71      1       68
  AVERAGE         81                        81      0       77

PRECIPITATION (IN)
  YESTERDAY        0.07                      0.15  -0.08     0.01
  MONTH TO DATE    3.06                      3.69  -0.63     6.88
  SINCE JUN 1      8.37                      8.32   0.05    11.58
  SINCE JAN 1     35.87                     32.25   3.62    40.58

DEGREE DAYS
 COOLING
  YESTERDAY       16                        16      0       12
  MONTH TO DATE  352                       376    -24      320
  SINCE JUN 1    767                       750     17      732
  SINCE JAN 1   1061                      1019     42      984
..................................................................


WIND (MPH)
  HIGHEST WIND SPEED    14   HIGHEST WIND DIRECTION     N (360)
  HIGHEST GUST SPEED    17   HIGHEST GUST DIRECTION     N (350)
  AVERAGE WIND SPEED     2.8


SKY COVER
  POSSIBLE SUNSHINE  MM
  AVERAGE SKY COVER 0.5


WEATHER CONDITIONS
 THE FOLLOWING WEATHER WAS RECORDED YESTERDAY.
  THUNDERSTORM
  RAIN
  LIGHT RAIN
  FOG
  FOG W/VISIBILITY <= 1/4 MILE


RELATIVE HUMIDITY (PERCENT)
 HIGHEST   100          1200 AM
 LOWEST     59          1200 PM
 AVERAGE    80

..........................................................


THE SHELBY COUNTY AIRPORT CLIMATE NORMALS FOR TODAY
                         NORMAL    RECORD    YEAR
 MAXIMUM TEMPERATURE (F)   91        MM        MM
 MINIMUM TEMPERATURE (F)   71        MM        MM


SUNRISE AND SUNSET
JULY 25 2014..........SUNRISE   555 AM CDT   SUNSET   752 PM CDT
JULY 26 2014..........SUNRISE   556 AM CDT   SUNSET   751 PM CDT


-  INDICATES NEGATIVE NUMBERS.
R  INDICATES RECORD WAS SET OR TIED.
MM INDICATES DATA IS MISSING.
T  INDICATES TRACE AMOUNT.




$$
