377
CDUS44 KBMX 290743
CLIEET


CLIMATE REPORT
NATIONAL WEATHER SERVICE BIRMINGHAM, AL
242 AM CDT MON MAY 29 2017


...................................

...THE SHELBY COUNTY AIRPORT CLIMATE SUMMARY FOR MAY 28 2017...

CLIMATE NORMAL PERIOD 1981 TO 2010
CLIMATE RECORD PERIOD 9999 TO 9999


WEATHER ITEM   OBSERVED TIME   RECORD YEAR NORMAL DEPARTURE LAST
                VALUE   (LST)  VALUE       VALUE  FROM      YEAR
                                                  NORMAL
..................................................................
TEMPERATURE (F)
 YESTERDAY
  MAXIMUM         82    105 PM  MM      MM  84     -2       84
  MINIMUM         67    723 AM  MM      MM  64      3       68
  AVERAGE         75                        74      1       76

PRECIPITATION (IN)
  YESTERDAY        0.05                      0.16  -0.11      T
  MONTH TO DATE    4.85                      4.01   0.84     1.51
  SINCE MAR 1     15.42                     12.38   3.04    11.88
  SINCE JAN 1     26.52                     23.46   3.06    22.52

DEGREE DAYS
 COOLING
  YESTERDAY       10                         9      1       11
  MONTH TO DATE  173                       167      6      158
  SINCE MAR 1    382                       238    144      253
  SINCE JAN 1    392                       242    150      260
..................................................................


WIND (MPH)
  HIGHEST WIND SPEED    16   HIGHEST WIND DIRECTION     S (180)
  HIGHEST GUST SPEED    24   HIGHEST GUST DIRECTION     S (190)
  AVERAGE WIND SPEED     5.0


SKY COVER
  POSSIBLE SUNSHINE  MM
  AVERAGE SKY COVER 0.3


WEATHER CONDITIONS
 THE FOLLOWING WEATHER WAS RECORDED YESTERDAY.
  THUNDERSTORM
  LIGHT RAIN
  FOG


RELATIVE HUMIDITY (PERCENT)
 HIGHEST   100           500 AM
 LOWEST     58           100 PM
 AVERAGE    79

..........................................................


THE SHELBY COUNTY AIRPORT CLIMATE NORMALS FOR TODAY
                         NORMAL    RECORD    YEAR
 MAXIMUM TEMPERATURE (F)   84        MM        MM
 MINIMUM TEMPERATURE (F)   64        MM        MM


SUNRISE AND SUNSET
MAY 29 2017...........SUNRISE   540 AM CDT   SUNSET   750 PM CDT
MAY 30 2017...........SUNRISE   540 AM CDT   SUNSET   750 PM CDT


-  INDICATES NEGATIVE NUMBERS.
R  INDICATES RECORD WAS SET OR TIED.
MM INDICATES DATA IS MISSING.
T  INDICATES TRACE AMOUNT.




$$
