000
CDUS44 KBMX 300852
CLIEET


CLIMATE REPORT
NATIONAL WEATHER SERVICE BIRMINGHAM, AL
352 AM CDT TUE AUG 30 2016


...................................

...THE SHELBY COUNTY AIRPORT CLIMATE SUMMARY FOR AUGUST 29 2016...

CLIMATE NORMAL PERIOD 1981 TO 2010
CLIMATE RECORD PERIOD 9999 TO 9999


WEATHER ITEM   OBSERVED TIME   RECORD YEAR NORMAL DEPARTURE LAST
                VALUE   (LST)  VALUE       VALUE  FROM      YEAR
                                                  NORMAL
..................................................................
TEMPERATURE (F)
 YESTERDAY
  MAXIMUM         95    321 PM  MM      MM  89      6       85
  MINIMUM         74    550 AM  MM      MM  69      5       71
  AVERAGE         85                        79      6       78

PRECIPITATION (IN)
  YESTERDAY        0.00                      0.15  -0.15     0.04
  MONTH TO DATE    2.66                      4.46  -1.80     5.14
  SINCE JUN 1      8.44                     13.85  -5.41    18.13
  SINCE JAN 1     30.96                     37.78  -6.82    42.34

DEGREE DAYS
 COOLING
  YESTERDAY       20                        14      6       13
  MONTH TO DATE  519                       442     77      444
  SINCE JUN 1   1542                      1303    239     1393
  SINCE JAN 1   1846                      1572    274     1743
..................................................................


WIND (MPH)
  HIGHEST WIND SPEED     9   HIGHEST WIND DIRECTION     E (80)
  HIGHEST GUST SPEED    16   HIGHEST GUST DIRECTION    SE (130)
  AVERAGE WIND SPEED     3.0


SKY COVER
  POSSIBLE SUNSHINE  MM
  AVERAGE SKY COVER 0.1


WEATHER CONDITIONS
 THE FOLLOWING WEATHER WAS RECORDED YESTERDAY.
  HAZE


RELATIVE HUMIDITY (PERCENT)
 HIGHEST    87           500 AM
 LOWEST     36           200 PM
 AVERAGE    62

..........................................................


THE SHELBY COUNTY AIRPORT CLIMATE NORMALS FOR TODAY
                         NORMAL    RECORD    YEAR
 MAXIMUM TEMPERATURE (F)   89        MM        MM
 MINIMUM TEMPERATURE (F)   69        MM        MM


SUNRISE AND SUNSET
AUGUST 30 2016........SUNRISE   620 AM CDT   SUNSET   714 PM CDT
AUGUST 31 2016........SUNRISE   621 AM CDT   SUNSET   713 PM CDT


-  INDICATES NEGATIVE NUMBERS.
R  INDICATES RECORD WAS SET OR TIED.
MM INDICATES DATA IS MISSING.
T  INDICATES TRACE AMOUNT.




$$
