000
CDUS46 KEKA 261211
CLIEKA


CLIMATE REPORT
NATIONAL WEATHER SERVICE EUREKA CA
510 AM PDT TUE SEP 26 2017


...................................

...THE EUREKA CA CLIMATE SUMMARY FOR SEPTEMBER 25 2017...

CLIMATE NORMAL PERIOD 1981 TO 2010
CLIMATE RECORD PERIOD 1886 TO 2017


WEATHER ITEM   OBSERVED RECORD YEAR NORMAL DEPARTURE LAST
                VALUE   VALUE       VALUE  FROM      YEAR
                                           NORMAL
...........................................................
TEMPERATURE (F)
 YESTERDAY
  MAXIMUM         65     78    1970  63      2       75
  MINIMUM         49     41    1934  49      0       47
  AVERAGE         57                 56      1       61

PRECIPITATION (IN)
  YESTERDAY        0.00   1.01 1923   0.03  -0.03     0.00
  MONTH TO DATE    1.01               0.45   0.56     0.01
  SINCE OCT 1     63.84              40.19  23.65    48.08
  SINCE JAN 1     38.07              24.22  13.85    27.36

SNOWFALL (IN)
  YESTERDAY        0.0    0.0  2002   0.0    0.0      0.0
                               2001
  MONTH TO DATE    0.0                0.0    0.0      0.0
  SINCE SEP 1      0.0                0.0    0.0      0.0
  SINCE JUL 1      0.0                0.0    0.0      0.0
  SNOW DEPTH       0

DEGREE DAYS
 HEATING
  YESTERDAY        8                  9     -1        4
  MONTH TO DATE  123                194    -71      198
  SINCE SEP 1    123                194    -71      198
  SINCE JUL 1    514                620   -106      645

 COOLING
  YESTERDAY        0                  0      0        0
  MONTH TO DATE   13                  0     13        0
  SINCE SEP 1     13                  0     13        0
  SINCE JAN 1     13                  0     13        0
...........................................................


WIND (MPH)
  HIGHEST WIND SPEED     9   HIGHEST WIND DIRECTION    NW (330)
  HIGHEST GUST SPEED    18   HIGHEST GUST DIRECTION    MM
  AVERAGE WIND SPEED     3.9


SKY COVER
  AVERAGE SKY COVER 0.4


WEATHER CONDITIONS
 THE FOLLOWING WEATHER WAS RECORDED YESTERDAY.
  NO SIGNIFICANT WEATHER WAS OBSERVED.


..........................................................


THE EUREKA CA CLIMATE NORMALS FOR TODAY
                         NORMAL    RECORD    YEAR
 MAXIMUM TEMPERATURE (F)   63        83      1936
 MINIMUM TEMPERATURE (F)   49        42      2013
                                             1955


SUNRISE AND SUNSET
SEPTEMBER 26 2017.....SUNRISE   709 AM PDT   SUNSET   706 PM PDT
SEPTEMBER 27 2017.....SUNRISE   710 AM PDT   SUNSET   705 PM PDT


-  INDICATES NEGATIVE NUMBERS.
R  INDICATES RECORD WAS SET OR TIED.
MM INDICATES DATA IS MISSING.
T  INDICATES TRACE AMOUNT.




&&

..........................................................

TOTAL SEASON     NORMAL   % OF NORMAL     LAST SEASON

    63.84         40.19        159            48.08


$$
