707
CDUS46 KEKA 191213
CLIEKA


CLIMATE REPORT
NATIONAL WEATHER SERVICE EUREKA CA
413 AM PST FRI JAN 19 2018


...................................

...THE EUREKA CA CLIMATE SUMMARY FOR JANUARY 18 2018...

CLIMATE NORMAL PERIOD 1981 TO 2010
CLIMATE RECORD PERIOD 1886 TO 2018


WEATHER ITEM   OBSERVED RECORD YEAR NORMAL DEPARTURE LAST
                VALUE   VALUE       VALUE  FROM      YEAR
                                           NORMAL
...........................................................
TEMPERATURE (F)
 YESTERDAY
  MAXIMUM         53     73    1981  56     -3       57
  MINIMUM         45     26    1943  41      4       49
  AVERAGE         49                 49      0       53

PRECIPITATION (IN)
  YESTERDAY        0.90   1.87 1998   0.20   0.70     1.60
  MONTH TO DATE    3.34               3.95  -0.61     7.30
  SINCE OCT 1     14.32              19.92  -5.60    33.07
  SINCE JAN 1      3.34               3.95  -0.61     7.30

SNOWFALL (IN)
  YESTERDAY       MM      0.0  2002   0.0   MM       MM
  MONTH TO DATE    0.0                0.0    0.0      0.0
  SINCE DEC 1      0.0                T      0.0      0.0
  SINCE JUL 1      0.0                T      0.0       T
  SNOW DEPTH       0

DEGREE DAYS
 HEATING
  YESTERDAY       16                 17     -1       12
  MONTH TO DATE  245                306    -61      362
  SINCE DEC 1    785                839    -54      975
  SINCE JUL 1   2045               2261   -216     2209

 COOLING
  YESTERDAY        0                  0      0        0
  MONTH TO DATE    0                  0      0        0
  SINCE DEC 1      0                  0      0        0
  SINCE JAN 1      0                  0      0        0
...........................................................


WIND (MPH)
  HIGHEST WIND SPEED    12   HIGHEST WIND DIRECTION    SW (230)
  HIGHEST GUST SPEED    17   HIGHEST GUST DIRECTION    SW (230)
  AVERAGE WIND SPEED     6.3


SKY COVER
  AVERAGE SKY COVER 0.9


WEATHER CONDITIONS
 THE FOLLOWING WEATHER WAS RECORDED YESTERDAY.
  RAIN
  LIGHT RAIN
  FOG


..........................................................


THE EUREKA CA CLIMATE NORMALS FOR TODAY
                         NORMAL    RECORD    YEAR
 MAXIMUM TEMPERATURE (F)   56        70      1981
 MINIMUM TEMPERATURE (F)   41        25      1922


SUNRISE AND SUNSET
JANUARY 19 2018.......SUNRISE   737 AM PST   SUNSET   519 PM PST
JANUARY 20 2018.......SUNRISE   736 AM PST   SUNSET   520 PM PST


-  INDICATES NEGATIVE NUMBERS.
R  INDICATES RECORD WAS SET OR TIED.
MM INDICATES DATA IS MISSING.
T  INDICATES TRACE AMOUNT.




&&

..........................................................

TOTAL SEASON     NORMAL   % OF NORMAL     LAST SEASON

    14.32         19.92        72            33.07


$$
