000
CDUS46 KEKA 191214
CLIEKA


CLIMATE REPORT
NATIONAL WEATHER SERVICE EUREKA CA
513 AM PDT SAT APR 19 2014


...................................

...THE EUREKA CA CLIMATE SUMMARY FOR APRIL 18 2014...

CLIMATE NORMAL PERIOD 1981 TO 2010
CLIMATE RECORD PERIOD 1886 TO 2014


WEATHER ITEM   OBSERVED RECORD YEAR NORMAL DEPARTURE LAST
                VALUE   VALUE       VALUE  FROM      YEAR
                                           NORMAL
...........................................................
TEMPERATURE (F)
 YESTERDAY
  MAXIMUM         57     73    1918  58     -1       55
  MINIMUM         47     35    1967  44      3       42
  AVERAGE         52                 51      1       49

PRECIPITATION (IN)
  YESTERDAY        0.00   2.30 1925   0.11  -0.11      T
  MONTH TO DATE    0.33               2.21  -1.88     2.44
  SINCE JUL 1     19.14              36.69 -17.55    30.71
  SINCE JAN 1     14.02              19.64  -5.62     9.88

SNOWFALL (IN)
  YESTERDAY        0.0    0.0  2002   0.0    0.0      0.0
                               2001
  MONTH TO DATE    0.0                0.0    0.0      0.0
  SINCE MAR 1      0.0                0.0    0.0      0.0
  SINCE JUL 1      T                  0.2   -0.2       T
  SNOW DEPTH       0

DEGREE DAYS
 HEATING
  YESTERDAY       13                 14     -1       16
  MONTH TO DATE  238                263    -25      267
  SINCE MAR 1    648                739    -91      797
  SINCE JUL 1   3739               3661     78     4035

 COOLING
  YESTERDAY        0                  0      0        0
  MONTH TO DATE    0                  0      0        0
  SINCE MAR 1      0                  0      0        0
  SINCE JAN 1      0                  0      0        0
...........................................................


WIND (MPH)
  HIGHEST WIND SPEED     7   HIGHEST WIND DIRECTION     N (360)
  HIGHEST GUST SPEED    13   HIGHEST GUST DIRECTION     N (360)
  AVERAGE WIND SPEED     3.4


SKY COVER
  AVERAGE SKY COVER 0.8


WEATHER CONDITIONS
 THE FOLLOWING WEATHER WAS RECORDED YESTERDAY.
  NO SIGNIFICANT WEATHER WAS OBSERVED.


..........................................................


THE EUREKA CA CLIMATE NORMALS FOR TODAY
                         NORMAL    RECORD    YEAR
 MAXIMUM TEMPERATURE (F)   58        79      1918
 MINIMUM TEMPERATURE (F)   44        34      1896


SUNRISE AND SUNSET
APRIL 19 2014.........SUNRISE   632 AM PDT   SUNSET   801 PM PDT
APRIL 20 2014.........SUNRISE   630 AM PDT   SUNSET   802 PM PDT


-  INDICATES NEGATIVE NUMBERS.
R  INDICATES RECORD WAS SET OR TIED.
MM INDICATES DATA IS MISSING.
T  INDICATES TRACE AMOUNT.




&&

..........................................................

TOTAL SEASON     NORMAL   % OF NORMAL     LAST SEASON

    19.14         36.69        52            30.71

$$
