000
CDUS46 KEKA 030013
CLIEKA


CLIMATE REPORT
NATIONAL WEATHER SERVICE EUREKA CA
513 PM PDT TUE JUN 2 2015


...................................

...THE EUREKA CA CLIMATE SUMMARY FOR JUNE 2 2015...
VALID TODAY AS OF 0500 PM LOCAL TIME.

CLIMATE NORMAL PERIOD 1981 TO 2010
CLIMATE RECORD PERIOD 1886 TO 2015


WEATHER ITEM   OBSERVED RECORD YEAR NORMAL DEPARTURE LAST
                VALUE   VALUE       VALUE  FROM      YEAR
                                           NORMAL
...........................................................
TEMPERATURE (F)
 TODAY
  MAXIMUM         62     71    1979  61      1       58
  MINIMUM         52     42    1929  49      3       51
  AVERAGE         57                 55      2       55

PRECIPITATION (IN)
  TODAY            0.00   0.90 2010   0.04  -0.04      T
  MONTH TO DATE    0.01               0.08  -0.07      T
  SINCE OCT 1     30.64              38.58  -7.94    17.54
  SINCE JAN 1     12.26              22.61 -10.35    15.64

SNOWFALL (IN)
  TODAY            0.0    0.0  2002   0.0    0.0      0.0
                               2001
  MONTH TO DATE    0.0                0.0    0.0      0.0
  SINCE JUN 1      0.0                0.0    0.0      0.0
  SINCE JUL 1      T                  0.2   -0.2       T
  SNOW DEPTH      MM

...........................................................


WIND (MPH)
  HIGHEST WIND SPEED    12   HIGHEST WIND DIRECTION     N (350)
  HIGHEST GUST SPEED    MM   HIGHEST GUST DIRECTION    MM
  AVERAGE WIND SPEED     5.5


SKY COVER
  AVERAGE SKY COVER 0.8


WEATHER CONDITIONS
 THE FOLLOWING WEATHER WAS RECORDED TODAY.
  FOG W/VISIBILITY <= 1/4 MILE


..........................................................


THE EUREKA CA CLIMATE NORMALS FOR TOMORROW
                         NORMAL    RECORD    YEAR
 MAXIMUM TEMPERATURE (F)   62        75      1987
 MINIMUM TEMPERATURE (F)   49        41      1966


SUNRISE AND SUNSET
JUNE  2 2015..........SUNRISE   547 AM PDT   SUNSET   843 PM PDT
JUNE  3 2015..........SUNRISE   547 AM PDT   SUNSET   843 PM PDT


-  INDICATES NEGATIVE NUMBERS.
R  INDICATES RECORD WAS SET OR TIED.
MM INDICATES DATA IS MISSING.
T  INDICATES TRACE AMOUNT.




&&

..........................................................

TOTAL SEASON     NORMAL   % OF NORMAL     LAST SEASON

    30.64         38.58        79            17.54


$$
