000
CDUS46 KEKA 030055
CLIEKA

CLIMATE REPORT
NATIONAL WEATHER SERVICE EUREKA CA
521 PM PDT TUE SEP 2 2014


...................................

...THE EUREKA CA CLIMATE SUMMARY FOR SEPTEMBER 2 2014...
VALID TODAY AS OF 0500 PM LOCAL TIME.

CLIMATE NORMAL PERIOD 1981 TO 2010
CLIMATE RECORD PERIOD 1886 TO 2014


WEATHER ITEM   OBSERVED RECORD YEAR NORMAL DEPARTURE LAST
                VALUE   VALUE       VALUE  FROM      YEAR
                                           NORMAL
...........................................................
TEMPERATURE (F)
 TODAY
  MAXIMUM         65     75    1979  64      1       72
  MINIMUM         54     46    2008  52      2       60
                               1999
                               1913
  AVERAGE         60                 58      2       66

PRECIPITATION (IN)
  TODAY            0.00   0.39 1912   0.02  -0.02      T
  MONTH TO DATE    0.00               0.03  -0.03      T
  SINCE JUL 1      0.04               0.52  -0.48     0.08
  SINCE JAN 1     16.03              23.80  -7.77    11.56

SNOWFALL (IN)
  TODAY            0.0    0.0  2002   0.0    0.0      0.0
                               2001
  MONTH TO DATE    0.0                0.0    0.0      0.0
  SINCE SEP 1      0.0                0.0    0.0      0.0
  SINCE JUL 1      0.0                0.0    0.0      0.0
  SNOW DEPTH      MM

...........................................................


WIND (MPH)
  HIGHEST WIND SPEED    10   HIGHEST WIND DIRECTION    NW (330)
  HIGHEST GUST SPEED    MM   HIGHEST GUST DIRECTION    MM
  AVERAGE WIND SPEED     3.9


SKY COVER
  AVERAGE SKY COVER 0.8


WEATHER CONDITIONS
 THE FOLLOWING WEATHER WAS RECORDED TODAY.
  FOG


..........................................................


THE EUREKA CA CLIMATE NORMALS FOR TOMORROW
                         NORMAL    RECORD    YEAR
 MAXIMUM TEMPERATURE (F)   64        74      2003
 MINIMUM TEMPERATURE (F)   52        45      2012


SUNRISE AND SUNSET
SEPTEMBER  2 2014.....SUNRISE   645 AM PDT   SUNSET   747 PM PDT
SEPTEMBER  3 2014.....SUNRISE   646 AM PDT   SUNSET   745 PM PDT


-  INDICATES NEGATIVE NUMBERS.
R  INDICATES RECORD WAS SET OR TIED.
MM INDICATES DATA IS MISSING.
T  INDICATES TRACE AMOUNT.




&&

**********************************************************

TOTAL SEASON      NORMAL    % OF NORMAL    LAST SEASON

    0.04          0.52          8             0.08

$$
