427
CDUS46 KEKA 230014
CLIEKA


CLIMATE REPORT
NATIONAL WEATHER SERVICE EUREKA CA
513 PM PDT SAT APR 22 2017


...................................

...THE EUREKA CA CLIMATE SUMMARY FOR APRIL 22 2017...
VALID TODAY AS OF 0500 PM LOCAL TIME.

CLIMATE NORMAL PERIOD 1981 TO 2010
CLIMATE RECORD PERIOD 1886 TO 2017


WEATHER ITEM   OBSERVED RECORD YEAR NORMAL DEPARTURE LAST
                VALUE   VALUE       VALUE  FROM      YEAR
                                           NORMAL
...........................................................
TEMPERATURE (F)
 TODAY
  MAXIMUM         60     75    1982  58      2       57
  MINIMUM         47     37    1968  45      2       49
                               1920
                               1901
  AVERAGE         54                 51      3       53

PRECIPITATION (IN)
  TODAY            0.01   1.46 1983   0.10  -0.09     0.53
  MONTH TO DATE    4.21               2.61   1.60     2.33
  SINCE OCT 1     59.56              36.01  23.55    46.20
  SINCE JAN 1     33.79              20.04  13.75    25.48

SNOWFALL (IN)
  TODAY            0.0    0.0  2002   0.0    0.0      0.0
                               2001
  MONTH TO DATE    T                  0.0    0.0      0.0
  SINCE MAR 1      T                  0.0    0.0      0.0
  SINCE JUL 1      T                  0.2   -0.2       T
  SNOW DEPTH      MM

...........................................................


WIND (MPH)
  HIGHEST WIND SPEED    16   HIGHEST WIND DIRECTION     S (190)
  HIGHEST GUST SPEED    24   HIGHEST GUST DIRECTION     S (190)
  AVERAGE WIND SPEED     8.1


SKY COVER
  AVERAGE SKY COVER 0.9


WEATHER CONDITIONS
 THE FOLLOWING WEATHER WAS RECORDED TODAY.
  LIGHT RAIN


..........................................................


THE EUREKA CA CLIMATE NORMALS FOR TOMORROW
                         NORMAL    RECORD    YEAR
 MAXIMUM TEMPERATURE (F)   58        68      1888
 MINIMUM TEMPERATURE (F)   45        38      1960
                                             1892


SUNRISE AND SUNSET
APRIL 22 2017.........SUNRISE   627 AM PDT   SUNSET   804 PM PDT
APRIL 23 2017.........SUNRISE   625 AM PDT   SUNSET   805 PM PDT


-  INDICATES NEGATIVE NUMBERS.
R  INDICATES RECORD WAS SET OR TIED.
MM INDICATES DATA IS MISSING.
T  INDICATES TRACE AMOUNT.




&&

..........................................................

TOTAL SEASON     NORMAL   % OF NORMAL     LAST SEASON

    59.56         36.01        165            46.20


$$
