146
CDUS46 KEKA 241459 CCA
CLIEKA

CLIMATE REPORT...CORRECTED SKY COVER AND GUST
NATIONAL WEATHER SERVICE EUREKA CA
510 AM PDT FRI MAR 24 2017


...................................

...THE EUREKA CA CLIMATE SUMMARY FOR MARCH 23 2017...

CLIMATE NORMAL PERIOD 1981 TO 2010
CLIMATE RECORD PERIOD 1886 TO 2017


WEATHER ITEM   OBSERVED RECORD YEAR NORMAL DEPARTURE LAST
                VALUE   VALUE       VALUE  FROM      YEAR
                                           NORMAL
...........................................................
TEMPERATURE (F)
 YESTERDAY
  MAXIMUM         61     66    2004  57      4       57
                               1896
  MINIMUM         41     33    2013  43     -2       40
                               2009
  AVERAGE         51                 50      1       49

PRECIPITATION (IN)
  YESTERDAY        0.14   1.64 1937   0.17  -0.03      T
  MONTH TO DATE    5.66               4.08   1.58     7.92
  SINCE OCT 1     53.04              32.18  20.86    43.68
  SINCE JAN 1     27.27              16.21  11.06    22.96

SNOWFALL (IN)
  YESTERDAY       MM     MM      MM   0.0   MM       MM
  MONTH TO DATE    T                  0.0    0.0      0.0
  SINCE MAR 1      T                  0.0    0.0      0.0
  SINCE JUL 1      T                  0.2   -0.2       T
  SNOW DEPTH       0

DEGREE DAYS
 HEATING
  YESTERDAY       14                 15     -1       16
  MONTH TO DATE  321                353    -32      279
  SINCE MAR 1    321                353    -32      279
  SINCE JUL 1   3210               3275    -65     2689

 COOLING
  YESTERDAY        0                  0      0        0
  MONTH TO DATE    0                  0      0        0
  SINCE MAR 1      0                  0      0        0
  SINCE JAN 1      0                  0      0        0
...........................................................


WIND (MPH)
  HIGHEST WIND SPEED    24   HIGHEST WIND DIRECTION     S (160)
  HIGHEST GUST SPEED    43   HIGHEST GUST DIRECTION     S (160)
  AVERAGE WIND SPEED     9.3


SKY COVER
  AVERAGE SKY COVER 1.0


WEATHER CONDITIONS
 THE FOLLOWING WEATHER WAS RECORDED YESTERDAY.
  LIGHT RAIN


..........................................................


THE EUREKA CA CLIMATE NORMALS FOR TODAY
                         NORMAL    RECORD    YEAR
 MAXIMUM TEMPERATURE (F)   57        71      1969
 MINIMUM TEMPERATURE (F)   43        32      1913


SUNRISE AND SUNSET
MARCH 24 2017.........SUNRISE   713 AM PDT   SUNSET   733 PM PDT
MARCH 25 2017.........SUNRISE   711 AM PDT   SUNSET   735 PM PDT


-  INDICATES NEGATIVE NUMBERS.
R  INDICATES RECORD WAS SET OR TIED.
MM INDICATES DATA IS MISSING.
T  INDICATES TRACE AMOUNT.




&&

..........................................................

TOTAL SEASON     NORMAL   % OF NORMAL     LAST SEASON

    53.04         32.18        165            43.68


$$
