000
CDUS46 KEKA 261213
CLIEKA


CLIMATE REPORT
NATIONAL WEATHER SERVICE EUREKA CA
511 AM PDT TUE JUL 26 2016


...................................

...THE EUREKA CA CLIMATE SUMMARY FOR JULY 25 2016...

CLIMATE NORMAL PERIOD 1981 TO 2010
CLIMATE RECORD PERIOD 1886 TO 2016


WEATHER ITEM   OBSERVED RECORD YEAR NORMAL DEPARTURE LAST
                VALUE   VALUE       VALUE  FROM      YEAR
                                           NORMAL
...........................................................
TEMPERATURE (F)
 YESTERDAY
  MAXIMUM         63     70    1984  64     -1       67
  MINIMUM         54     46    1978  53      1       58
  AVERAGE         59                 58      1       63

PRECIPITATION (IN)
  YESTERDAY        0.03R  0.02 1960   0.00   0.03     0.00
                               1944
                               1913
  MONTH TO DATE    0.54               0.15   0.39     0.15
  SINCE OCT 1     48.03              39.40   8.63    30.82
  SINCE JAN 1     27.31              23.43   3.88    12.44

SNOWFALL (IN)
  YESTERDAY        0.0   MM      MM   0.0    0.0      0.0
  MONTH TO DATE    0.0                0.0    0.0      0.0
  SINCE JUN 1      0.0                0.0    0.0      0.0
  SINCE JUL 1      0.0                0.0    0.0      0.0
  SNOW DEPTH       0

DEGREE DAYS
 HEATING
  YESTERDAY        6                  7     -1        2
  MONTH TO DATE  162                186    -24      100
  SINCE JUN 1    386                452    -66      341
  SINCE JUL 1    162                186    -24      100

 COOLING
  YESTERDAY        0                  0      0        0
  MONTH TO DATE    0                  0      0        1
  SINCE JUN 1      0                  0      0        1
  SINCE JAN 1      0                  0      0        1
...........................................................


WIND (MPH)
  HIGHEST WIND SPEED     9   HIGHEST WIND DIRECTION     N (350)
  HIGHEST GUST SPEED     9   HIGHEST GUST DIRECTION    MM
  AVERAGE WIND SPEED     4.3


SKY COVER
  AVERAGE SKY COVER 1.0


WEATHER CONDITIONS
 THE FOLLOWING WEATHER WAS RECORDED YESTERDAY.
  FOG


..........................................................


THE EUREKA CA CLIMATE NORMALS FOR TODAY
                         NORMAL    RECORD    YEAR
 MAXIMUM TEMPERATURE (F)   64        70      1947
 MINIMUM TEMPERATURE (F)   53        46      1919


SUNRISE AND SUNSET
JULY 26 2016..........SUNRISE   608 AM PDT   SUNSET   838 PM PDT
JULY 27 2016..........SUNRISE   609 AM PDT   SUNSET   837 PM PDT


-  INDICATES NEGATIVE NUMBERS.
R  INDICATES RECORD WAS SET OR TIED.
MM INDICATES DATA IS MISSING.
T  INDICATES TRACE AMOUNT.




&&

..........................................................

TOTAL SEASON     NORMAL   % OF NORMAL     LAST SEASON

    48.03         39.40        122            30.82


$$
