225
CDUS46 KEKA 081209
CLIEKA


CLIMATE REPORT
NATIONAL WEATHER SERVICE EUREKA CA
409 AM PST MON FEB 8 2016


...................................

...THE EUREKA CA CLIMATE SUMMARY FOR FEBRUARY 7 2016...

CLIMATE NORMAL PERIOD 1981 TO 2010
CLIMATE RECORD PERIOD 1886 TO 2016


WEATHER ITEM   OBSERVED RECORD YEAR NORMAL DEPARTURE LAST
                VALUE   VALUE       VALUE  FROM      YEAR
                                           NORMAL
...........................................................
TEMPERATURE (F)
 YESTERDAY
  MAXIMUM         64     80    1987  56      8       66
  MINIMUM         43     28    1989  42      1       55
  AVERAGE         54                 49      5       61

PRECIPITATION (IN)
  YESTERDAY        0.00   2.64 1938   0.21  -0.21     0.02
  MONTH TO DATE    0.38               1.42  -1.04     3.75
  SINCE OCT 1     33.16              23.89   9.27    23.49
  SINCE JAN 1     12.44               7.92   4.52     5.11

SNOWFALL (IN)
  YESTERDAY        0.0    0.0  2002   0.0    0.0      0.0
  MONTH TO DATE    0.0                0.1   -0.1      0.0
  SINCE DEC 1      T                  0.1   -0.1      0.0
  SINCE JUL 1      T                  0.1   -0.1      0.0
  SNOW DEPTH       0

DEGREE DAYS
 HEATING
  YESTERDAY       11                 16     -5        4
  MONTH TO DATE  113                112      1       48
  SINCE DEC 1   1045               1161   -116      843
  SINCE JUL 1   2127               2583   -456     1863

 COOLING
  YESTERDAY        0                  0      0        0
  MONTH TO DATE    0                  0      0        0
  SINCE DEC 1      0                  0      0        0
  SINCE JAN 1      0                  0      0        0
...........................................................


WIND (MPH)
  HIGHEST WIND SPEED     6   HIGHEST WIND DIRECTION    SE (120)
  HIGHEST GUST SPEED     6   HIGHEST GUST DIRECTION    MM
  AVERAGE WIND SPEED     1.5


SKY COVER
  AVERAGE SKY COVER 0.1


WEATHER CONDITIONS
 THE FOLLOWING WEATHER WAS RECORDED YESTERDAY.
  NO SIGNIFICANT WEATHER WAS OBSERVED.


..........................................................


THE EUREKA CA CLIMATE NORMALS FOR TODAY
                         NORMAL    RECORD    YEAR
 MAXIMUM TEMPERATURE (F)   56        71      1987
 MINIMUM TEMPERATURE (F)   42        27      1887


SUNRISE AND SUNSET
FEBRUARY  8 2016......SUNRISE   720 AM PST   SUNSET   542 PM PST
FEBRUARY  9 2016......SUNRISE   719 AM PST   SUNSET   544 PM PST


-  INDICATES NEGATIVE NUMBERS.
R  INDICATES RECORD WAS SET OR TIED.
MM INDICATES DATA IS MISSING.
T  INDICATES TRACE AMOUNT.




&&

..........................................................

TOTAL SEASON     NORMAL   % OF NORMAL     LAST SEASON

    33.16         23.89        139            23.49


$$
