000
CDUS46 KEKA 231214
CLIEKA


CLIMATE REPORT
NATIONAL WEATHER SERVICE EUREKA CA
514 AM PDT WED APR 23 2014


...................................

...THE EUREKA CA CLIMATE SUMMARY FOR APRIL 22 2014...

CLIMATE NORMAL PERIOD 1981 TO 2010
CLIMATE RECORD PERIOD 1886 TO 2014


WEATHER ITEM   OBSERVED RECORD YEAR NORMAL DEPARTURE LAST
                VALUE   VALUE       VALUE  FROM      YEAR
                                           NORMAL
...........................................................
TEMPERATURE (F)
 YESTERDAY
  MAXIMUM         57     75    1982  58     -1       59
  MINIMUM         45     37    1968  45      0       46
                               1920
                               1901
  AVERAGE         51                 51      0       53

PRECIPITATION (IN)
  YESTERDAY        0.05   1.46 1983   0.10  -0.05     0.00
  MONTH TO DATE    0.69               2.61  -1.92     2.44
  SINCE JUL 1     19.50              37.09 -17.59    30.71
  SINCE JAN 1     14.38              20.04  -5.66     9.88

SNOWFALL (IN)
  YESTERDAY        0.0    0.0  2002   0.0    0.0      0.0
                               2001
  MONTH TO DATE    0.0                0.0    0.0      0.0
  SINCE MAR 1      0.0                0.0    0.0      0.0
  SINCE JUL 1      T                  0.2   -0.2       T
  SNOW DEPTH       0

DEGREE DAYS
 HEATING
  YESTERDAY       14                 14      0       12
  MONTH TO DATE  291                319    -28      318
  SINCE MAR 1    701                795    -94      848
  SINCE JUL 1   3792               3717     75     4086

 COOLING
  YESTERDAY        0                  0      0        0
  MONTH TO DATE    0                  0      0        0
  SINCE MAR 1      0                  0      0        0
  SINCE JAN 1      0                  0      0        0
...........................................................


WIND (MPH)
  HIGHEST WIND SPEED    12   HIGHEST WIND DIRECTION     W (270)
  HIGHEST GUST SPEED    14   HIGHEST GUST DIRECTION     W (270)
  AVERAGE WIND SPEED     5.6


SKY COVER
  AVERAGE SKY COVER 0.5


WEATHER CONDITIONS
 THE FOLLOWING WEATHER WAS RECORDED YESTERDAY.
  LIGHT RAIN


..........................................................


THE EUREKA CA CLIMATE NORMALS FOR TODAY
                         NORMAL    RECORD    YEAR
 MAXIMUM TEMPERATURE (F)   58        68      1888
 MINIMUM TEMPERATURE (F)   45        38      1960
                                             1892


SUNRISE AND SUNSET
APRIL 23 2014.........SUNRISE   626 AM PDT   SUNSET   805 PM PDT
APRIL 24 2014.........SUNRISE   624 AM PDT   SUNSET   806 PM PDT


-  INDICATES NEGATIVE NUMBERS.
R  INDICATES RECORD WAS SET OR TIED.
MM INDICATES DATA IS MISSING.
T  INDICATES TRACE AMOUNT.




&&

..........................................................

TOTAL SEASON     NORMAL   % OF NORMAL     LAST SEASON

    19.50         37.09        53            30.71

$$
