000
CDUS41 KRLX 190716
CLIEKN


CLIMATE REPORT
NATIONAL WEATHER SERVICE CHARLESTON WV
316 AM EDT SAT AUG 19 2017


...................................

...THE ELKINS WV CLIMATE SUMMARY FOR AUGUST 18 2017...

CLIMATE NORMAL PERIOD 1981 TO 2010
CLIMATE RECORD PERIOD 1899 TO 2017


WEATHER ITEM   OBSERVED TIME   RECORD YEAR NORMAL DEPARTURE LAST
                VALUE   (LST)  VALUE       VALUE  FROM      YEAR
                                                  NORMAL
..................................................................
TEMPERATURE (F)
 YESTERDAY
  MAXIMUM         81    504 PM  91    1913  80      1       83
  MINIMUM         63   1159 PM  42    1902  58      5       66
  AVERAGE         72                        69      3       75

PRECIPITATION (IN)
  YESTERDAY        0.26          2.62 1980   0.13   0.13     0.02
  MONTH TO DATE    2.80                      2.34   0.46     2.48
  SINCE JAN 1     33.71                     31.31   2.40    29.31

SNOWFALL (IN)
  YESTERDAY        0.0
  MONTH TO DATE    0.0
  SINCE SEP 1     44.5
  SNOW DEPTH       0

DEGREE DAYS
 HEATING
  YESTERDAY        0                         1     -1        0
  MONTH TO DATE    8                         3      5        0
  SINCE JUN 1     69                        70     -1       28
  SINCE JUL 1     11                        15     -4        0

 COOLING
  YESTERDAY        7                         5      2       10
  MONTH TO DATE   74                        90    -16      185
  SINCE JUN 1    383                       348     35      561
  SINCE JAN 1    427                       371     56      590
..................................................................


WIND (MPH)
  HIGHEST WIND SPEED    13   HIGHEST WIND DIRECTION    SW (240)
  HIGHEST GUST SPEED    17   HIGHEST GUST DIRECTION    SW (240)
  AVERAGE WIND SPEED     3.2


SKY COVER
  AVERAGE SKY COVER 0.6


WEATHER CONDITIONS
 THE FOLLOWING WEATHER WAS RECORDED YESTERDAY.
  HEAVY RAIN
  RAIN
  LIGHT RAIN
  FOG


RELATIVE HUMIDITY (PERCENT)
 HIGHEST    93           200 AM
 LOWEST     62           500 PM
 AVERAGE    78

..........................................................


THE ELKINS WV CLIMATE NORMALS FOR TODAY
                         NORMAL    RECORD    YEAR
 MAXIMUM TEMPERATURE (F)   80        89      1993
                                             1937
                                             1914
 MINIMUM TEMPERATURE (F)   58        39      1981


SUNRISE AND SUNSET
AUGUST 19 2017........SUNRISE   637 AM EDT   SUNSET   808 PM EDT
AUGUST 20 2017........SUNRISE   638 AM EDT   SUNSET   807 PM EDT


-  INDICATES NEGATIVE NUMBERS.
R  INDICATES RECORD WAS SET OR TIED.
MM INDICATES DATA IS MISSING.
T  INDICATES TRACE AMOUNT.




$$
