000
CDUS41 KRLX 242227
CLIEKN


CLIMATE REPORT
NATIONAL WEATHER SERVICE CHARLESTON WV
526 PM EST TUE JAN 24 2017


...................................

...THE ELKINS WV CLIMATE SUMMARY FOR JANUARY 24 2017...
VALID TODAY AS OF 0500 PM LOCAL TIME.

CLIMATE NORMAL PERIOD 1981 TO 2010
CLIMATE RECORD PERIOD 1899 TO 2017


WEATHER ITEM   OBSERVED TIME   RECORD YEAR NORMAL DEPARTURE LAST
                VALUE   (LST)  VALUE       VALUE  FROM      YEAR
                                                  NORMAL
..................................................................
TEMPERATURE (F)
 TODAY
  MAXIMUM         39    359 PM  70    1950  39      0       34
  MINIMUM         32    402 AM -16    1963  20     12        2
  AVERAGE         36                        29      7       18

PRECIPITATION (IN)
  TODAY            0.05          1.55 2002   0.10  -0.05      T
  MONTH TO DATE    4.55                      2.50   2.05     2.25
  SINCE DEC 1      9.45                      5.76   3.69     6.95
  SINCE JAN 1      4.55                      2.50   2.05     2.25

DEGREE DAYS
 HEATING
  TODAY           29                        36     -7       47
  MONTH TO DATE  635                       864   -229      984
  SINCE DEC 1   1553                      1871   -318     1569
  SINCE JUL 1   2498                      3155   -657     2572

 COOLING
  TODAY            0                         0      0        0
  MONTH TO DATE    0                         0      0        0
  SINCE DEC 1      0                         0      0        0
  SINCE JAN 1      0                         0      0        0
..................................................................


WIND (MPH)
  HIGHEST WIND SPEED    14   HIGHEST WIND DIRECTION     W (290)
  HIGHEST GUST SPEED    20   HIGHEST GUST DIRECTION     W (290)
  AVERAGE WIND SPEED     4.1


SKY COVER
  POSSIBLE SUNSHINE  MM
  AVERAGE SKY COVER 1.0


WEATHER CONDITIONS
 THE FOLLOWING WEATHER WAS RECORDED TODAY.
  LIGHT RAIN
  LIGHT SNOW
  FOG
  HAZE


RELATIVE HUMIDITY (PERCENT)
 HIGHEST    92           300 PM
 LOWEST     82           200 AM
 AVERAGE    87

..........................................................


THE ELKINS WV CLIMATE NORMALS FOR TOMORROW
                         NORMAL    RECORD    YEAR
 MAXIMUM TEMPERATURE (F)   39        76      1950
 MINIMUM TEMPERATURE (F)   20       -12      1936


SUNRISE AND SUNSET
JANUARY 24 2017.......SUNRISE   732 AM EST   SUNSET   532 PM EST
JANUARY 25 2017.......SUNRISE   731 AM EST   SUNSET   533 PM EST


-  INDICATES NEGATIVE NUMBERS.
R  INDICATES RECORD WAS SET OR TIED.
MM INDICATES DATA IS MISSING.
T  INDICATES TRACE AMOUNT.




$$
