000
CDUS41 KRLX 010729
CLIEKN


CLIMATE REPORT
NATIONAL WEATHER SERVICE CHARLESTON WV
319 AM EDT SAT AUG 1 2015


...................................

...THE ELKINS WV CLIMATE SUMMARY FOR JULY 31 2015...

CLIMATE NORMAL PERIOD 1981 TO 2010
CLIMATE RECORD PERIOD 1899 TO 2015


WEATHER ITEM   OBSERVED TIME   RECORD YEAR NORMAL DEPARTURE LAST
                VALUE   (LST)  VALUE       VALUE  FROM      YEAR
                                                  NORMAL
..................................................................
TEMPERATURE (F)
 YESTERDAY
  MAXIMUM         81    351 PM  93    1999  81      0       80
  MINIMUM         54    542 AM  42    1997  59     -5       51
  AVERAGE         68                        70     -2       66

PRECIPITATION (IN)
  YESTERDAY        0.00          2.20 1996   0.16  -0.16     0.00
  MONTH TO DATE    4.98                      5.36  -0.38     5.28
  SINCE JAN 1     35.35                     28.97   6.38    25.14

SNOWFALL (IN)
  YESTERDAY        0.0
  MONTH TO DATE    0.0
  SINCE SEP 1     70.3
  SNOW DEPTH       0

DEGREE DAYS
 HEATING
  YESTERDAY        0                         0      0        0
  MONTH TO DATE    0                         8     -8       33
  SINCE JUN 1     21                        67    -46       47
  SINCE JUL 1      0                        12    -12       33

 COOLING
  YESTERDAY        3                         5     -2        1
  MONTH TO DATE  201                       166     35      143
  SINCE JUN 1    354                       258     96      288
  SINCE JAN 1    419                       281    138      324
..................................................................


WIND (MPH)
  HIGHEST WIND SPEED    12   HIGHEST WIND DIRECTION     W (290)
  HIGHEST GUST SPEED    16   HIGHEST GUST DIRECTION     W (280)
  AVERAGE WIND SPEED     2.6


SKY COVER
  POSSIBLE SUNSHINE  MM
  AVERAGE SKY COVER 0.2


WEATHER CONDITIONS
 THE FOLLOWING WEATHER WAS RECORDED YESTERDAY.
  FOG


RELATIVE HUMIDITY (PERCENT)
 HIGHEST    93           100 AM
 LOWEST     42           200 PM
 AVERAGE    68

..........................................................


THE ELKINS WV CLIMATE NORMALS FOR TODAY
                         NORMAL    RECORD    YEAR
 MAXIMUM TEMPERATURE (F)   81        91      1917
 MINIMUM TEMPERATURE (F)   59        46      1966


SUNRISE AND SUNSET
AUGUST  1 2015........SUNRISE   620 AM EDT   SUNSET   831 PM EDT
AUGUST  2 2015........SUNRISE   621 AM EDT   SUNSET   830 PM EDT


-  INDICATES NEGATIVE NUMBERS.
R  INDICATES RECORD WAS SET OR TIED.
MM INDICATES DATA IS MISSING.
T  INDICATES TRACE AMOUNT.




$$
