000
CDUS41 KRLX 012120
CLIEKN


CLIMATE REPORT
NATIONAL WEATHER SERVICE CHARLESTON WV
518 PM EDT TUE SEP 1 2015


...................................

...THE ELKINS WV CLIMATE SUMMARY FOR SEPTEMBER 1 2015...
VALID TODAY AS OF 0500 PM LOCAL TIME.

CLIMATE NORMAL PERIOD 1981 TO 2010
CLIMATE RECORD PERIOD 1899 TO 2015


WEATHER ITEM   OBSERVED TIME   RECORD YEAR NORMAL DEPARTURE LAST
                VALUE   (LST)  VALUE       VALUE  FROM      YEAR
                                                  NORMAL
..................................................................
TEMPERATURE (F)
 TODAY
  MAXIMUM         84    233 PM  94    1932  78      6       84
  MINIMUM         59    556 AM  38    1999  56      3       68
                                      1946
  AVERAGE         72                        67      5       76

PRECIPITATION (IN)
  TODAY            T             1.43 1981   0.12  -0.12     0.03
  MONTH TO DATE    T                         0.12  -0.12     0.03
  SINCE SEP 1      T                         0.12  -0.12     0.03
  SINCE JAN 1     37.45                     32.93   4.52    28.26

DEGREE DAYS
 HEATING
  TODAY            0                         1     -1        0
  MONTH TO DATE    0                         1     -1        0
  SINCE SEP 1      0                         1     -1        0
  SINCE JUL 1     11                        31    -20       51

 COOLING
  TODAY            7                         3      4       11
  MONTH TO DATE    7                         3      4       11
  SINCE SEP 1      7                         3      4       11
  SINCE JAN 1    548                       429    119      449
..................................................................


WIND (MPH)
  HIGHEST WIND SPEED    13   HIGHEST WIND DIRECTION    NW (300)
  HIGHEST GUST SPEED    15   HIGHEST GUST DIRECTION    NW (300)
  AVERAGE WIND SPEED     1.3


SKY COVER
  POSSIBLE SUNSHINE  MM
  AVERAGE SKY COVER 0.3


WEATHER CONDITIONS
 THE FOLLOWING WEATHER WAS RECORDED TODAY.
  FOG
  FOG W/VISIBILITY <= 1/4 MILE


RELATIVE HUMIDITY (PERCENT)
 HIGHEST    97           100 AM
 LOWEST     51           400 PM
 AVERAGE    74

..........................................................


THE ELKINS WV CLIMATE NORMALS FOR TOMORROW
                         NORMAL    RECORD    YEAR
 MAXIMUM TEMPERATURE (F)   78        93      1993
                                             1953
 MINIMUM TEMPERATURE (F)   55        38      1999
                                             1987


SUNRISE AND SUNSET
SEPTEMBER  1 2015.....SUNRISE   648 AM EDT   SUNSET   750 PM EDT
SEPTEMBER  2 2015.....SUNRISE   649 AM EDT   SUNSET   749 PM EDT


-  INDICATES NEGATIVE NUMBERS.
R  INDICATES RECORD WAS SET OR TIED.
MM INDICATES DATA IS MISSING.
T  INDICATES TRACE AMOUNT.




$$
