000
CDUS41 KRLX 310739
CLIEKN


CLIMATE REPORT
NATIONAL WEATHER SERVICE CHARLESTON WV
335 AM EDT THU JUL 31 2014


...................................

...THE ELKINS WV CLIMATE SUMMARY FOR JULY 30 2014...

CLIMATE NORMAL PERIOD 1981 TO 2010
CLIMATE RECORD PERIOD 1899 TO 2014


WEATHER ITEM   OBSERVED TIME   RECORD YEAR NORMAL DEPARTURE LAST
                VALUE   (LST)  VALUE       VALUE  FROM      YEAR
                                                  NORMAL
..................................................................
TEMPERATURE (F)
 YESTERDAY
  MAXIMUM         73    420 PM  92    1913  81     -8       78
  MINIMUM         49   1243 AM  44    1981  59    -10       51
  AVERAGE         61                        70     -9       65

PRECIPITATION (IN)
  YESTERDAY        T             1.89 1902   0.16  -0.16     0.00
  MONTH TO DATE    5.28                      5.20   0.08     4.09
  SINCE JAN 1     25.14                     28.81  -3.67    24.65

SNOWFALL (IN)
  YESTERDAY       MM
  MONTH TO DATE    0.0
  SINCE SEP 1     92.3
  SNOW DEPTH       0

DEGREE DAYS
 HEATING
  YESTERDAY        4                         0      4        0
  MONTH TO DATE   33                         8     25        4
  SINCE JUN 1     47                        63    -16       16
  SINCE JUL 1     33                         8     25        4

 COOLING
  YESTERDAY        0                         5     -5        0
  MONTH TO DATE  142                       152    -10      206
  SINCE JUN 1    287                       244     43      303
  SINCE JAN 1    323                       267     56      328
..................................................................


WIND (MPH)
  HIGHEST WIND SPEED     9   HIGHEST WIND DIRECTION     W (270)
  HIGHEST GUST SPEED    13   HIGHEST GUST DIRECTION     W (250)
  AVERAGE WIND SPEED     1.6


SKY COVER
  POSSIBLE SUNSHINE  MM
  AVERAGE SKY COVER 0.6


WEATHER CONDITIONS
 THE FOLLOWING WEATHER WAS RECORDED YESTERDAY.
  FOG


RELATIVE HUMIDITY (PERCENT)
 HIGHEST    96           200 AM
 LOWEST     49           300 PM
 AVERAGE    73

..........................................................


THE ELKINS WV CLIMATE NORMALS FOR TODAY
                         NORMAL    RECORD    YEAR
 MAXIMUM TEMPERATURE (F)   81        93      1999
 MINIMUM TEMPERATURE (F)   59        42      1997


SUNRISE AND SUNSET
JULY 31 2014..........SUNRISE   620 AM EDT   SUNSET   831 PM EDT
AUGUST  1 2014........SUNRISE   620 AM EDT   SUNSET   830 PM EDT


-  INDICATES NEGATIVE NUMBERS.
R  INDICATES RECORD WAS SET OR TIED.
MM INDICATES DATA IS MISSING.
T  INDICATES TRACE AMOUNT.




$$
