000
CDUS41 KRLX 170837
CLIEKN


CLIMATE REPORT
NATIONAL WEATHER SERVICE CHARLESTON WV
337 AM EST SAT FEB 17 2018


...................................

...THE ELKINS WV CLIMATE SUMMARY FOR FEBRUARY 16 2018...

CLIMATE NORMAL PERIOD 1981 TO 2010
CLIMATE RECORD PERIOD 1899 TO 2018


WEATHER ITEM   OBSERVED TIME   RECORD YEAR NORMAL DEPARTURE LAST
                VALUE   (LST)  VALUE       VALUE  FROM      YEAR
                                                  NORMAL
..................................................................
TEMPERATURE (F)
 YESTERDAY
  MAXIMUM         67    100 AM  71    1921  43     24       32
  MINIMUM         32   1159 PM -20    1963  22     10       14
  AVERAGE         50                        32     18       23

PRECIPITATION (IN)
  YESTERDAY        1.55R         1.14 2003   0.11   1.44     0.05
  MONTH TO DATE    5.28                      1.72   3.56     1.44
  SINCE JAN 1      7.96                      4.95   3.01     6.53

SNOWFALL (IN)
  YESTERDAY        0.0           6.3  1900   0.7   -0.7      1.5
  MONTH TO DATE    6.1                      11.0   -4.9      9.9
  SINCE SEP 1     41.6                      57.8  -16.2     30.4
  SNOW DEPTH       0

DEGREE DAYS
 HEATING
  YESTERDAY       15                        33    -18       42
  MONTH TO DATE  458                       544    -86      458
  SINCE DEC 1   2694                      2661     33     2238
  SINCE JUL 1   3779                      3945   -166     3183

 COOLING
  YESTERDAY        0                         0      0        0
  MONTH TO DATE    0                         0      0        0
  SINCE DEC 1      0                         0      0        0
  SINCE JAN 1      0                         0      0        0
..................................................................


WIND (MPH)
  HIGHEST WIND SPEED    29   HIGHEST WIND DIRECTION    SW (220)
  HIGHEST GUST SPEED    43   HIGHEST GUST DIRECTION    SW (220)
  AVERAGE WIND SPEED     9.5


SKY COVER
  POSSIBLE SUNSHINE  MM
  AVERAGE SKY COVER 1.0


WEATHER CONDITIONS
 THE FOLLOWING WEATHER WAS RECORDED YESTERDAY.
  HEAVY RAIN
  RAIN
  LIGHT RAIN
  FOG


RELATIVE HUMIDITY (PERCENT)
 HIGHEST   100           600 AM
 LOWEST     63          1200 AM
 AVERAGE    82

..........................................................


THE ELKINS WV CLIMATE NORMALS FOR TODAY
                         NORMAL    RECORD    YEAR
 MAXIMUM TEMPERATURE (F)   43        67      1961
 MINIMUM TEMPERATURE (F)   22        -9      1904


SUNRISE AND SUNSET
FEBRUARY 17 2018......SUNRISE   708 AM EST   SUNSET   559 PM EST
FEBRUARY 18 2018......SUNRISE   707 AM EST   SUNSET   600 PM EST


-  INDICATES NEGATIVE NUMBERS.
R  INDICATES RECORD WAS SET OR TIED.
MM INDICATES DATA IS MISSING.
T  INDICATES TRACE AMOUNT.




$$
