000
CDUS41 KRLX 110825
CLIEKN


CLIMATE REPORT
NATIONAL WEATHER SERVICE CHARLESTON WV
325 AM EST MON DEC 11 2017


...................................

...THE ELKINS WV CLIMATE SUMMARY FOR DECEMBER 10 2017...

CLIMATE NORMAL PERIOD 1981 TO 2010
CLIMATE RECORD PERIOD 1899 TO 2017


WEATHER ITEM   OBSERVED TIME   RECORD YEAR NORMAL DEPARTURE LAST
                VALUE   (LST)  VALUE       VALUE  FROM      YEAR
                                                  NORMAL
..................................................................
TEMPERATURE (F)
 YESTERDAY
  MAXIMUM         35   1149 PM  72    1971  44     -9       24
  MINIMUM         25    912 AM  -3    1917  24      1       14
  AVERAGE         30                        34     -4       19

PRECIPITATION (IN)
  YESTERDAY        0.01          1.38 1952   0.12  -0.11      T
  MONTH TO DATE    0.38                      1.13  -0.75     1.05
  SINCE JAN 1     44.09                     43.80   0.29    41.24

SNOWFALL (IN)
  YESTERDAY       MM             7.0  1904   0.5   MM         T
                                      2014
                                      2011
  MONTH TO DATE    0.0                       4.6   -4.6      2.0
  SINCE SEP 1      T                        10.2  -10.2      6.7
  SNOW DEPTH      MM

DEGREE DAYS
 HEATING
  YESTERDAY       35                        31      4       46
  MONTH TO DATE  295                       298     -3      315
  SINCE DEC 1    295                       298     -3      315
  SINCE JUL 1   1380                      1582   -202     1260

 COOLING
  YESTERDAY        0                         0      0        0
  MONTH TO DATE    0                         0      0        0
  SINCE DEC 1      0                         0      0        0
  SINCE JAN 1    544                       475     69      809
..................................................................


WIND (MPH)
  HIGHEST WIND SPEED    18   HIGHEST WIND DIRECTION     W (260)
  HIGHEST GUST SPEED    26   HIGHEST GUST DIRECTION     W (270)
  AVERAGE WIND SPEED     7.8


SKY COVER
  POSSIBLE SUNSHINE  MM
  AVERAGE SKY COVER 0.9


WEATHER CONDITIONS
 THE FOLLOWING WEATHER WAS RECORDED YESTERDAY.
  LIGHT SNOW
  HAZE


RELATIVE HUMIDITY (PERCENT)
 HIGHEST    81           800 AM
 LOWEST     38          1000 PM
 AVERAGE    60

..........................................................


THE ELKINS WV CLIMATE NORMALS FOR TODAY
                         NORMAL    RECORD    YEAR
 MAXIMUM TEMPERATURE (F)   43        68      2007
 MINIMUM TEMPERATURE (F)   24        -8      1917


SUNRISE AND SUNSET
DECEMBER 11 2017......SUNRISE   728 AM EST   SUNSET   458 PM EST
DECEMBER 12 2017......SUNRISE   729 AM EST   SUNSET   458 PM EST


-  INDICATES NEGATIVE NUMBERS.
R  INDICATES RECORD WAS SET OR TIED.
MM INDICATES DATA IS MISSING.
T  INDICATES TRACE AMOUNT.




$$
