000
CDUS41 KRLX 200818
CLIEKN


CLIMATE REPORT
NATIONAL WEATHER SERVICE CHARLESTON WV
317 AM EST SAT DEC 20 2014


...................................

...THE ELKINS WV CLIMATE SUMMARY FOR DECEMBER 19 2014...

CLIMATE NORMAL PERIOD 1981 TO 2010
CLIMATE RECORD PERIOD 1899 TO 2014


WEATHER ITEM   OBSERVED TIME   RECORD YEAR NORMAL DEPARTURE LAST
                VALUE   (LST)  VALUE       VALUE  FROM      YEAR
                                                  NORMAL
..................................................................
TEMPERATURE (F)
 YESTERDAY
  MAXIMUM         27    257 PM  67    1924  41    -14       57
  MINIMUM         25   1159 PM  -6    1989  22      3       18
  AVERAGE         26                        32     -6       38

PRECIPITATION (IN)
  YESTERDAY        T             0.77 1914   0.10  -0.10     0.00
                                      1899
  MONTH TO DATE    3.28                      2.08   1.20     4.50
  SINCE JAN 1     41.66                     44.75  -3.09    44.24

SNOWFALL (IN)
  YESTERDAY        T
  MONTH TO DATE    T
  SINCE SEP 1      7.6
  SNOW DEPTH       0

DEGREE DAYS
 HEATING
  YESTERDAY       39                        34      5       27
  MONTH TO DATE  536                       592    -56      583
  SINCE DEC 1    536                       592    -56      583
  SINCE JUL 1   1892                      1876     16     1878

 COOLING
  YESTERDAY        0                         0      0        0
  MONTH TO DATE    0                         0      0        0
  SINCE DEC 1      0                         0      0        0
  SINCE JAN 1    505                       475     30      533
..................................................................


WIND (MPH)
  HIGHEST WIND SPEED    10   HIGHEST WIND DIRECTION    NW (300)
  HIGHEST GUST SPEED    13   HIGHEST GUST DIRECTION     W (290)
  AVERAGE WIND SPEED     4.6


SKY COVER
  POSSIBLE SUNSHINE  MM
  AVERAGE SKY COVER 1.0


WEATHER CONDITIONS
 THE FOLLOWING WEATHER WAS RECORDED YESTERDAY.
  LIGHT SNOW
  FOG
  HAZE


RELATIVE HUMIDITY (PERCENT)
 HIGHEST    88           500 AM
 LOWEST     81           100 AM
 AVERAGE    85

..........................................................


THE ELKINS WV CLIMATE NORMALS FOR TODAY
                         NORMAL    RECORD    YEAR
 MAXIMUM TEMPERATURE (F)   41        65      1949
 MINIMUM TEMPERATURE (F)   22        -8      1942


SUNRISE AND SUNSET
DECEMBER 20 2014......SUNRISE   734 AM EST   SUNSET   500 PM EST
DECEMBER 21 2014......SUNRISE   734 AM EST   SUNSET   501 PM EST


-  INDICATES NEGATIVE NUMBERS.
R  INDICATES RECORD WAS SET OR TIED.
MM INDICATES DATA IS MISSING.
T  INDICATES TRACE AMOUNT.




$$
