000
CDUS41 KRLX 052218
CLIEKN


CLIMATE REPORT
NATIONAL WEATHER SERVICE CHARLESTON WV
518 PM EST MON DEC 5 2016


...................................

...THE ELKINS WV CLIMATE SUMMARY FOR DECEMBER 5 2016...
VALID TODAY AS OF 0500 PM LOCAL TIME.

CLIMATE NORMAL PERIOD 1981 TO 2010
CLIMATE RECORD PERIOD 1899 TO 2016


WEATHER ITEM   OBSERVED TIME   RECORD YEAR NORMAL DEPARTURE LAST
                VALUE   (LST)  VALUE       VALUE  FROM      YEAR
                                                  NORMAL
..................................................................
TEMPERATURE (F)
 TODAY
  MAXIMUM         47    158 PM  74    2001  45      2       56
  MINIMUM         40   1232 AM  -9    1974  26     14       21
  AVERAGE         44                        35      9       39

PRECIPITATION (IN)
  TODAY            0.06          0.85 1993   0.12  -0.06     0.00
  MONTH TO DATE    0.18                      0.57  -0.39     1.46
  SINCE DEC 1      0.18                      0.57  -0.39     1.46
  SINCE JAN 1     40.37                     43.24  -2.87    44.93

DEGREE DAYS
 HEATING
  TODAY           21                        30     -9       26
  MONTH TO DATE  134                       145    -11      116
  SINCE DEC 1    134                       145    -11      116
  SINCE JUL 1   1079                      1429   -350     1119

 COOLING
  TODAY            0                         0      0        0
  MONTH TO DATE    0                         0      0        0
  SINCE DEC 1      0                         0      0        0
  SINCE JAN 1    809                       475    334      627
..................................................................


WIND (MPH)
  HIGHEST WIND SPEED    20   HIGHEST WIND DIRECTION     W (250)
  HIGHEST GUST SPEED    25   HIGHEST GUST DIRECTION     W (290)
  AVERAGE WIND SPEED     6.4


SKY COVER
  POSSIBLE SUNSHINE  MM
  AVERAGE SKY COVER 0.7


WEATHER CONDITIONS
 THE FOLLOWING WEATHER WAS RECORDED TODAY.
  LIGHT RAIN
  FOG


RELATIVE HUMIDITY (PERCENT)
 HIGHEST    86           100 AM
 LOWEST     58           200 PM
 AVERAGE    72

..........................................................


THE ELKINS WV CLIMATE NORMALS FOR TOMORROW
                         NORMAL    RECORD    YEAR
 MAXIMUM TEMPERATURE (F)   45        70      1998
                                             1956
 MINIMUM TEMPERATURE (F)   25        -1      1974


SUNRISE AND SUNSET
DECEMBER  5 2016......SUNRISE   723 AM EST   SUNSET   457 PM EST
DECEMBER  6 2016......SUNRISE   724 AM EST   SUNSET   457 PM EST


-  INDICATES NEGATIVE NUMBERS.
R  INDICATES RECORD WAS SET OR TIED.
MM INDICATES DATA IS MISSING.
T  INDICATES TRACE AMOUNT.




$$
