000
CDUS41 KRLX 302120
CLIEKN


CLIMATE REPORT
NATIONAL WEATHER SERVICE CHARLESTON WV
520 PM EDT SAT MAY 30 2015


...................................

...THE ELKINS WV CLIMATE SUMMARY FOR MAY 30 2015...
VALID TODAY AS OF 0500 PM LOCAL TIME.

CLIMATE NORMAL PERIOD 1981 TO 2010
CLIMATE RECORD PERIOD 1899 TO 2015


WEATHER ITEM   OBSERVED TIME   RECORD YEAR NORMAL DEPARTURE LAST
                VALUE   (LST)  VALUE       VALUE  FROM      YEAR
                                                  NORMAL
..................................................................
TEMPERATURE (F)
 TODAY
  MAXIMUM         81    354 PM  89    2006  74      7       76
                                      1919
  MINIMUM         60    508 AM  32    1949  50     10       52
  AVERAGE         71                        62      9       64

PRECIPITATION (IN)
  TODAY            0.04          1.10 1940   0.17  -0.13     0.00
  MONTH TO DATE    1.73                      4.96  -3.23     3.95
  SINCE MAR 1     16.07                     12.72   3.35     9.08
  SINCE JAN 1     21.79                     19.05   2.74    15.34

DEGREE DAYS
 HEATING
  TODAY            0                         4     -4        1
  MONTH TO DATE  108                       231   -123      179
  SINCE MAR 1   1304                      1473   -169     1463
  SINCE JUL 1   5935                      5794    141     5986

 COOLING
  TODAY            6                         1      5        0
  MONTH TO DATE   57                        17     40       34
  SINCE MAR 1     60                        20     40       36
  SINCE JAN 1     60                        20     40       36
..................................................................


WIND (MPH)
  HIGHEST WIND SPEED    14   HIGHEST WIND DIRECTION     W (290)
  HIGHEST GUST SPEED    16   HIGHEST GUST DIRECTION     W (290)
  AVERAGE WIND SPEED     1.3


SKY COVER
  POSSIBLE SUNSHINE  MM
  AVERAGE SKY COVER 0.8


WEATHER CONDITIONS
 THE FOLLOWING WEATHER WAS RECORDED TODAY.
  LIGHT RAIN
  FOG


RELATIVE HUMIDITY (PERCENT)
 HIGHEST    97           100 AM
 LOWEST     54           400 PM
 AVERAGE    76

..........................................................


THE ELKINS WV CLIMATE NORMALS FOR TOMORROW
                         NORMAL    RECORD    YEAR
 MAXIMUM TEMPERATURE (F)   74        92      1919
 MINIMUM TEMPERATURE (F)   50        33      2001
                                             1984
                                             1966


SUNRISE AND SUNSET
MAY 30 2015...........SUNRISE   557 AM EDT   SUNSET   837 PM EDT
MAY 31 2015...........SUNRISE   557 AM EDT   SUNSET   838 PM EDT


-  INDICATES NEGATIVE NUMBERS.
R  INDICATES RECORD WAS SET OR TIED.
MM INDICATES DATA IS MISSING.
T  INDICATES TRACE AMOUNT.




$$
