000
CDUS41 KRLX 310756
CLIEKN


CLIMATE REPORT
NATIONAL WEATHER SERVICE CHARLESTON WV
343 AM EDT SUN AUG 31 2014


...................................

...THE ELKINS WV CLIMATE SUMMARY FOR AUGUST 30 2014...

CLIMATE NORMAL PERIOD 1981 TO 2010
CLIMATE RECORD PERIOD 1899 TO 2014


WEATHER ITEM   OBSERVED TIME   RECORD YEAR NORMAL DEPARTURE LAST
                VALUE   (LST)  VALUE       VALUE  FROM      YEAR
                                                  NORMAL
..................................................................
TEMPERATURE (F)
 YESTERDAY
  MAXIMUM         87    338 PM  93    1993  79      8       86
  MINIMUM         61    341 AM  37    1965  56      5       59
  AVERAGE         74                        67      7       73

PRECIPITATION (IN)
  YESTERDAY        0.00          1.48 1911   0.11  -0.11     0.00
  MONTH TO DATE    2.71                      3.73  -1.02     8.04
  SINCE JAN 1     27.85                     32.70  -4.85    32.92

SNOWFALL (IN)
  YESTERDAY        0.0
  MONTH TO DATE    0.0
  SINCE SEP 1     92.3
  SNOW DEPTH       0

DEGREE DAYS
 HEATING
  YESTERDAY        0                         1     -1        0
  MONTH TO DATE   18                        15      3       19
  SINCE JUN 1     65                        82    -17       35
  SINCE JUL 1     51                        27     24       23

 COOLING
  YESTERDAY        9                         3      6        8
  MONTH TO DATE  107                       139    -32      125
  SINCE JUN 1    395                       397     -2      430
  SINCE JAN 1    431                       420     11      455
..................................................................


WIND (MPH)
  HIGHEST WIND SPEED    10   HIGHEST WIND DIRECTION     W (290)
  HIGHEST GUST SPEED    14   HIGHEST GUST DIRECTION    SE (150)
  AVERAGE WIND SPEED     1.8


SKY COVER
  POSSIBLE SUNSHINE  MM
  AVERAGE SKY COVER 0.3


WEATHER CONDITIONS
 THE FOLLOWING WEATHER WAS RECORDED YESTERDAY.
  FOG


RELATIVE HUMIDITY (PERCENT)
 HIGHEST    93           100 AM
 LOWEST     44           100 PM
 AVERAGE    69

..........................................................


THE ELKINS WV CLIMATE NORMALS FOR TODAY
                         NORMAL    RECORD    YEAR
 MAXIMUM TEMPERATURE (F)   79        93      1993
 MINIMUM TEMPERATURE (F)   56        39      1999
                                             1976


SUNRISE AND SUNSET
AUGUST 31 2014........SUNRISE   647 AM EDT   SUNSET   751 PM EDT
SEPTEMBER  1 2014.....SUNRISE   648 AM EDT   SUNSET   750 PM EDT


-  INDICATES NEGATIVE NUMBERS.
R  INDICATES RECORD WAS SET OR TIED.
MM INDICATES DATA IS MISSING.
T  INDICATES TRACE AMOUNT.




$$
