000
CDUS45 KLKN 290931
CLIEKO


CLIMATE REPORT
NATIONAL WEATHER SERVICE ELKO NV
228 AM PDT THU SEP 29 2016


...................................

...THE ELKO AIRPORT NV CLIMATE SUMMARY FOR SEPTEMBER 28 2016...

CLIMATE NORMAL PERIOD 1981 TO 2010
CLIMATE RECORD PERIOD 1888 TO 2016


WEATHER ITEM   OBSERVED TIME   RECORD YEAR NORMAL DEPARTURE LAST
                VALUE   (LST)  VALUE       VALUE  FROM      YEAR
                                                  NORMAL
..................................................................
TEMPERATURE (F)
 YESTERDAY
  MAXIMUM         85    237 PM  92    2010  73     12       81
  MINIMUM         43    559 AM  14    1891  34      9       47
  AVERAGE         64                        54     10       64

PRECIPITATION (IN)
  YESTERDAY        0.00          0.26 1968   0.02  -0.02     0.00
  MONTH TO DATE    1.08                      0.53   0.55     0.23
  SINCE OCT 1     13.26                      9.87   3.39     9.23
  SINCE JAN 1      8.72                      6.81   1.91     6.99

SNOWFALL (IN)
  YESTERDAY        0.0           0.0  1888   0.0    0.0      0.0
  MONTH TO DATE    0.0                       0.1   -0.1      0.0
  SINCE SEP 1      0.0                       0.1   -0.1      0.0
  SINCE JUL 1      0.0                       0.1   -0.1      0.0
  SNOW DEPTH       0

DEGREE DAYS
 HEATING
  YESTERDAY        1                        11    -10        1
  MONTH TO DATE  161                       183    -22      103
  SINCE SEP 1    161                       183    -22      103
  SINCE JUL 1    174                       234    -60      114

 COOLING
  YESTERDAY        0                         0      0        0
  MONTH TO DATE   11                        20     -9       36
  SINCE SEP 1     11                        20     -9       36
  SINCE JAN 1    555                       382    173      621
..................................................................


WIND (MPH)
  HIGHEST WIND SPEED    21   HIGHEST WIND DIRECTION     S (170)
  HIGHEST GUST SPEED    26   HIGHEST GUST DIRECTION     S (170)
  AVERAGE WIND SPEED     5.3



WEATHER CONDITIONS
 THE FOLLOWING WEATHER WAS RECORDED YESTERDAY.
  HAZE


RELATIVE HUMIDITY (PERCENT)
 HIGHEST    76           100 AM
 LOWEST     13           200 PM
 AVERAGE    45

..........................................................


THE ELKO AIRPORT NV CLIMATE NORMALS FOR TODAY
                         NORMAL    RECORD    YEAR
 MAXIMUM TEMPERATURE (F)   73        90      2010
 MINIMUM TEMPERATURE (F)   34        16      1902


SUNRISE AND SUNSET
SEPTEMBER 29 2016.....SUNRISE   638 AM PDT   SUNSET   628 PM PDT
SEPTEMBER 30 2016.....SUNRISE   639 AM PDT   SUNSET   626 PM PDT


-  INDICATES NEGATIVE NUMBERS.
R  INDICATES RECORD WAS SET OR TIED.
MM INDICATES DATA IS MISSING.
T  INDICATES TRACE AMOUNT.




$$
