000
CDUS45 KLKN 180934
CLIEKO


CLIMATE REPORT
NATIONAL WEATHER SERVICE ELKO NV
133 AM PST SAT NOV 18  2017


...................................

...THE ELKO AIRPORT NV CLIMATE SUMMARY FOR NOVEMBER 17 2017...

CLIMATE NORMAL PERIOD 1981 TO 2010
CLIMATE RECORD PERIOD 1888 TO 2017


WEATHER ITEM   OBSERVED TIME   RECORD YEAR NORMAL DEPARTURE LAST
                VALUE   (LST)  VALUE       VALUE  FROM      YEAR
                                                  NORMAL
..................................................................
TEMPERATURE (F)
 YESTERDAY
  MAXIMUM         41   1232 AM  65    1919  47     -6       40
                                      1894
  MINIMUM         21   1112 PM  -4    1994  21      0       21
                                      1892
  AVERAGE         31                        34     -3       31

PRECIPITATION (IN)
  YESTERDAY        0.20          1.24 1942   0.03   0.17     0.00
  MONTH TO DATE    0.96                      0.61   0.35     0.06
  SINCE OCT 1      1.09                      1.36  -0.27     2.36
  SINCE JAN 1     11.02                      8.21   2.81    11.08

SNOWFALL (IN)
  YESTERDAY        0.7           5.6  1941   0.2    0.5      0.0
  MONTH TO DATE    0.7                       1.9   -1.2      0.4
  SINCE SEP 1      0.7                       2.6   -1.9      0.4
  SINCE JUL 1      0.7                       2.6   -1.9      0.4
  SNOW DEPTH       0

DEGREE DAYS
 HEATING
  YESTERDAY       34                        31      3       34
  MONTH TO DATE  405                       470    -65      330
  SINCE SEP 1   1269                      1248     21      938
  SINCE JUL 1   1273                      1299    -26      951

 COOLING
  YESTERDAY        0                         0      0        0
  MONTH TO DATE    0                         0      0        0
  SINCE SEP 1     89                        21     68       16
  SINCE JAN 1    785                       383    402      560
..................................................................


WIND (MPH)
  HIGHEST WIND SPEED    23   HIGHEST WIND DIRECTION     W (270)
  HIGHEST GUST SPEED    32   HIGHEST GUST DIRECTION     W (280)
  AVERAGE WIND SPEED     6.6



WEATHER CONDITIONS
 THE FOLLOWING WEATHER WAS RECORDED YESTERDAY.
  RAIN
  LIGHT RAIN
  SNOW
  LIGHT SNOW
  FOG
  FOG W/VISIBILITY <= 1/4 MILE


RELATIVE HUMIDITY (PERCENT)
 HIGHEST    92           500 AM
 LOWEST     59           300 PM
 AVERAGE    76

..........................................................


THE ELKO AIRPORT NV CLIMATE NORMALS FOR TODAY
                         NORMAL    RECORD    YEAR
 MAXIMUM TEMPERATURE (F)   47        70      1894
 MINIMUM TEMPERATURE (F)   21       -11      1994


SUNRISE AND SUNSET
NOVEMBER 18 2017......SUNRISE   634 AM PST   SUNSET   422 PM PST
NOVEMBER 19 2017......SUNRISE   635 AM PST   SUNSET   422 PM PST


-  INDICATES NEGATIVE NUMBERS.
R  INDICATES RECORD WAS SET OR TIED.
MM INDICATES DATA IS MISSING.
T  INDICATES TRACE AMOUNT.




$$
