000
CDUS45 KLKN 230930
CLIEKO


CLIMATE REPORT
NATIONAL WEATHER SERVICE ELKO NV
129 AM PST TUE JAN 23 2018


...................................

...THE ELKO AIRPORT NV CLIMATE SUMMARY FOR JANUARY 22 2018...

CLIMATE NORMAL PERIOD 1981 TO 2010
CLIMATE RECORD PERIOD 1888 TO 2018


WEATHER ITEM   OBSERVED TIME   RECORD YEAR NORMAL DEPARTURE LAST
                VALUE   (LST)  VALUE       VALUE  FROM      YEAR
                                                  NORMAL
..................................................................
TEMPERATURE (F)
 YESTERDAY
  MAXIMUM         38    339 PM  63    1981  36      2       35
  MINIMUM         23   1035 PM -30    1930  14      9       19
                                      1890
  AVERAGE         31                        25      6       27

PRECIPITATION (IN)
  YESTERDAY        0.02          0.81 1997   0.04  -0.02     0.07
  MONTH TO DATE    0.47                      0.84  -0.37     2.33
  SINCE OCT 1      2.17                      3.90  -1.73     7.96
  SINCE JAN 1      0.47                      0.84  -0.37     2.33

SNOWFALL (IN)
  YESTERDAY        0.3           5.9  1997   0.3    0.0      1.2
  MONTH TO DATE    1.2                       7.8   -6.6     28.4
  SINCE DEC 1      6.0                      17.7  -11.7     40.6
  SINCE JUL 1      6.7                      23.4  -16.7     46.1
  SNOW DEPTH       T

DEGREE DAYS
 HEATING
  YESTERDAY       34                        40     -6       38
  MONTH TO DATE  632                       880   -248      910
  SINCE DEC 1   1806                      2090   -284     2164
  SINCE JUL 1   3394                      3828   -434     3509

 COOLING
  YESTERDAY        0                         0      0        0
  MONTH TO DATE    0                         0      0        0
  SINCE DEC 1      0                         0      0        0
  SINCE JAN 1      0                         0      0        0
..................................................................


WIND (MPH)
  HIGHEST WIND SPEED    12   HIGHEST WIND DIRECTION    SW (220)
  HIGHEST GUST SPEED    17   HIGHEST GUST DIRECTION    SW (230)
  AVERAGE WIND SPEED     4.4



WEATHER CONDITIONS
 THE FOLLOWING WEATHER WAS RECORDED YESTERDAY.
  LIGHT SNOW
  FOG


RELATIVE HUMIDITY (PERCENT)
 HIGHEST   100           800 PM
 LOWEST     52           300 PM
 AVERAGE    76

..........................................................


THE ELKO AIRPORT NV CLIMATE NORMALS FOR TODAY
                         NORMAL    RECORD    YEAR
 MAXIMUM TEMPERATURE (F)   36        62      1970
 MINIMUM TEMPERATURE (F)   14       -30      1937


SUNRISE AND SUNSET
JANUARY 23 2018.......SUNRISE   701 AM PST   SUNSET   450 PM PST
JANUARY 24 2018.......SUNRISE   700 AM PST   SUNSET   451 PM PST


-  INDICATES NEGATIVE NUMBERS.
R  INDICATES RECORD WAS SET OR TIED.
MM INDICATES DATA IS MISSING.
T  INDICATES TRACE AMOUNT.




$$
