000
CDUS45 KLKN 090939
CLIEKO


CLIMATE REPORT
NATIONAL WEATHER SERVICE ELKO NV
138 AM PST FRI DEC 9 2016


...................................

...THE ELKO AIRPORT NV CLIMATE SUMMARY FOR DECEMBER 8 2016...

CLIMATE NORMAL PERIOD 1981 TO 2010
CLIMATE RECORD PERIOD 1888 TO 2016


WEATHER ITEM   OBSERVED TIME   RECORD YEAR NORMAL DEPARTURE LAST
                VALUE   (LST)  VALUE       VALUE  FROM      YEAR
                                                  NORMAL
..................................................................
TEMPERATURE (F)
 YESTERDAY
  MAXIMUM         32   1159 PM  61    1913  38     -6       49
  MINIMUM         19    802 AM -21    1951  16      3       30
  AVERAGE         26                        27     -1       40

PRECIPITATION (IN)
  YESTERDAY        0.24          0.50 1918   0.04   0.20     0.00
                                      1897
  MONTH TO DATE    0.24                      0.30  -0.06      T
  SINCE OCT 1      3.04                      2.16   0.88     2.46
  SINCE JAN 1     11.76                      9.01   2.75     9.45

SNOWFALL (IN)
  YESTERDAY        2.9           5.0  1924   0.3    2.6      0.0
  MONTH TO DATE    2.9                       2.2    0.7       T
  SINCE DEC 1      2.9                       2.2    0.7       T
  SINCE JUL 1      8.4                       7.9    0.5     12.2
  SNOW DEPTH       3

DEGREE DAYS
 HEATING
  YESTERDAY       39                        38      1       25
  MONTH TO DATE  314                       298     16      299
  SINCE DEC 1    314                       298     16      299
  SINCE JUL 1   1659                      2036   -377     1780

 COOLING
  YESTERDAY        0                         0      0        0
  MONTH TO DATE    0                         0      0        0
  SINCE DEC 1      0                         0      0        0
  SINCE JAN 1    560                       383    177      624
..................................................................


WIND (MPH)
  HIGHEST WIND SPEED    12   HIGHEST WIND DIRECTION    NE (50)
  HIGHEST GUST SPEED    13   HIGHEST GUST DIRECTION    NE (50)
  AVERAGE WIND SPEED     5.2



WEATHER CONDITIONS
 THE FOLLOWING WEATHER WAS RECORDED YESTERDAY.
  HEAVY SNOW
  SNOW
  LIGHT SNOW
  FOG
  FOG W/VISIBILITY <= 1/4 MILE
  HAZE


RELATIVE HUMIDITY (PERCENT)
 HIGHEST    85           400 PM
 LOWEST     47           100 AM
 AVERAGE    66

..........................................................


THE ELKO AIRPORT NV CLIMATE NORMALS FOR TODAY
                         NORMAL    RECORD    YEAR
 MAXIMUM TEMPERATURE (F)   38        62      1981
 MINIMUM TEMPERATURE (F)   15       -26      1919


SUNRISE AND SUNSET
DECEMBER  9 2016......SUNRISE   656 AM PST   SUNSET   415 PM PST
DECEMBER 10 2016......SUNRISE   657 AM PST   SUNSET   415 PM PST


-  INDICATES NEGATIVE NUMBERS.
R  INDICATES RECORD WAS SET OR TIED.
MM INDICATES DATA IS MISSING.
T  INDICATES TRACE AMOUNT.




$$
