000
CDUS45 KLKN 290936
CLIEKO


CLIMATE REPORT
NATIONAL WEATHER SERVICE ELKO NV
233 AM PDT FRI JUL 29 2016


...................................

...THE ELKO AIRPORT NV CLIMATE SUMMARY FOR JULY 28 2016...

CLIMATE NORMAL PERIOD 1981 TO 2010
CLIMATE RECORD PERIOD 1888 TO 2016


WEATHER ITEM   OBSERVED TIME   RECORD YEAR NORMAL DEPARTURE LAST
                VALUE   (LST)  VALUE       VALUE  FROM      YEAR
                                                  NORMAL
..................................................................
TEMPERATURE (F)
 YESTERDAY
  MAXIMUM        101    400 PM 104    1934  92      9       81
  MINIMUM         53    459 AM  30    1892  51      2       39
  AVERAGE         77                        71      6       60

PRECIPITATION (IN)
  YESTERDAY        0.00          0.66 1996   0.02  -0.02     0.00
  MONTH TO DATE    0.01                      0.33  -0.32     0.79
  SINCE OCT 1     12.15                      8.93   3.22     8.37
  SINCE JAN 1      7.61                      5.87   1.74     6.13

SNOWFALL (IN)
  YESTERDAY        0.0           0.0  1888   0.0    0.0      0.0
  MONTH TO DATE    0.0                       0.0    0.0      0.0
  SINCE JUN 1      T                         0.0    0.0      0.0
  SINCE JUL 1      0.0                       0.0    0.0      0.0
  SNOW DEPTH       0

DEGREE DAYS
 HEATING
  YESTERDAY        0                         0      0        5
  MONTH TO DATE    9                        17     -8        9
  SINCE JUN 1     39                       148   -109       33
  SINCE JUL 1      9                        17     -8        9

 COOLING
  YESTERDAY       12                         6      6        0
  MONTH TO DATE  188                       163     25      170
  SINCE JUN 1    319                       210    109      348
  SINCE JAN 1    319                       214    105      355
..................................................................


WIND (MPH)
  HIGHEST WIND SPEED    20   HIGHEST WIND DIRECTION    SW (240)
  HIGHEST GUST SPEED    27   HIGHEST GUST DIRECTION     W (250)
  AVERAGE WIND SPEED     4.9



WEATHER CONDITIONS
 THE FOLLOWING WEATHER WAS RECORDED YESTERDAY.
  NO SIGNIFICANT WEATHER WAS OBSERVED.


RELATIVE HUMIDITY (PERCENT)
 HIGHEST    41           500 AM
 LOWEST      6          1200 PM
 AVERAGE    24

..........................................................


THE ELKO AIRPORT NV CLIMATE NORMALS FOR TODAY
                         NORMAL    RECORD    YEAR
 MAXIMUM TEMPERATURE (F)   92       101      1978
                                             1934
                                             1898
 MINIMUM TEMPERATURE (F)   51        32      1948


SUNRISE AND SUNSET
JULY 29 2016..........SUNRISE   537 AM PDT   SUNSET   801 PM PDT
JULY 30 2016..........SUNRISE   538 AM PDT   SUNSET   800 PM PDT


-  INDICATES NEGATIVE NUMBERS.
R  INDICATES RECORD WAS SET OR TIED.
MM INDICATES DATA IS MISSING.
T  INDICATES TRACE AMOUNT.




$$
