000
CDUS45 KLKN 220945
CLIEKO


CLIMATE REPORT
NATIONAL WEATHER SERVICE ELKO NV
245 AM PDT FRI SEP 2  2017


...................................

...THE ELKO AIRPORT NV CLIMATE SUMMARY FOR SEPTEMBER 21 2017...

CLIMATE NORMAL PERIOD 1981 TO 2010
CLIMATE RECORD PERIOD 1888 TO 2017


WEATHER ITEM   OBSERVED TIME   RECORD YEAR NORMAL DEPARTURE LAST
                VALUE   (LST)  VALUE       VALUE  FROM      YEAR
                                                  NORMAL
..................................................................
TEMPERATURE (F)
 YESTERDAY
  MAXIMUM         43        MM  93    1913  76    -33       77
  MINIMUM         36        MM  17    1924  37     -1       55
  AVERAGE         40                        57    -17       66

PRECIPITATION (IN)
  YESTERDAY        0.71          1.00 1925   0.03   0.68     0.08
  MONTH TO DATE    1.83                      0.38   1.45     0.39
  SINCE OCT 1     15.46                      9.72   5.74    12.57
  SINCE JAN 1      9.83                      6.66   3.17     8.03

SNOWFALL (IN)
  YESTERDAY       MM             T    1961   0.0   MM        0.0
  MONTH TO DATE    0.0                       0.0    0.0      0.0
  SINCE SEP 1      0.0                       0.0    0.0      0.0
  SINCE JUL 1      0.0                       0.0    0.0      0.0
  SNOW DEPTH       0

DEGREE DAYS
 HEATING
  YESTERDAY       25                         9     16        0
  MONTH TO DATE   98                       113    -15      106
  SINCE SEP 1     98                       113    -15      106
  SINCE JUL 1    102                       164    -62      119

 COOLING
  YESTERDAY        0                         0      0        1
  MONTH TO DATE   89                        20     69       11
  SINCE SEP 1     89                        20     69       11
  SINCE JAN 1    785                       382    403      555
..................................................................


WIND (MPH)
  HIGHEST WIND SPEED    12   HIGHEST WIND DIRECTION     S (180)
  HIGHEST GUST SPEED    MM   HIGHEST GUST DIRECTION    MM
  AVERAGE WIND SPEED     5.2



WEATHER CONDITIONS
 THE FOLLOWING WEATHER WAS RECORDED YESTERDAY.
  LIGHT RAIN
  FOG


RELATIVE HUMIDITY (PERCENT)
 HIGHEST    92           500 AM
 LOWEST     82           200 AM
 AVERAGE    87

..........................................................


THE ELKO AIRPORT NV CLIMATE NORMALS FOR TODAY
                         NORMAL    RECORD    YEAR
 MAXIMUM TEMPERATURE (F)   76        92      1966
 MINIMUM TEMPERATURE (F)   37        10      1895


SUNRISE AND SUNSET
SEPTEMBER 22 2017.....SUNRISE   631 AM PDT   SUNSET   640 PM PDT
SEPTEMBER 23 2017.....SUNRISE   632 AM PDT   SUNSET   638 PM PDT


-  INDICATES NEGATIVE NUMBERS.
R  INDICATES RECORD WAS SET OR TIED.
MM INDICATES DATA IS MISSING.
T  INDICATES TRACE AMOUNT.




$$
