000
CDUS45 KLKN 250036
CLIEKO


CLIMATE REPORT
NATIONAL WEATHER SERVICE ELKO NV
436 PM PST WED DEC 24 2014


...................................

...THE ELKO AIRPORT NV CLIMATE SUMMARY FOR DECEMBER 24 2014...
VALID TODAY AS OF 0400 PM LOCAL TIME.

CLIMATE NORMAL PERIOD 1981 TO 2010
CLIMATE RECORD PERIOD 1888 TO 2014


WEATHER ITEM   OBSERVED TIME   RECORD YEAR NORMAL DEPARTURE LAST
                VALUE   (LST)  VALUE       VALUE  FROM      YEAR
                                                  NORMAL
..................................................................
TEMPERATURE (F)
 TODAY
  MAXIMUM         44    350 PM  56    1910  36      8       45
  MINIMUM         22    610 AM -38    1924  14      8       21
  AVERAGE         33                        25      8       33

PRECIPITATION (IN)
  TODAY            0.00          0.81 1955   0.04  -0.04     0.00
  MONTH TO DATE    0.84                      0.91  -0.07     0.65
  SINCE OCT 1      1.99                      2.77  -0.78     1.61
  SINCE JAN 1     10.04                      9.62   0.42     6.46

SNOWFALL (IN)
  TODAY            0.0           9.2  1955   0.3   -0.3      0.0
  MONTH TO DATE    1.7                       7.3   -5.6      4.4
  SINCE DEC 1      1.7                       7.3   -5.6      4.4
  SINCE JUL 1      3.6                      13.0   -9.4     10.1
  SNOW DEPTH       0

DEGREE DAYS
 HEATING
  TODAY           32                        40     -8       32
  MONTH TO DATE  678                       929   -251     1107
  SINCE DEC 1    678                       929   -251     1107
  SINCE JUL 1   2038                      2667   -629     2667

 COOLING
  TODAY            0                         0      0        0
  MONTH TO DATE    0                         0      0        0
  SINCE DEC 1      0                         0      0        0
  SINCE JAN 1    549                       383    166      776
..................................................................


WIND (MPH)
  HIGHEST WIND SPEED     9   HIGHEST WIND DIRECTION    SW (230)
  HIGHEST GUST SPEED    13   HIGHEST GUST DIRECTION    SW (240)



WEATHER CONDITIONS
 THE FOLLOWING WEATHER WAS RECORDED TODAY.
  NO SIGNIFICANT WEATHER WAS OBSERVED.


RELATIVE HUMIDITY (PERCENT)
 HIGHEST    92           600 AM
 LOWEST     57           200 PM
 AVERAGE    75

..........................................................


THE ELKO AIRPORT NV CLIMATE NORMALS FOR TOMORROW
                         NORMAL    RECORD    YEAR
 MAXIMUM TEMPERATURE (F)   36        53      1946
 MINIMUM TEMPERATURE (F)   14       -41      1924


SUNRISE AND SUNSET
DECEMBER 24 2014......SUNRISE   705 AM PST   SUNSET   420 PM PST
DECEMBER 25 2014......SUNRISE   706 AM PST   SUNSET   421 PM PST


-  INDICATES NEGATIVE NUMBERS.
R  INDICATES RECORD WAS SET OR TIED.
MM INDICATES DATA IS MISSING.
T  INDICATES TRACE AMOUNT.




$$
