000
CDUS45 KLKN 070933
CLIEKO


CLIMATE REPORT
NATIONAL WEATHER SERVICE ELKO NV
229 AM PDT TUE JUL 7 2015


...................................

...THE ELKO AIRPORT NV CLIMATE SUMMARY FOR JULY 6 2015...

CLIMATE NORMAL PERIOD 1981 TO 2010
CLIMATE RECORD PERIOD 1888 TO 2015


WEATHER ITEM   OBSERVED TIME   RECORD YEAR NORMAL DEPARTURE LAST
                VALUE   (LST)  VALUE       VALUE  FROM      YEAR
                                                  NORMAL
..................................................................
TEMPERATURE (F)
 YESTERDAY
  MAXIMUM         91    441 PM 104    2007  88      3      100
  MINIMUM         55    457 AM  34    1909  49      6       54
                                      1903
                                      1902
  AVERAGE         73                        69      4       77

PRECIPITATION (IN)
  YESTERDAY        0.00          0.68 2006   0.01  -0.01     0.00
  MONTH TO DATE    0.04                      0.06  -0.02     0.00
  SINCE OCT 1      7.62                      8.66  -1.04     7.46
  SINCE JAN 1      5.38                      5.60  -0.22     5.85

SNOWFALL (IN)
  YESTERDAY        0.0           0.0  1888   0.0    0.0      0.0
  MONTH TO DATE    0.0                       0.0    0.0      0.0
  SINCE JUN 1      0.0                       0.0    0.0      0.0
  SINCE JUL 1      0.0                       0.0    0.0      0.0
  SNOW DEPTH       0

DEGREE DAYS
 HEATING
  YESTERDAY        0                         1     -1        0
  MONTH TO DATE    0                         6     -6        0
  SINCE JUN 1     24                       137   -113       92
  SINCE JUL 1      0                         6     -6        0

 COOLING
  YESTERDAY        8                         5      3       12
  MONTH TO DATE   72                        26     46       63
  SINCE JUN 1    250                        73    177       92
  SINCE JAN 1    257                        77    180       95
..................................................................


WIND (MPH)
  HIGHEST WIND SPEED    22   HIGHEST WIND DIRECTION    SE (120)
  HIGHEST GUST SPEED    28   HIGHEST GUST DIRECTION    SE (120)
  AVERAGE WIND SPEED     4.2



WEATHER CONDITIONS
 THE FOLLOWING WEATHER WAS RECORDED YESTERDAY.
  THUNDERSTORM


RELATIVE HUMIDITY (PERCENT)
 HIGHEST    67           400 AM
 LOWEST     17           300 PM
 AVERAGE    42

..........................................................


THE ELKO AIRPORT NV CLIMATE NORMALS FOR TODAY
                         NORMAL    RECORD    YEAR
 MAXIMUM TEMPERATURE (F)   89       102      2014
 MINIMUM TEMPERATURE (F)   49        29      1903


SUNRISE AND SUNSET
JULY  7 2015..........SUNRISE   519 AM PDT   SUNSET   817 PM PDT
JULY  8 2015..........SUNRISE   519 AM PDT   SUNSET   817 PM PDT


-  INDICATES NEGATIVE NUMBERS.
R  INDICATES RECORD WAS SET OR TIED.
MM INDICATES DATA IS MISSING.
T  INDICATES TRACE AMOUNT.




$$
