000
CDUS45 KLKN 210930
CLIEKO


CLIMATE REPORT
NATIONAL WEATHER SERVICE ELKO NV
228 AM PDT SUN SEP 21 2014


...................................

...THE ELKO AIRPORT NV CLIMATE SUMMARY FOR SEPTEMBER 20 2014...

CLIMATE NORMAL PERIOD 1981 TO 2010
CLIMATE RECORD PERIOD 1888 TO 2014


WEATHER ITEM   OBSERVED TIME   RECORD YEAR NORMAL DEPARTURE LAST
                VALUE   (LST)  VALUE       VALUE  FROM      YEAR
                                                  NORMAL
..................................................................
TEMPERATURE (F)
 YESTERDAY
  MAXIMUM         89    211 PM  93    1913  77     12       83
  MINIMUM         46    531 AM  16    1924  38      8       38
  AVERAGE         68                        57     11       61

PRECIPITATION (IN)
  YESTERDAY        0.00          0.26 2004   0.02  -0.02     0.00
  MONTH TO DATE    0.05                      0.35  -0.30     1.10
  SINCE OCT 1      9.33                      9.69  -0.36     7.59
  SINCE JAN 1      7.72                      6.63   1.09     4.76

SNOWFALL (IN)
  YESTERDAY        0.0           0.5  1895   0.0    0.0      0.0
  MONTH TO DATE    0.0                       0.0    0.0      0.0
  SINCE SEP 1      0.0                       0.0    0.0      0.0
  SINCE JUL 1      0.0                       0.0    0.0      0.0
  SNOW DEPTH       0

DEGREE DAYS
 HEATING
  YESTERDAY        0                         8     -8        4
  MONTH TO DATE   30                       104    -74       33
  SINCE SEP 1     30                       104    -74       33
  SINCE JUL 1     50                       155   -105       33

 COOLING
  YESTERDAY        3                         0      3        0
  MONTH TO DATE   31                        20     11       66
  SINCE SEP 1     31                        20     11       66
  SINCE JAN 1    535                       382    153      776
..................................................................


WIND (MPH)
  HIGHEST WIND SPEED    28   HIGHEST WIND DIRECTION    SW (240)
  HIGHEST GUST SPEED    35   HIGHEST GUST DIRECTION    SW (230)
  AVERAGE WIND SPEED     3.7



WEATHER CONDITIONS
 THE FOLLOWING WEATHER WAS RECORDED YESTERDAY.
  NO SIGNIFICANT WEATHER WAS OBSERVED.


RELATIVE HUMIDITY (PERCENT)
 HIGHEST    71           600 AM
 LOWEST     13           400 PM
 AVERAGE    42

..........................................................


THE ELKO AIRPORT NV CLIMATE NORMALS FOR TODAY
                         NORMAL    RECORD    YEAR
 MAXIMUM TEMPERATURE (F)   76        93      1913
 MINIMUM TEMPERATURE (F)   37        17      1924


SUNRISE AND SUNSET
SEPTEMBER 21 2014.....SUNRISE   630 AM PDT   SUNSET   642 PM PDT
SEPTEMBER 22 2014.....SUNRISE   631 AM PDT   SUNSET   640 PM PDT


-  INDICATES NEGATIVE NUMBERS.
R  INDICATES RECORD WAS SET OR TIED.
MM INDICATES DATA IS MISSING.
T  INDICATES TRACE AMOUNT.




$$
