000
CDUS45 KLKN 110029
CLIEKO


CLIMATE REPORT
NATIONAL WEATHER SERVICE ELKO NV
529 PM PDT THU JUL 10 2014


...................................

...THE ELKO AIRPORT NV CLIMATE SUMMARY FOR JULY 10 2014...
VALID TODAY AS OF 0500 PM LOCAL TIME.

CLIMATE NORMAL PERIOD 1981 TO 2010
CLIMATE RECORD PERIOD 1888 TO 2014


WEATHER ITEM   OBSERVED TIME   RECORD YEAR NORMAL DEPARTURE LAST
                VALUE   (LST)  VALUE       VALUE  FROM      YEAR
                                                  NORMAL
..................................................................
TEMPERATURE (F)
 TODAY
  MAXIMUM         93   1239 PM 103    2002  90      3       96
  MINIMUM         57    300 AM  36    1944  50      7       53
                                      1898
  AVERAGE         75                        70      5       75

PRECIPITATION (IN)
  TODAY            0.03          0.26 1970   0.01   0.02     0.00
  MONTH TO DATE    0.19                      0.10   0.09     0.38
  SINCE OCT 1      7.65                      8.70  -1.05     6.07
  SINCE JAN 1      6.04                      5.64   0.40     3.24

SNOWFALL (IN)
  TODAY            0.0           0.0  1888   0.0    0.0      0.0
  MONTH TO DATE    0.0                       0.0    0.0      0.0
  SINCE JUN 1      0.0                       0.0    0.0      0.0
  SINCE JUL 1      0.0                       0.0    0.0      0.0
  SNOW DEPTH       0

DEGREE DAYS
 HEATING
  TODAY            0                         1     -1        0
  MONTH TO DATE    0                        10    -10        0
  SINCE JUN 1     92                       141    -49       63
  SINCE JUL 1      0                        10    -10        0

 COOLING
  TODAY           10                         5      5       10
  MONTH TO DATE  117                        46     71      131
  SINCE JUN 1    146                        93     53      254
  SINCE JAN 1    149                        97     52      258
..................................................................


WIND (MPH)
  HIGHEST WIND SPEED    18   HIGHEST WIND DIRECTION    NE (30)
  HIGHEST GUST SPEED    24   HIGHEST GUST DIRECTION     W (260)



WEATHER CONDITIONS
 THE FOLLOWING WEATHER WAS RECORDED TODAY.
  NO SIGNIFICANT WEATHER WAS OBSERVED.


RELATIVE HUMIDITY (PERCENT)
 HIGHEST    93           300 AM
 LOWEST     20          1200 PM
 AVERAGE    57

..........................................................


THE ELKO AIRPORT NV CLIMATE NORMALS FOR TOMORROW
                         NORMAL    RECORD    YEAR
 MAXIMUM TEMPERATURE (F)   90       103      2002
 MINIMUM TEMPERATURE (F)   50        28      1890


SUNRISE AND SUNSET
JULY 10 2014..........SUNRISE   521 AM PDT   SUNSET   816 PM PDT
JULY 11 2014..........SUNRISE   522 AM PDT   SUNSET   815 PM PDT


-  INDICATES NEGATIVE NUMBERS.
R  INDICATES RECORD WAS SET OR TIED.
MM INDICATES DATA IS MISSING.
T  INDICATES TRACE AMOUNT.




$$
