000
CDUS45 KLKN 280928
CLIEKO


CLIMATE REPORT
NATIONAL WEATHER SERVICE ELKO NV
228 AM PDT SAT MAY 28 2016


...................................

...THE ELKO AIRPORT NV CLIMATE SUMMARY FOR MAY 27 2016...

CLIMATE NORMAL PERIOD 1981 TO 2010
CLIMATE RECORD PERIOD 1888 TO 2016


WEATHER ITEM   OBSERVED TIME   RECORD YEAR NORMAL DEPARTURE LAST
                VALUE   (LST)  VALUE       VALUE  FROM      YEAR
                                                  NORMAL
..................................................................
TEMPERATURE (F)
 YESTERDAY
  MAXIMUM         71    308 PM  90    1986  73     -2       72
                                      1919
  MINIMUM         40    107 AM  22    1911  40      0       47
  AVERAGE         56                        56      0       60

PRECIPITATION (IN)
  YESTERDAY        0.09          0.90 1895   0.03   0.06     0.16
  MONTH TO DATE    1.62                      0.84   0.78     3.48
  SINCE OCT 1     11.44                      7.83   3.61     7.10
  SINCE JAN 1      6.90                      4.77   2.13     4.86

SNOWFALL (IN)
  YESTERDAY        0.0           T    2010   0.0    0.0      0.0
  MONTH TO DATE    0.0                       0.5   -0.5      2.0
  SINCE MAR 1      7.5                       8.8   -1.3      4.9
  SINCE JUL 1     63.8                      41.3   22.5     14.3
  SNOW DEPTH       0

DEGREE DAYS
 HEATING
  YESTERDAY        9                         9      0        5
  MONTH TO DATE  302                       331    -29      302
  SINCE MAR 1   1448                      1734   -286     1510
  SINCE JUL 1   6473                      6902   -429     5518

 COOLING
  YESTERDAY        0                         0      0        0
  MONTH TO DATE    0                         0      0        0
  SINCE MAR 1      0                         0      0        0
  SINCE JAN 1      0                         0      0        0
..................................................................


WIND (MPH)
  HIGHEST WIND SPEED    22   HIGHEST WIND DIRECTION     W (250)
  HIGHEST GUST SPEED    28   HIGHEST GUST DIRECTION     W (270)
  AVERAGE WIND SPEED     7.8



WEATHER CONDITIONS
 THE FOLLOWING WEATHER WAS RECORDED YESTERDAY.
  FOG


RELATIVE HUMIDITY (PERCENT)
 HIGHEST    92           100 AM
 LOWEST     22           500 PM
 AVERAGE    57

..........................................................


THE ELKO AIRPORT NV CLIMATE NORMALS FOR TODAY
                         NORMAL    RECORD    YEAR
 MAXIMUM TEMPERATURE (F)   73        97      2003
 MINIMUM TEMPERATURE (F)   40        20      1895


SUNRISE AND SUNSET
MAY 28 2016...........SUNRISE   516 AM PDT   SUNSET   806 PM PDT
MAY 29 2016...........SUNRISE   515 AM PDT   SUNSET   807 PM PDT


-  INDICATES NEGATIVE NUMBERS.
R  INDICATES RECORD WAS SET OR TIED.
MM INDICATES DATA IS MISSING.
T  INDICATES TRACE AMOUNT.




$$
