175
CDUS45 KLKN 090931
CLIEKO


CLIMATE REPORT
NATIONAL WEATHER SERVICE ELKO NV
130 AM PST TUE FEB 9 2016


...................................

...THE ELKO AIRPORT NV CLIMATE SUMMARY FOR FEBRUARY 8 2016...

CLIMATE NORMAL PERIOD 1981 TO 2010
CLIMATE RECORD PERIOD 1888 TO 2016


WEATHER ITEM   OBSERVED TIME   RECORD YEAR NORMAL DEPARTURE LAST
                VALUE   (LST)  VALUE       VALUE  FROM      YEAR
                                                  NORMAL
..................................................................
TEMPERATURE (F)
 YESTERDAY
  MAXIMUM         34    350 PM  64    2015  39     -5       64
  MINIMUM          7    716 AM -26    1989  17    -10       31
  AVERAGE         21                        28     -7       48

PRECIPITATION (IN)
  YESTERDAY        0.00          0.40 2014   0.03  -0.03     0.00
  MONTH TO DATE    0.09                      0.25  -0.16     0.01
  SINCE OCT 1      6.60                      4.43   2.17     2.45
  SINCE JAN 1      2.06                      1.37   0.69     0.21

SNOWFALL (IN)
  YESTERDAY        0.0           4.7  1943   0.3   -0.3      0.0
  MONTH TO DATE    1.3                       2.2   -0.9       T
  SINCE DEC 1     41.7                      22.6   19.1      5.6
  SINCE JUL 1     53.9                      28.3   25.6      7.5
  SNOW DEPTH       9

DEGREE DAYS
 HEATING
  YESTERDAY       44                        37      7       17
  MONTH TO DATE  380                       303     77      154
  SINCE DEC 1   2918                      2750    168     2114
  SINCE JUL 1   4399                      4488    -89     3474

 COOLING
  YESTERDAY        0                         0      0        0
  MONTH TO DATE    0                         0      0        0
  SINCE DEC 1      0                         0      0        0
  SINCE JAN 1      0                         0      0        0
..................................................................


WIND (MPH)
  HIGHEST WIND SPEED     9   HIGHEST WIND DIRECTION     E (70)
  HIGHEST GUST SPEED    10   HIGHEST GUST DIRECTION     E (70)
  AVERAGE WIND SPEED     4.8



WEATHER CONDITIONS
 THE FOLLOWING WEATHER WAS RECORDED YESTERDAY.
  NO SIGNIFICANT WEATHER WAS OBSERVED.


RELATIVE HUMIDITY (PERCENT)
 HIGHEST    88           600 AM
 LOWEST     61           200 PM
 AVERAGE    75

..........................................................


THE ELKO AIRPORT NV CLIMATE NORMALS FOR TODAY
                         NORMAL    RECORD    YEAR
 MAXIMUM TEMPERATURE (F)   39        63      1951
 MINIMUM TEMPERATURE (F)   17       -18      1901


SUNRISE AND SUNSET
FEBRUARY  9 2016......SUNRISE   645 AM PST   SUNSET   510 PM PST
FEBRUARY 10 2016......SUNRISE   644 AM PST   SUNSET   511 PM PST


-  INDICATES NEGATIVE NUMBERS.
R  INDICATES RECORD WAS SET OR TIED.
MM INDICATES DATA IS MISSING.
T  INDICATES TRACE AMOUNT.




$$
