000
CDUS45 KLKN 280931
CLIEKO


CLIMATE REPORT
NATIONAL WEATHER SERVICE ELKO NV
230 AM PDT THU MAY 28 2015


...................................

...THE ELKO AIRPORT NV CLIMATE SUMMARY FOR MAY 27 2015...

CLIMATE NORMAL PERIOD 1981 TO 2010
CLIMATE RECORD PERIOD 1888 TO 2015


WEATHER ITEM   OBSERVED TIME   RECORD YEAR NORMAL DEPARTURE LAST
                VALUE   (LST)  VALUE       VALUE  FROM      YEAR
                                                  NORMAL
..................................................................
TEMPERATURE (F)
 YESTERDAY
  MAXIMUM         72    321 PM  90    1986  73     -1       88
                                      1919
  MINIMUM         47    452 AM  22    1911  40      7       47
  AVERAGE         60                        56      4       68

PRECIPITATION (IN)
  YESTERDAY        0.16          0.90 1895   0.03   0.13     0.00
  MONTH TO DATE    3.48                      0.84   2.64     1.08
  SINCE OCT 1      7.10                      7.83  -0.73     7.32
  SINCE JAN 1      4.86                      4.77   0.09     5.71

SNOWFALL (IN)
  YESTERDAY        0.0           T    2010   0.0    0.0      0.0
  MONTH TO DATE    2.0                       0.5    1.5      0.3
  SINCE MAR 1      4.9                       8.8   -3.9      8.2
  SINCE JUL 1     14.3                      41.3  -27.0     20.5
  SNOW DEPTH       0

DEGREE DAYS
 HEATING
  YESTERDAY        5                         9     -4        0
  MONTH TO DATE  302                       331    -29      286
  SINCE MAR 1   1510                      1734   -224     1630
  SINCE JUL 1   5518                      6902  -1384     6361

 COOLING
  YESTERDAY        0                         0      0        3
  MONTH TO DATE    0                         0      0        3
  SINCE MAR 1      0                         0      0        3
  SINCE JAN 1      0                         0      0        3
..................................................................


WIND (MPH)
  HIGHEST WIND SPEED    21   HIGHEST WIND DIRECTION    NW (310)
  HIGHEST GUST SPEED    29   HIGHEST GUST DIRECTION    NW (310)
  AVERAGE WIND SPEED     6.6



WEATHER CONDITIONS
 THE FOLLOWING WEATHER WAS RECORDED YESTERDAY.
  THUNDERSTORM
  RAIN
  LIGHT RAIN
  FOG


RELATIVE HUMIDITY (PERCENT)
 HIGHEST    86           300 AM
 LOWEST     34           200 PM
 AVERAGE    60

..........................................................


THE ELKO AIRPORT NV CLIMATE NORMALS FOR TODAY
                         NORMAL    RECORD    YEAR
 MAXIMUM TEMPERATURE (F)   73        97      2003
 MINIMUM TEMPERATURE (F)   40        20      1895


SUNRISE AND SUNSET
MAY 28 2015...........SUNRISE   516 AM PDT   SUNSET   805 PM PDT
MAY 29 2015...........SUNRISE   515 AM PDT   SUNSET   806 PM PDT


-  INDICATES NEGATIVE NUMBERS.
R  INDICATES RECORD WAS SET OR TIED.
MM INDICATES DATA IS MISSING.
T  INDICATES TRACE AMOUNT.




$$
