111
CDUS44 KSHV 050837
CLIELD


CLIMATE REPORT
NATIONAL WEATHER SERVICE SHREVEPORT, LA
237 AM CST MON DEC 5 2016


...................................

...THE EL DORADO CLIMATE SUMMARY FOR DECEMBER 4 2016...

CLIMATE NORMAL PERIOD 1981 TO 2010
CLIMATE RECORD PERIOD 1907 TO 2016


WEATHER ITEM   OBSERVED TIME   RECORD YEAR NORMAL DEPARTURE LAST
                VALUE   (LST)  VALUE       VALUE  FROM      YEAR
                                                  NORMAL
..................................................................
TEMPERATURE (F)
 YESTERDAY
  MAXIMUM         49    426 PM  82    1916  59    -10       56
  MINIMUM         46   1159 PM  20    2006  37      9       31
  AVERAGE         48                        48      0       44

PRECIPITATION (IN)
  YESTERDAY        0.05          2.89 2011   0.19  -0.14     0.00
  MONTH TO DATE    1.23                      0.75   0.48     0.00
  SINCE DEC 1      1.23                      0.75   0.48     0.00
  SINCE JAN 1     56.58                     48.49   8.09    47.29

SNOWFALL (IN)
  YESTERDAY        0.0
  MONTH TO DATE    0.0
  SINCE DEC 1      0.0
  SINCE JUL 1      0.0
  SNOW DEPTH       0

DEGREE DAYS
 HEATING
  YESTERDAY       17                        17      0       21
  MONTH TO DATE   68                        67      1       77
  SINCE DEC 1     68                        67      1       77
  SINCE JUL 1    341                       546   -205      371

 COOLING
  YESTERDAY        0                         0      0        0
  MONTH TO DATE    0                         0      0        0
  SINCE DEC 1      0                         0      0        0
  SINCE JAN 1   2391                      2126    265     2379
..................................................................


WIND (MPH)
  HIGHEST WIND SPEED    15   HIGHEST WIND DIRECTION     E (70)
  HIGHEST GUST SPEED    20   HIGHEST GUST DIRECTION     E (70)
  AVERAGE WIND SPEED     5.6


SKY COVER
  POSSIBLE SUNSHINE  MM
  AVERAGE SKY COVER 1.0


WEATHER CONDITIONS
 THE FOLLOWING WEATHER WAS RECORDED YESTERDAY.
  LIGHT RAIN
  FOG


RELATIVE HUMIDITY (PERCENT)
 HIGHEST   100           200 AM
 LOWEST     86           400 PM
 AVERAGE    93

..........................................................


THE EL DORADO CLIMATE NORMALS FOR TODAY
                         NORMAL    RECORD    YEAR
 MAXIMUM TEMPERATURE (F)   58        80      1956
 MINIMUM TEMPERATURE (F)   37        20      2006


SUNRISE AND SUNSET
DECEMBER  5 2016......SUNRISE   700 AM CST   SUNSET   504 PM CST
DECEMBER  6 2016......SUNRISE   701 AM CST   SUNSET   504 PM CST


-  INDICATES NEGATIVE NUMBERS.
R  INDICATES RECORD WAS SET OR TIED.
MM INDICATES DATA IS MISSING.
T  INDICATES TRACE AMOUNT.




$$
