261
CDUS44 KSHV 262132
CLIELD


CLIMATE REPORT
NATIONAL WEATHER SERVICE SHREVEPORT, LA
431 PM CDT MON JUN 26 2017


...................................

...THE EL DORADO CLIMATE SUMMARY FOR JUNE 26 2017...
VALID TODAY AS OF 0400 PM LOCAL TIME.

CLIMATE NORMAL PERIOD 1981 TO 2010
CLIMATE RECORD PERIOD 1907 TO 2017


WEATHER ITEM   OBSERVED TIME   RECORD YEAR NORMAL DEPARTURE LAST
                VALUE   (LST)  VALUE       VALUE  FROM      YEAR
                                                  NORMAL
..................................................................
TEMPERATURE (F)
 TODAY
  MAXIMUM         87    257 PM 102    1918  91     -4       95
  MINIMUM         62    537 AM  54    1974  70     -8       74
  AVERAGE         75                        80     -5       85

PRECIPITATION (IN)
  TODAY            0.00          3.24 1958   0.17  -0.17     0.03
  MONTH TO DATE    3.10                      4.22  -1.12     2.92
  SINCE DEC 1     35.77                     32.38   3.39    40.69
  SINCE JAN 1     29.48                     27.20   2.28    32.63

DEGREE DAYS
 HEATING
  TODAY            0                         0      0        0
  MONTH TO DATE    0                         0      0        0
  SINCE JUN 1      0                         0      0        0
  SINCE JUL 1   1723                      2673   -950     2034

 COOLING
  TODAY           10                        15     -5       20
  MONTH TO DATE  327                       335     -8      396
  SINCE JUN 1    327                       335     -8      396
  SINCE JAN 1    673                       646     27      677
..................................................................


WIND (MPH)
  HIGHEST WIND SPEED    10   HIGHEST WIND DIRECTION    NE (50)
  HIGHEST GUST SPEED    17   HIGHEST GUST DIRECTION     E (100)
  AVERAGE WIND SPEED     3.2


SKY COVER
  POSSIBLE SUNSHINE  MM
  AVERAGE SKY COVER 0.1


WEATHER CONDITIONS
 THE FOLLOWING WEATHER WAS RECORDED TODAY.
  NO SIGNIFICANT WEATHER WAS OBSERVED.


RELATIVE HUMIDITY (PERCENT)
 HIGHEST   100          1200 AM
 LOWEST     37           200 PM
 AVERAGE    69

..........................................................


THE EL DORADO CLIMATE NORMALS FOR TOMORROW
                         NORMAL    RECORD    YEAR
 MAXIMUM TEMPERATURE (F)   91       103      1937
 MINIMUM TEMPERATURE (F)   70        55      1968


SUNRISE AND SUNSET
JUNE 26 2017..........SUNRISE   604 AM CDT   SUNSET   824 PM CDT
JUNE 27 2017..........SUNRISE   604 AM CDT   SUNSET   824 PM CDT


-  INDICATES NEGATIVE NUMBERS.
R  INDICATES RECORD WAS SET OR TIED.
MM INDICATES DATA IS MISSING.
T  INDICATES TRACE AMOUNT.




$$
