000
CDUS44 KSHV 270845
CLIELD


CLIMATE REPORT
NATIONAL WEATHER SERVICE SHREVEPORT, LA
244 AM CST FRI FEB 27 2015


...................................

...THE EL DORADO CLIMATE SUMMARY FOR FEBRUARY 26 2015...

CLIMATE NORMAL PERIOD 1981 TO 2010
CLIMATE RECORD PERIOD 1907 TO 2015


WEATHER ITEM   OBSERVED TIME   RECORD YEAR NORMAL DEPARTURE LAST
                VALUE   (LST)  VALUE       VALUE  FROM      YEAR
                                                  NORMAL
..................................................................
TEMPERATURE (F)
 YESTERDAY
  MAXIMUM         37    223 PM  89    1917  62    -25       43
  MINIMUM         27    903 PM  19    1960  39    -12       25
  AVERAGE         32                        51    -19       34

PRECIPITATION (IN)
  YESTERDAY        0.00          2.67 2000   0.17  -0.17     0.10
  MONTH TO DATE    1.14                      4.45  -3.31     3.41
  SINCE DEC 1      9.36                     13.93  -4.57    11.13
  SINCE JAN 1      6.03                      8.75  -2.72     4.57

SNOWFALL (IN)
  YESTERDAY        0.0
  MONTH TO DATE    T
  SINCE DEC 1      T
  SINCE JUL 1      T
  SNOW DEPTH       0

DEGREE DAYS
 HEATING
  YESTERDAY       33                        15     18       31
  MONTH TO DATE  622                       458    164      540
  SINCE DEC 1   1872                      1722    150     1971
  SINCE JUL 1   2423                      2201    222     2556

 COOLING
  YESTERDAY        0                         0      0        0
  MONTH TO DATE    0                         0      0        0
  SINCE DEC 1      0                         6     -6        8
  SINCE JAN 1      0                         2     -2        0
..................................................................


WIND (MPH)
  HIGHEST WIND SPEED    13   HIGHEST WIND DIRECTION     N (340)
  HIGHEST GUST SPEED    17   HIGHEST GUST DIRECTION     N (340)
  AVERAGE WIND SPEED     4.2


SKY COVER
  POSSIBLE SUNSHINE  MM
  AVERAGE SKY COVER 0.6


WEATHER CONDITIONS
 THE FOLLOWING WEATHER WAS RECORDED YESTERDAY.
  FOG
  HAZE


RELATIVE HUMIDITY (PERCENT)
 HIGHEST   100           700 AM
 LOWEST     82          1000 AM
 AVERAGE    91

..........................................................


THE EL DORADO CLIMATE NORMALS FOR TODAY
                         NORMAL    RECORD    YEAR
 MAXIMUM TEMPERATURE (F)   62        87      1917
 MINIMUM TEMPERATURE (F)   40        15      2002


SUNRISE AND SUNSET
FEBRUARY 27 2015......SUNRISE   642 AM CST   SUNSET   606 PM CST
FEBRUARY 28 2015......SUNRISE   641 AM CST   SUNSET   607 PM CST


-  INDICATES NEGATIVE NUMBERS.
R  INDICATES RECORD WAS SET OR TIED.
MM INDICATES DATA IS MISSING.
T  INDICATES TRACE AMOUNT.




$$
