000
CDUS44 KSHV 012232
CLIELD


CLIMATE REPORT
NATIONAL WEATHER SERVICE SHREVEPORT, LA
431 PM CST SUN FEB 1 2015


...................................

...THE EL DORADO CLIMATE SUMMARY FOR FEBRUARY 1 2015...
VALID TODAY AS OF 0400 PM LOCAL TIME.

CLIMATE NORMAL PERIOD 1981 TO 2010
CLIMATE RECORD PERIOD 1907 TO 2015


WEATHER ITEM   OBSERVED TIME   RECORD YEAR NORMAL DEPARTURE LAST
                VALUE   (LST)  VALUE       VALUE  FROM      YEAR
                                                  NORMAL
..................................................................
TEMPERATURE (F)
 TODAY
  MAXIMUM         63   1159 AM  80    1989  56      7       65
  MINIMUM         52    125 AM   6    1951  34     18       52
  AVERAGE         58                        45     13       59

PRECIPITATION (IN)
  TODAY            0.05          1.90 1983   0.17  -0.12     0.00
  MONTH TO DATE    0.05                      0.17  -0.12     0.00
  SINCE DEC 1      8.27                      9.65  -1.38     7.72
  SINCE JAN 1      4.94                      4.47   0.47     1.16

SNOWFALL (IN)
  TODAY            0.0
  MONTH TO DATE    0.0
  SINCE DEC 1      T
  SINCE JUL 1      T
  SNOW DEPTH       0

DEGREE DAYS
 HEATING
  TODAY            7                        20    -13        6
  MONTH TO DATE    7                        20    -13        6
  SINCE DEC 1   1257                      1284    -27     1437
  SINCE JUL 1   1808                      1763     45     2022

 COOLING
  TODAY            0                         0      0        0
  MONTH TO DATE    0                         0      0        0
  SINCE DEC 1      0                         6     -6        8
  SINCE JAN 1      0                         2     -2        0
..................................................................


WIND (MPH)
  HIGHEST WIND SPEED    23   HIGHEST WIND DIRECTION     W (290)
  HIGHEST GUST SPEED    29   HIGHEST GUST DIRECTION    NW (300)
  AVERAGE WIND SPEED    10.6


SKY COVER
  POSSIBLE SUNSHINE  MM
  AVERAGE SKY COVER 0.9


WEATHER CONDITIONS
 THE FOLLOWING WEATHER WAS RECORDED TODAY.
  HEAVY RAIN
  RAIN
  LIGHT RAIN
  FOG


RELATIVE HUMIDITY (PERCENT)
 HIGHEST    93           800 AM
 LOWEST     54          1200 AM
 AVERAGE    74

..........................................................


THE EL DORADO CLIMATE NORMALS FOR TOMORROW
                         NORMAL    RECORD    YEAR
 MAXIMUM TEMPERATURE (F)   56        80      1995
 MINIMUM TEMPERATURE (F)   34        -9      1951


SUNRISE AND SUNSET
FEBRUARY  1 2015......SUNRISE   707 AM CST   SUNSET   543 PM CST
FEBRUARY  2 2015......SUNRISE   706 AM CST   SUNSET   544 PM CST


-  INDICATES NEGATIVE NUMBERS.
R  INDICATES RECORD WAS SET OR TIED.
MM INDICATES DATA IS MISSING.
T  INDICATES TRACE AMOUNT.




$$
