486
CDUS44 KSHV 062237
CLIELD


CLIMATE REPORT
NATIONAL WEATHER SERVICE SHREVEPORT, LA
436 PM CST SAT FEB 6 2016


...................................

...THE EL DORADO CLIMATE SUMMARY FOR FEBRUARY 6 2016...
VALID TODAY AS OF 0400 PM LOCAL TIME.

CLIMATE NORMAL PERIOD 1981 TO 2010
CLIMATE RECORD PERIOD 1907 TO 2016


WEATHER ITEM   OBSERVED TIME   RECORD YEAR NORMAL DEPARTURE LAST
                VALUE   (LST)  VALUE       VALUE  FROM      YEAR
                                                  NORMAL
..................................................................
TEMPERATURE (F)
 TODAY
  MAXIMUM         57    342 PM  76    1963  57      0       55
  MINIMUM         30    712 AM  15    1984  35     -5       24
  AVERAGE         44                        46     -2       40

PRECIPITATION (IN)
  TODAY            0.00          1.50 1979   0.16  -0.16     0.00
  MONTH TO DATE    0.00                      0.98  -0.98     0.35
  SINCE DEC 1     10.81                     10.46   0.35     8.57
  SINCE JAN 1      2.75                      5.28  -2.53     5.24

SNOWFALL (IN)
  TODAY            0.0
  MONTH TO DATE    0.0
  SINCE DEC 1      1.5
  SINCE JUL 1      1.5
  SNOW DEPTH       0

DEGREE DAYS
 HEATING
  TODAY           21                        19      2       25
  MONTH TO DATE   95                       118    -23      148
  SINCE DEC 1   1137                      1382   -245     1398
  SINCE JUL 1   1431                      1861   -430     1949

 COOLING
  TODAY            0                         0      0        0
  MONTH TO DATE    0                         0      0        0
  SINCE DEC 1     19                         6     13        0
  SINCE JAN 1      4                         2      2        0
..................................................................


WIND (MPH)
  HIGHEST WIND SPEED     9   HIGHEST WIND DIRECTION    NW (330)
  HIGHEST GUST SPEED    11   HIGHEST GUST DIRECTION    NE (60)
  AVERAGE WIND SPEED     1.8


SKY COVER
  POSSIBLE SUNSHINE  MM
  AVERAGE SKY COVER 0.0


WEATHER CONDITIONS
 THE FOLLOWING WEATHER WAS RECORDED TODAY.
  NO SIGNIFICANT WEATHER WAS OBSERVED.


RELATIVE HUMIDITY (PERCENT)
 HIGHEST    82           800 AM
 LOWEST     24           400 PM
 AVERAGE    53

..........................................................


THE EL DORADO CLIMATE NORMALS FOR TOMORROW
                         NORMAL    RECORD    YEAR
 MAXIMUM TEMPERATURE (F)   57        83      1937
 MINIMUM TEMPERATURE (F)   35        15      1988


SUNRISE AND SUNSET
FEBRUARY  6 2016......SUNRISE   703 AM CST   SUNSET   548 PM CST
FEBRUARY  7 2016......SUNRISE   703 AM CST   SUNSET   548 PM CST


-  INDICATES NEGATIVE NUMBERS.
R  INDICATES RECORD WAS SET OR TIED.
MM INDICATES DATA IS MISSING.
T  INDICATES TRACE AMOUNT.




$$
