000
CDUS44 KSHV 270834
CLIELD


CLIMATE REPORT
NATIONAL WEATHER SERVICE SHREVEPORT, LA
233 AM CST THU NOV 27 2014


...................................

...THE EL DORADO CLIMATE SUMMARY FOR NOVEMBER 26 2014...

CLIMATE NORMAL PERIOD 1981 TO 2010
CLIMATE RECORD PERIOD 1907 TO 2014


WEATHER ITEM   OBSERVED TIME   RECORD YEAR NORMAL DEPARTURE LAST
                VALUE   (LST)  VALUE       VALUE  FROM      YEAR
                                                  NORMAL
..................................................................
TEMPERATURE (F)
 YESTERDAY
  MAXIMUM         65    229 PM  87    1927  62      3       41
  MINIMUM         31    631 AM  20    1938  39     -8       33
  AVERAGE         48                        50     -2       37

PRECIPITATION (IN)
  YESTERDAY        0.00          3.59 1988   0.18  -0.18     0.06
  MONTH TO DATE    3.11                      4.14  -1.03     5.01
  SINCE DEC 1     44.26                     52.17  -7.91    46.99
  SINCE JAN 1     37.70                     46.99  -9.29    40.93

SNOWFALL (IN)
  YESTERDAY        0.0
  MONTH TO DATE    0.0
  SINCE SEP 1      0.0
  SINCE JUL 1      0.0
  SNOW DEPTH       0

DEGREE DAYS
 HEATING
  YESTERDAY       17                        15      2       28
  MONTH TO DATE  433                       285    148      368
  SINCE SEP 1    508                       418     90      482
  SINCE JUL 1    508                       418     90      482

 COOLING
  YESTERDAY        0                         0      0        0
  MONTH TO DATE    2                        13    -11        9
  SINCE SEP 1    431                       397     34      485
  SINCE JAN 1   1879                      2124   -245     2153
..................................................................


WIND (MPH)
  HIGHEST WIND SPEED    21   HIGHEST WIND DIRECTION    SW (230)
  HIGHEST GUST SPEED    29   HIGHEST GUST DIRECTION    SW (230)
  AVERAGE WIND SPEED     6.1


SKY COVER
  POSSIBLE SUNSHINE  MM
  AVERAGE SKY COVER 0.0


WEATHER CONDITIONS
 THE FOLLOWING WEATHER WAS RECORDED YESTERDAY.
  NO SIGNIFICANT WEATHER WAS OBSERVED.


RELATIVE HUMIDITY (PERCENT)
 HIGHEST    92           700 AM
 LOWEST     30           300 PM
 AVERAGE    61

..........................................................


THE EL DORADO CLIMATE NORMALS FOR TODAY
                         NORMAL    RECORD    YEAR
 MAXIMUM TEMPERATURE (F)   61        83      1960
 MINIMUM TEMPERATURE (F)   39        19      1938


SUNRISE AND SUNSET
NOVEMBER 27 2014......SUNRISE   653 AM CST   SUNSET   504 PM CST
NOVEMBER 28 2014......SUNRISE   654 AM CST   SUNSET   504 PM CST


-  INDICATES NEGATIVE NUMBERS.
R  INDICATES RECORD WAS SET OR TIED.
MM INDICATES DATA IS MISSING.
T  INDICATES TRACE AMOUNT.




$$
