000
CDUS44 KSHV 220737
CLIELD


CLIMATE REPORT
NATIONAL WEATHER SERVICE SHREVEPORT, LA
236 AM CDT WED MAR 22 2017


...................................

...THE EL DORADO CLIMATE SUMMARY FOR MARCH 21 2017...

CLIMATE NORMAL PERIOD 1981 TO 2010
CLIMATE RECORD PERIOD 1907 TO 2017


WEATHER ITEM   OBSERVED TIME   RECORD YEAR NORMAL DEPARTURE LAST
                VALUE   (LST)  VALUE       VALUE  FROM      YEAR
                                                  NORMAL
..................................................................
TEMPERATURE (F)
 YESTERDAY
  MAXIMUM         85    418 PM  88    1921  70     15       62
  MINIMUM         54    651 AM  17    1965  45      9       28
  AVERAGE         70                        57     13       45

PRECIPITATION (IN)
  YESTERDAY        0.00          2.27 1955   0.15  -0.15     0.00
  MONTH TO DATE    1.01                      3.30  -2.29     9.76
  SINCE DEC 1     15.71                     17.57  -1.86    25.42
  SINCE JAN 1      9.42                     12.39  -2.97    17.36

SNOWFALL (IN)
  YESTERDAY        0.0
  MONTH TO DATE    0.0
  SINCE MAR 1      0.0
  SINCE JUL 1      T
  SNOW DEPTH       0

DEGREE DAYS
 HEATING
  YESTERDAY        0                         9     -9       20
  MONTH TO DATE  203                       234    -31      144
  SINCE MAR 1    203                       234    -31      144
  SINCE JUL 1   1655                      2462   -807     1883

 COOLING
  YESTERDAY        5                         1      4        0
  MONTH TO DATE   24                        12     12       15
  SINCE MAR 1     24                        12     12       15
  SINCE JAN 1     51                        18     33       21
..................................................................


WIND (MPH)
  HIGHEST WIND SPEED    17   HIGHEST WIND DIRECTION     S (200)
  HIGHEST GUST SPEED    22   HIGHEST GUST DIRECTION    SW (240)
  AVERAGE WIND SPEED     5.8


SKY COVER
  POSSIBLE SUNSHINE  MM
  AVERAGE SKY COVER 0.0


WEATHER CONDITIONS
 THE FOLLOWING WEATHER WAS RECORDED YESTERDAY.
  FOG


RELATIVE HUMIDITY (PERCENT)
 HIGHEST    93           400 AM
 LOWEST     25           300 PM
 AVERAGE    59

..........................................................


THE EL DORADO CLIMATE NORMALS FOR TODAY
                         NORMAL    RECORD    YEAR
 MAXIMUM TEMPERATURE (F)   70        89      1995
 MINIMUM TEMPERATURE (F)   45        24      1915


SUNRISE AND SUNSET
MARCH 22 2017.........SUNRISE   712 AM CDT   SUNSET   725 PM CDT
MARCH 23 2017.........SUNRISE   711 AM CDT   SUNSET   725 PM CDT


-  INDICATES NEGATIVE NUMBERS.
R  INDICATES RECORD WAS SET OR TIED.
MM INDICATES DATA IS MISSING.
T  INDICATES TRACE AMOUNT.




$$
