000
CDUS44 KEPZ 310926
CLIELP


CLIMATE REPORT
NATIONAL WEATHER SERVICE EL PASO, TX
325 AM MDT FRI OCT 31 2014


...................................

...THE EL PASO CLIMATE SUMMARY FOR OCTOBER 30 2014...

CLIMATE NORMAL PERIOD 1981 TO 2010
CLIMATE RECORD PERIOD 1879 TO 2014


WEATHER ITEM   OBSERVED TIME   RECORD YEAR NORMAL DEPARTURE LAST
                VALUE   (LST)  VALUE       VALUE  FROM      YEAR
                                                  NORMAL
..................................................................
TEMPERATURE (F)
 YESTERDAY
  MAXIMUM         82    347 PM  86    2010  73      9       71
                                      1968
                                      1950
  MINIMUM         51    347 AM  25    1970  47      4       59
  AVERAGE         67                        60      7       65

PRECIPITATION (IN)
  YESTERDAY        0.00          0.94 1941   0.02  -0.02      T
  MONTH TO DATE    0.98                      0.59   0.39      T
  SINCE SEP 1      5.21                      2.10   3.11     3.85
  SINCE JAN 1      8.34                      8.42  -0.08     9.15

SNOWFALL (IN)
  YESTERDAY        0.0                                       0.0
  MONTH TO DATE    0.0                                       0.0
  SINCE SEP 1      0.0                                       0.0
  SINCE JUL 1      0.0                                        T
  SNOW DEPTH       0

DEGREE DAYS
 HEATING
  YESTERDAY        0                         6     -6        0
  MONTH TO DATE    5                        74    -69       50
  SINCE SEP 1      5                        78    -73       50
  SINCE JUL 1      5                        78    -73       50

 COOLING
  YESTERDAY        2                         1      1        0
  MONTH TO DATE  129                        83     46       79
  SINCE SEP 1    445                       400     45      416
  SINCE JAN 1   2664                      2329    335     2694
..................................................................


WIND (MPH)
  HIGHEST WIND SPEED    14   HIGHEST WIND DIRECTION     N (10)
  HIGHEST GUST SPEED    17   HIGHEST GUST DIRECTION     N (10)
  AVERAGE WIND SPEED     7.1


SKY COVER
  POSSIBLE SUNSHINE  MM
  AVERAGE SKY COVER 0.1


WEATHER CONDITIONS
 THE FOLLOWING WEATHER WAS RECORDED YESTERDAY.
  NO SIGNIFICANT WEATHER WAS OBSERVED.


RELATIVE HUMIDITY (PERCENT)
 HIGHEST    68           600 AM
 LOWEST     18           200 PM
 AVERAGE    43

..........................................................


THE EL PASO CLIMATE NORMALS FOR TODAY
                         NORMAL    RECORD    YEAR
 MAXIMUM TEMPERATURE (F)   73        87      1950
 MINIMUM TEMPERATURE (F)   46        27      1967


SUNRISE AND SUNSET
OCTOBER 31 2014.......SUNRISE   721 AM MDT   SUNSET   617 PM MDT
NOVEMBER  1 2014......SUNRISE   722 AM MDT   SUNSET   616 PM MDT


-  INDICATES NEGATIVE NUMBERS.
R  INDICATES RECORD WAS SET OR TIED.
MM INDICATES DATA IS MISSING.
T  INDICATES TRACE AMOUNT.




$$
