000
CDUS44 KEPZ 110931
CLIELP


CLIMATE REPORT
NATIONAL WEATHER SERVICE EL PASO, TX
230 AM MST MON DEC 11 2017


...................................

...THE EL PASO CLIMATE SUMMARY FOR DECEMBER 10 2017...

CLIMATE NORMAL PERIOD 1981 TO 2010
CLIMATE RECORD PERIOD 1879 TO 2017


WEATHER ITEM   OBSERVED TIME   RECORD YEAR NORMAL DEPARTURE LAST
                VALUE   (LST)  VALUE       VALUE  FROM      YEAR
                                                  NORMAL
..................................................................
TEMPERATURE (F)
 YESTERDAY
  MAXIMUM         59    307 PM  74    2015  58      1       58
  MINIMUM         31    641 AM  14    1885  33     -2       32
  AVERAGE         45                        45      0       45

PRECIPITATION (IN)
  YESTERDAY        0.00          1.05 1946   0.03  -0.03     0.00
  MONTH TO DATE    0.32                      0.25   0.07     0.24
  SINCE DEC 1      0.32                      0.25   0.07     0.24
  SINCE JAN 1      9.73                      9.18   0.55     8.72

SNOWFALL (IN)
  YESTERDAY        0.0                                       0.0
  MONTH TO DATE    0.1                                       0.0
  SINCE DEC 1      0.1                                       0.0
  SINCE JUL 1      0.1                                        T
  SNOW DEPTH       0

DEGREE DAYS
 HEATING
  YESTERDAY       20                        20      0       20
  MONTH TO DATE  162                       188    -26      187
  SINCE DEC 1    162                       188    -26      187
  SINCE JUL 1    325                       630   -305      429

 COOLING
  YESTERDAY        0                         0      0        0
  MONTH TO DATE    0                         0      0        0
  SINCE DEC 1      0                         0      0        0
  SINCE JAN 1   2917                      2331    586     2811
..................................................................


WIND (MPH)
  HIGHEST WIND SPEED    14   HIGHEST WIND DIRECTION     N (10)
  HIGHEST GUST SPEED    16   HIGHEST GUST DIRECTION     N (20)
  AVERAGE WIND SPEED     4.5


SKY COVER
  POSSIBLE SUNSHINE  MM
  AVERAGE SKY COVER 0.5


WEATHER CONDITIONS
 THE FOLLOWING WEATHER WAS RECORDED YESTERDAY.
  NO SIGNIFICANT WEATHER WAS OBSERVED.


RELATIVE HUMIDITY (PERCENT)
 HIGHEST    82           200 AM
 LOWEST     23           300 PM
 AVERAGE    53

..........................................................


THE EL PASO CLIMATE NORMALS FOR TODAY
                         NORMAL    RECORD    YEAR
 MAXIMUM TEMPERATURE (F)   57        76      1987
 MINIMUM TEMPERATURE (F)   33        18      1973


SUNRISE AND SUNSET
DECEMBER 11 2017......SUNRISE   656 AM MST   SUNSET   502 PM MST
DECEMBER 12 2017......SUNRISE   656 AM MST   SUNSET   503 PM MST


-  INDICATES NEGATIVE NUMBERS.
R  INDICATES RECORD WAS SET OR TIED.
MM INDICATES DATA IS MISSING.
T  INDICATES TRACE AMOUNT.




$$
