000
CDUS44 KEPZ 190927
CLIELP


CLIMATE REPORT
NATIONAL WEATHER SERVICE EL PASO, TX
326 AM MDT SAT AUG 19 2017


...................................

...THE EL PASO CLIMATE SUMMARY FOR AUGUST 18 2017...

CLIMATE NORMAL PERIOD 1981 TO 2010
CLIMATE RECORD PERIOD 1879 TO 2017


WEATHER ITEM   OBSERVED TIME   RECORD YEAR NORMAL DEPARTURE LAST
                VALUE   (LST)  VALUE       VALUE  FROM      YEAR
                                                  NORMAL
..................................................................
TEMPERATURE (F)
 YESTERDAY
  MAXIMUM         96    229 PM 106    1994  93      3       95
  MINIMUM         72    541 AM  57    1879  70      2       71
  AVERAGE         84                        81      3       83

PRECIPITATION (IN)
  YESTERDAY        0.00          0.64 1981   0.06  -0.06     0.00
  MONTH TO DATE    1.58                      1.29   0.29     2.10
  SINCE JUN 1      6.11                      3.78   2.33     2.67
  SINCE JAN 1      7.49                      5.60   1.89     3.31

SNOWFALL (IN)
  YESTERDAY        0.0                                       0.0
  MONTH TO DATE    0.0                                       0.0
  SINCE JUN 1      0.0                                       0.0
  SINCE JUL 1      0.0                                       0.0
  SNOW DEPTH       0

DEGREE DAYS
 HEATING
  YESTERDAY        0                         0      0        0
  MONTH TO DATE    0                         0      0        0
  SINCE JUN 1      0                         0      0        0
  SINCE JUL 1      0                         0      0        0

 COOLING
  YESTERDAY       19                        16      3       18
  MONTH TO DATE  331                       298     33      325
  SINCE JUN 1   1548                      1352    196     1659
  SINCE JAN 1   2102                      1729    373     2055
..................................................................


WIND (MPH)
  HIGHEST WIND SPEED    22   HIGHEST WIND DIRECTION    SE (140)
  HIGHEST GUST SPEED    27   HIGHEST GUST DIRECTION     S (160)
  AVERAGE WIND SPEED     6.9


SKY COVER
  POSSIBLE SUNSHINE  MM
  AVERAGE SKY COVER 0.4


WEATHER CONDITIONS
 THE FOLLOWING WEATHER WAS RECORDED YESTERDAY.
  NO SIGNIFICANT WEATHER WAS OBSERVED.


RELATIVE HUMIDITY (PERCENT)
 HIGHEST    64           400 AM
 LOWEST     28           200 PM
 AVERAGE    46

..........................................................


THE EL PASO CLIMATE NORMALS FOR TODAY
                         NORMAL    RECORD    YEAR
 MAXIMUM TEMPERATURE (F)   92       103      1994
 MINIMUM TEMPERATURE (F)   70        59      1983
                                             1976
                                             1880


SUNRISE AND SUNSET
AUGUST 19 2017........SUNRISE   633 AM MDT   SUNSET   744 PM MDT
AUGUST 20 2017........SUNRISE   634 AM MDT   SUNSET   743 PM MDT


-  INDICATES NEGATIVE NUMBERS.
R  INDICATES RECORD WAS SET OR TIED.
MM INDICATES DATA IS MISSING.
T  INDICATES TRACE AMOUNT.




$$
