000
CDUS44 KEPZ 020927
CLIELP


CLIMATE REPORT
NATIONAL WEATHER SERVICE EL PASO, TX
326 AM MDT SUN AUG 2 2015


...................................

...THE EL PASO CLIMATE SUMMARY FOR AUGUST 1 2015...

CLIMATE NORMAL PERIOD 1981 TO 2010
CLIMATE RECORD PERIOD 1879 TO 2015


WEATHER ITEM   OBSERVED TIME   RECORD YEAR NORMAL DEPARTURE LAST
                VALUE   (LST)  VALUE       VALUE  FROM      YEAR
                                                  NORMAL
..................................................................
TEMPERATURE (F)
 YESTERDAY
  MAXIMUM         96    339 PM 104    1993  93      3       78
                                      1975
  MINIMUM         75    609 AM  59    1925  71      4       66
  AVERAGE         86                        82      4       72

PRECIPITATION (IN)
  YESTERDAY        0.00          2.84 2006   0.07  -0.07     0.16
  MONTH TO DATE    0.00                      0.07  -0.07     0.16
  SINCE JUN 1      3.06                      2.56   0.50     0.86
  SINCE JAN 1      5.60                      4.38   1.22     1.50

SNOWFALL (IN)
  YESTERDAY        0.0                                       0.0
  MONTH TO DATE    0.0                                       0.0
  SINCE JUN 1      0.0                                       0.0
  SINCE JUL 1      0.0                                       0.0
  SNOW DEPTH       0

DEGREE DAYS
 HEATING
  YESTERDAY        0                         0      0        0
  MONTH TO DATE    0                         0      0        0
  SINCE JUN 1      0                         0      0        0
  SINCE JUL 1      0                         0      0        0

 COOLING
  YESTERDAY       21                        17      4        7
  MONTH TO DATE   21                        17      4        7
  SINCE JUN 1   1225                      1071    154     1322
  SINCE JAN 1   1596                      1448    148     1749
..................................................................


WIND (MPH)
  HIGHEST WIND SPEED    20   HIGHEST WIND DIRECTION     E (110)
  HIGHEST GUST SPEED    25   HIGHEST GUST DIRECTION     E (110)
  AVERAGE WIND SPEED     7.4


SKY COVER
  POSSIBLE SUNSHINE  MM
  AVERAGE SKY COVER 0.4


WEATHER CONDITIONS
 THE FOLLOWING WEATHER WAS RECORDED YESTERDAY.
  NO SIGNIFICANT WEATHER WAS OBSERVED.


RELATIVE HUMIDITY (PERCENT)
 HIGHEST    58           600 AM
 LOWEST     20           300 PM
 AVERAGE    39

..........................................................


THE EL PASO CLIMATE NORMALS FOR TODAY
                         NORMAL    RECORD    YEAR
 MAXIMUM TEMPERATURE (F)   93       108      1980
 MINIMUM TEMPERATURE (F)   71        58      1925


SUNRISE AND SUNSET
AUGUST  2 2015........SUNRISE   622 AM MDT   SUNSET   801 PM MDT
AUGUST  3 2015........SUNRISE   623 AM MDT   SUNSET   801 PM MDT


-  INDICATES NEGATIVE NUMBERS.
R  INDICATES RECORD WAS SET OR TIED.
MM INDICATES DATA IS MISSING.
T  INDICATES TRACE AMOUNT.




$$
