000
CDUS45 KLKN 290933
CLIELY


CLIMATE REPORT
NATIONAL WEATHER SERVICE ELKO NV
228 AM PDT FRI AUG 29 2014


...................................

...THE ELY AIRPORT NV CLIMATE SUMMARY FOR AUGUST 28 2014...

CLIMATE NORMAL PERIOD 1981 TO 2010
CLIMATE RECORD PERIOD 1893 TO 2014


WEATHER ITEM   OBSERVED TIME   RECORD YEAR NORMAL DEPARTURE LAST
                VALUE   (LST)  VALUE       VALUE  FROM      YEAR
                                                  NORMAL
..................................................................
TEMPERATURE (F)
 YESTERDAY
  MAXIMUM         83    427 PM  92    2001  83      0       83
  MINIMUM         43    504 AM  31    1960  45     -2       52
  AVERAGE         63                        64     -1       68

PRECIPITATION (IN)
  YESTERDAY        0.00          0.34 1982   0.03  -0.03     0.01
  MONTH TO DATE    2.48                      0.82   1.66     0.41
  SINCE OCT 1      9.94                      8.85   1.09     6.87
  SINCE JAN 1      7.26                      6.56   0.70     3.77

SNOWFALL (IN)
  YESTERDAY        0.0           0.0  1893   0.0    0.0      0.0
  MONTH TO DATE    0.0                       0.0    0.0      0.0
  SINCE JUN 1      T                         0.1   -0.1      0.0
  SINCE JUL 1      0.0                       0.0    0.0      0.0
  SNOW DEPTH       0

DEGREE DAYS
 HEATING
  YESTERDAY        2                         3     -1        0
  MONTH TO DATE   47                        32     15        3
  SINCE JUN 1    187                       230    -43      103
  SINCE JUL 1     47                        55     -8        8

 COOLING
  YESTERDAY        0                         1     -1        3
  MONTH TO DATE   34                        74    -40       86
  SINCE JUN 1    259                       208     51      354
  SINCE JAN 1    261                       209     52      354
..................................................................


WIND (MPH)
  HIGHEST WIND SPEED    16   HIGHEST WIND DIRECTION     S (170)
  HIGHEST GUST SPEED    19   HIGHEST GUST DIRECTION     N (10)
  AVERAGE WIND SPEED     8.4



WEATHER CONDITIONS
 THE FOLLOWING WEATHER WAS RECORDED YESTERDAY.
  NO SIGNIFICANT WEATHER WAS OBSERVED.


RELATIVE HUMIDITY (PERCENT)
 HIGHEST    89           500 AM
 LOWEST     13           300 PM
 AVERAGE    51

..........................................................


THE ELY AIRPORT NV CLIMATE NORMALS FOR TODAY
                         NORMAL    RECORD    YEAR
 MAXIMUM TEMPERATURE (F)   82        94      1998
 MINIMUM TEMPERATURE (F)   44        26      1964


SUNRISE AND SUNSET
AUGUST 29 2014........SUNRISE   605 AM PDT   SUNSET   715 PM PDT
AUGUST 30 2014........SUNRISE   606 AM PDT   SUNSET   713 PM PDT


-  INDICATES NEGATIVE NUMBERS.
R  INDICATES RECORD WAS SET OR TIED.
MM INDICATES DATA IS MISSING.
T  INDICATES TRACE AMOUNT.




$$
