000
CDUS45 KLKN 170926
CLIELY


CLIMATE REPORT
NATIONAL WEATHER SERVICE ELKO NV
226 AM PDT WED SEP 17 2014


...................................

...THE ELY AIRPORT NV CLIMATE SUMMARY FOR SEPTEMBER 16 2014...

CLIMATE NORMAL PERIOD 1981 TO 2010
CLIMATE RECORD PERIOD 1893 TO 2014


WEATHER ITEM   OBSERVED TIME   RECORD YEAR NORMAL DEPARTURE LAST
                VALUE   (LST)  VALUE       VALUE  FROM      YEAR
                                                  NORMAL
..................................................................
TEMPERATURE (F)
 YESTERDAY
  MAXIMUM         87    258 PM  88    1981  76     11       81
  MINIMUM         47    600 AM  22    2006  38      9       53
                                      1970
  AVERAGE         67                        57     10       67

PRECIPITATION (IN)
  YESTERDAY        0.00          1.03 2011   0.02  -0.02     0.00
  MONTH TO DATE    0.05                      0.40  -0.35     1.69
  SINCE OCT 1      9.99                      9.33   0.66     8.94
  SINCE JAN 1      7.31                      7.04   0.27     5.84

SNOWFALL (IN)
  YESTERDAY        0.0           0.2  1977   0.0    0.0      0.0
  MONTH TO DATE    0.0                       0.0    0.0      0.0
  SINCE SEP 1      0.0                       0.0    0.0      0.0
  SINCE JUL 1      0.0                       0.0    0.0      0.0
  SNOW DEPTH       0

DEGREE DAYS
 HEATING
  YESTERDAY        0                         8     -8        0
  MONTH TO DATE   34                        90    -56       43
  SINCE SEP 1     34                        90    -56       43
  SINCE JUL 1     82                       154    -72       51

 COOLING
  YESTERDAY        2                         0      2        2
  MONTH TO DATE   11                         4      7       15
  SINCE SEP 1     11                         4      7       15
  SINCE JAN 1    279                       216     63      385
..................................................................


WIND (MPH)
  HIGHEST WIND SPEED    23   HIGHEST WIND DIRECTION     S (200)
  HIGHEST GUST SPEED    27   HIGHEST GUST DIRECTION     S (200)
  AVERAGE WIND SPEED    10.2



WEATHER CONDITIONS
 THE FOLLOWING WEATHER WAS RECORDED YESTERDAY.
  NO SIGNIFICANT WEATHER WAS OBSERVED.


RELATIVE HUMIDITY (PERCENT)
 HIGHEST    71           500 AM
 LOWEST     16           100 PM
 AVERAGE    44

..........................................................


THE ELY AIRPORT NV CLIMATE NORMALS FOR TODAY
                         NORMAL    RECORD    YEAR
 MAXIMUM TEMPERATURE (F)   75        90      1956
 MINIMUM TEMPERATURE (F)   37        19      2006


SUNRISE AND SUNSET
SEPTEMBER 17 2014.....SUNRISE   622 AM PDT   SUNSET   644 PM PDT
SEPTEMBER 18 2014.....SUNRISE   623 AM PDT   SUNSET   643 PM PDT


-  INDICATES NEGATIVE NUMBERS.
R  INDICATES RECORD WAS SET OR TIED.
MM INDICATES DATA IS MISSING.
T  INDICATES TRACE AMOUNT.




$$
