000
CDUS45 KLKN 030035
CLIELY


CLIMATE REPORT
NATIONAL WEATHER SERVICE ELKO NV
534 PM PDT TUE SEP 2 2014


...................................

...THE ELY AIRPORT NV CLIMATE SUMMARY FOR SEPTEMBER 2 2014...
VALID TODAY AS OF 0500 PM LOCAL TIME.

CLIMATE NORMAL PERIOD 1981 TO 2010
CLIMATE RECORD PERIOD 1893 TO 2014


WEATHER ITEM   OBSERVED TIME   RECORD YEAR NORMAL DEPARTURE LAST
                VALUE   (LST)  VALUE       VALUE  FROM      YEAR
                                                  NORMAL
..................................................................
TEMPERATURE (F)
 TODAY
  MAXIMUM         89    244 PM  92    1950  81      8       79
  MINIMUM         43    506 AM  24    1973  43      0       54
  AVERAGE         66                        62      4       67

PRECIPITATION (IN)
  TODAY            0.00          0.41 1997   0.03  -0.03     0.12
  MONTH TO DATE    0.00                      0.05  -0.05     0.23
  SINCE OCT 1      9.94                      8.98   0.96     7.48
  SINCE JAN 1      7.26                      6.69   0.57     4.38

SNOWFALL (IN)
  TODAY            0.0           0.0  1893   0.0    0.0      0.0
  MONTH TO DATE    0.0                       0.0    0.0      0.0
  SINCE SEP 1      0.0                       0.0    0.0      0.0
  SINCE JUL 1      0.0                       0.0    0.0      0.0
  SNOW DEPTH       0

DEGREE DAYS
 HEATING
  TODAY            0                         4     -4        0
  MONTH TO DATE    1                         7     -6        0
  SINCE SEP 1      1                         7     -6        0
  SINCE JUL 1     49                        71    -22        8

 COOLING
  TODAY            1                         1      0        2
  MONTH TO DATE    1                         2     -1        3
  SINCE SEP 1      1                         2     -1        3
  SINCE JAN 1    269                       214     55      373
..................................................................


WIND (MPH)
  HIGHEST WIND SPEED    25   HIGHEST WIND DIRECTION    SW (210)
  HIGHEST GUST SPEED    31   HIGHEST GUST DIRECTION    SW (220)



WEATHER CONDITIONS
 THE FOLLOWING WEATHER WAS RECORDED TODAY.
  NO SIGNIFICANT WEATHER WAS OBSERVED.


RELATIVE HUMIDITY (PERCENT)
 HIGHEST    65           400 AM
 LOWEST     10           400 PM
 AVERAGE    38

..........................................................


THE ELY AIRPORT NV CLIMATE NORMALS FOR TOMORROW
                         NORMAL    RECORD    YEAR
 MAXIMUM TEMPERATURE (F)   81        93      1950
 MINIMUM TEMPERATURE (F)   43        25      1961


SUNRISE AND SUNSET
SEPTEMBER  2 2014.....SUNRISE   609 AM PDT   SUNSET   708 PM PDT
SEPTEMBER  3 2014.....SUNRISE   610 AM PDT   SUNSET   707 PM PDT


-  INDICATES NEGATIVE NUMBERS.
R  INDICATES RECORD WAS SET OR TIED.
MM INDICATES DATA IS MISSING.
T  INDICATES TRACE AMOUNT.




$$
