000
CDUS45 KLKN 010034
CLIELY


CLIMATE REPORT
NATIONAL WEATHER SERVICE ELKO NV
529 PM PDT TUE MAY 31 2016


...................................

...THE ELY AIRPORT NV CLIMATE SUMMARY FOR MAY 31 2016...
VALID TODAY AS OF 500 PM LOCAL TIME.

CLIMATE NORMAL PERIOD 1981 TO 2010
CLIMATE RECORD PERIOD 1893 TO 2016


WEATHER ITEM   OBSERVED TIME   RECORD YEAR NORMAL DEPARTURE LAST
                VALUE   (LST)  VALUE       VALUE  FROM      YEAR
                                                  NORMAL
..................................................................
TEMPERATURE (F)
 TODAY
  MAXIMUM         76    258 PM  95    1910  73      3       85
  MINIMUM         37    505 AM  23    1895  37      0       49
  AVERAGE         57                        55      2       67

PRECIPITATION (IN)
  TODAY            0.00          1.40 1895   0.03  -0.03     0.00
  MONTH TO DATE    0.53                      1.10  -0.57     1.78
  SINCE OCT 1     11.32                      6.72   4.60     4.50
  SINCE JAN 1      6.96                      4.43   2.53     3.33

SNOWFALL (IN)
  TODAY            0.0          14.0  1895   0.0    0.0      0.0
  MONTH TO DATE    T                         2.3   -2.3       T
  SINCE MAR 1     21.1                      15.8    5.3      8.7
  SINCE JUL 1    100.4                      50.7   49.7     19.7
  SNOW DEPTH       0

DEGREE DAYS
 HEATING
  TODAY            8                        10     -2        0
  MONTH TO DATE  469                       443     26      439
  SINCE MAR 1   1885                      2010   -125     1794
  SINCE JUL 1   7259                      7347    -88     6038

 COOLING
  TODAY            0                         0      0        2
  MONTH TO DATE    0                         1     -1        3
  SINCE MAR 1      0                         1     -1        3
  SINCE JAN 1      0                         1     -1        3
..................................................................


WIND (MPH)
  HIGHEST WIND SPEED    20   HIGHEST WIND DIRECTION     N (10)
  HIGHEST GUST SPEED    25   HIGHEST GUST DIRECTION    NE (30)



WEATHER CONDITIONS
 THE FOLLOWING WEATHER WAS RECORDED TODAY.
  NO SIGNIFICANT WEATHER WAS OBSERVED.


RELATIVE HUMIDITY (PERCENT)
 HIGHEST    76           400 AM
 LOWEST     15           200 PM
 AVERAGE    46

..........................................................


THE ELY AIRPORT NV CLIMATE NORMALS FOR TOMORROW
                         NORMAL    RECORD    YEAR
 MAXIMUM TEMPERATURE (F)   73        90      2001
 MINIMUM TEMPERATURE (F)   37        27      1949
                                             1902
                                             1895


SUNRISE AND SUNSET
MAY 31 2016...........SUNRISE   515 AM PDT   SUNSET   800 PM PDT
JUNE  1 2016..........SUNRISE   515 AM PDT   SUNSET   800 PM PDT


-  INDICATES NEGATIVE NUMBERS.
R  INDICATES RECORD WAS SET OR TIED.
MM INDICATES DATA IS MISSING.
T  INDICATES TRACE AMOUNT.




$$
