000
CDUS45 KLKN 240931
CLIELY


CLIMATE REPORT
NATIONAL WEATHER SERVICE ELKO NV
228 AM PDT FRI OCT 24 2014


...................................

...THE ELY AIRPORT NV CLIMATE SUMMARY FOR OCTOBER 23 2014...

CLIMATE NORMAL PERIOD 1981 TO 2010
CLIMATE RECORD PERIOD 1893 TO 2014


WEATHER ITEM   OBSERVED TIME   RECORD YEAR NORMAL DEPARTURE LAST
                VALUE   (LST)  VALUE       VALUE  FROM      YEAR
                                                  NORMAL
..................................................................
TEMPERATURE (F)
 YESTERDAY
  MAXIMUM         73   1223 PM  75    1988  60     13       68
  MINIMUM         38    402 AM   9    1995  26     12       25
                                      1980
  AVERAGE         56                        43     13       47

PRECIPITATION (IN)
  YESTERDAY        0.00          0.30 1897   0.03  -0.03     0.00
  MONTH TO DATE    T                         0.74  -0.74     0.56
  SINCE OCT 1      T                         0.74  -0.74     0.56
  SINCE JAN 1      8.09                      8.21  -0.12     6.42

SNOWFALL (IN)
  YESTERDAY        0.0           2.5  1954   0.1   -0.1      0.0
  MONTH TO DATE    0.0                       2.0   -2.0      0.5
  SINCE SEP 1      0.0                       2.4   -2.4      0.5
  SINCE JUL 1      0.0                       2.4   -2.4      0.5
  SNOW DEPTH       0

DEGREE DAYS
 HEATING
  YESTERDAY        9                        22    -13       18
  MONTH TO DATE  303                       422   -119      484
  SINCE SEP 1    423                       674   -251      707
  SINCE JUL 1    471                       738   -267      715

 COOLING
  YESTERDAY        0                         0      0        0
  MONTH TO DATE    0                         0      0        0
  SINCE SEP 1     18                         6     12       17
  SINCE JAN 1    286                       218     68      387
..................................................................


WIND (MPH)
  HIGHEST WIND SPEED    22   HIGHEST WIND DIRECTION    SW (210)
  HIGHEST GUST SPEED    27   HIGHEST GUST DIRECTION     S (200)
  AVERAGE WIND SPEED    13.5



WEATHER CONDITIONS
 THE FOLLOWING WEATHER WAS RECORDED YESTERDAY.
  NO SIGNIFICANT WEATHER WAS OBSERVED.


RELATIVE HUMIDITY (PERCENT)
 HIGHEST    48           400 AM
 LOWEST     14          1200 PM
 AVERAGE    31

..........................................................


THE ELY AIRPORT NV CLIMATE NORMALS FOR TODAY
                         NORMAL    RECORD    YEAR
 MAXIMUM TEMPERATURE (F)   59        80      1959
 MINIMUM TEMPERATURE (F)   26         8      1975


SUNRISE AND SUNSET
OCTOBER 24 2014.......SUNRISE   659 AM PDT   SUNSET   548 PM PDT
OCTOBER 25 2014.......SUNRISE   700 AM PDT   SUNSET   547 PM PDT


-  INDICATES NEGATIVE NUMBERS.
R  INDICATES RECORD WAS SET OR TIED.
MM INDICATES DATA IS MISSING.
T  INDICATES TRACE AMOUNT.




$$
