000
CDUS45 KLKN 230031
CLIELY


CLIMATE REPORT
NATIONAL WEATHER SERVICE ELKO NV
529 PM PDT TUE AUG 22 2017


...................................

...THE ELY AIRPORT NV CLIMATE SUMMARY FOR AUGUST 22 2017...
VALID TODAY AS OF 0500 PM LOCAL TIME.

CLIMATE NORMAL PERIOD 1981 TO 2010
CLIMATE RECORD PERIOD 1893 TO 2017


WEATHER ITEM   OBSERVED TIME   RECORD YEAR NORMAL DEPARTURE LAST
                VALUE   (LST)  VALUE       VALUE  FROM      YEAR
                                                  NORMAL
..................................................................
TEMPERATURE (F)
 TODAY
  MAXIMUM         77    158 PM  92    2007  84     -7       85
  MINIMUM         57    800 AM  32    1959  46     11       47
                                      1899
  AVERAGE         67                        65      2       66

PRECIPITATION (IN)
  TODAY            0.06          0.56 2014   0.02   0.04     0.15
  MONTH TO DATE    0.15                      0.66  -0.51     0.33
  SINCE OCT 1      8.98                      8.69   0.29    13.38
  SINCE JAN 1      7.20                      6.40   0.80     9.02

SNOWFALL (IN)
  TODAY            0.0           0.0  1893   0.0    0.0      0.0
  MONTH TO DATE    0.0                       0.0    0.0      0.0
  SINCE JUN 1      T                         0.1   -0.1      0.0
  SINCE JUL 1      0.0                       0.0    0.0      0.0
  SNOW DEPTH       0

DEGREE DAYS
 HEATING
  TODAY            0                         2     -2        0
  MONTH TO DATE    4                        19    -15        6
  SINCE JUN 1     76                       217   -141       84
  SINCE JUL 1      4                        42    -38       23

 COOLING
  TODAY            2                         2      0        1
  MONTH TO DATE   91                        65     26       62
  SINCE JUN 1    371                       199    172      246
  SINCE JAN 1    371                       200    171      246
..................................................................


WIND (MPH)
  HIGHEST WIND SPEED    28   HIGHEST WIND DIRECTION     S (170)
  HIGHEST GUST SPEED    36   HIGHEST GUST DIRECTION     S (170)



WEATHER CONDITIONS
 THE FOLLOWING WEATHER WAS RECORDED TODAY.
  THUNDERSTORM
  HEAVY RAIN
  LIGHT RAIN
  FOG


RELATIVE HUMIDITY (PERCENT)
 HIGHEST    64           600 AM
 LOWEST     29           200 PM
 AVERAGE    47

..........................................................


THE ELY AIRPORT NV CLIMATE NORMALS FOR TOMORROW
                         NORMAL    RECORD    YEAR
 MAXIMUM TEMPERATURE (F)   84        93      2011
 MINIMUM TEMPERATURE (F)   46        24      1960


SUNRISE AND SUNSET
AUGUST 22 2017........SUNRISE   559 AM PDT   SUNSET   725 PM PDT
AUGUST 23 2017........SUNRISE   600 AM PDT   SUNSET   723 PM PDT


-  INDICATES NEGATIVE NUMBERS.
R  INDICATES RECORD WAS SET OR TIED.
MM INDICATES DATA IS MISSING.
T  INDICATES TRACE AMOUNT.




$$
