000
CDUS45 KLKN 310926
CLIELY


CLIMATE REPORT
NATIONAL WEATHER SERVICE ELKO NV
226 AM PDT THU JUL 31 2014


...................................

...THE ELY AIRPORT NV CLIMATE SUMMARY FOR JULY 30 2014...

CLIMATE NORMAL PERIOD 1981 TO 2010
CLIMATE RECORD PERIOD 1893 TO 2014


WEATHER ITEM   OBSERVED TIME   RECORD YEAR NORMAL DEPARTURE LAST
                VALUE   (LST)  VALUE       VALUE  FROM      YEAR
                                                  NORMAL
..................................................................
TEMPERATURE (F)
 YESTERDAY
  MAXIMUM         84    359 PM  99    2000  88     -4       88
  MINIMUM         47    517 AM  36    1950  49     -2       49
  AVERAGE         66                        69     -3       69

PRECIPITATION (IN)
  YESTERDAY        0.00          0.67 1939   0.03  -0.03     0.00
  MONTH TO DATE    0.43                      0.61  -0.18     0.25
  SINCE OCT 1      7.46                      8.00  -0.54     6.46
  SINCE JAN 1      4.78                      5.71  -0.93     3.36

SNOWFALL (IN)
  YESTERDAY        0.0           0.0  1893   0.0    0.0      0.0
  MONTH TO DATE    0.0                       0.0    0.0      0.0
  SINCE JUN 1      T                         0.1   -0.1      0.0
  SINCE JUL 1      0.0                       0.0    0.0      0.0
  SNOW DEPTH       0

DEGREE DAYS
 HEATING
  YESTERDAY        0                         0      0        0
  MONTH TO DATE    0                        20    -20        5
  SINCE JUN 1    140                       195    -55      100
  SINCE JUL 1      0                        20    -20        5

 COOLING
  YESTERDAY        1                         4     -3        4
  MONTH TO DATE  203                       106     97      204
  SINCE JUN 1    222                       129     93      261
  SINCE JAN 1    224                       130     94      261
..................................................................


WIND (MPH)
  HIGHEST WIND SPEED    18   HIGHEST WIND DIRECTION     N (350)
  HIGHEST GUST SPEED    24   HIGHEST GUST DIRECTION     N (360)
  AVERAGE WIND SPEED     7.0



WEATHER CONDITIONS
 THE FOLLOWING WEATHER WAS RECORDED YESTERDAY.
  NO SIGNIFICANT WEATHER WAS OBSERVED.


RELATIVE HUMIDITY (PERCENT)
 HIGHEST   100          1200 AM
 LOWEST     22           200 PM
 AVERAGE    61

..........................................................


THE ELY AIRPORT NV CLIMATE NORMALS FOR TODAY
                         NORMAL    RECORD    YEAR
 MAXIMUM TEMPERATURE (F)   88        97      2000
 MINIMUM TEMPERATURE (F)   49        35      1975


SUNRISE AND SUNSET
JULY 31 2014..........SUNRISE   539 AM PDT   SUNSET   752 PM PDT
AUGUST  1 2014........SUNRISE   540 AM PDT   SUNSET   751 PM PDT


-  INDICATES NEGATIVE NUMBERS.
R  INDICATES RECORD WAS SET OR TIED.
MM INDICATES DATA IS MISSING.
T  INDICATES TRACE AMOUNT.




$$
