000
CDUS43 KTOP 050635
CLIEMP


CLIMATE REPORT
NATIONAL WEATHER SERVICE TOPEKA KS
1234 AM CST THU MAR 5 2015


...................................

...THE EMPORIA KS CLIMATE SUMMARY FOR MARCH 4 2015...

CLIMATE NORMAL PERIOD 1981 TO 2010
CLIMATE RECORD PERIOD 9999 TO 9999


WEATHER ITEM   OBSERVED NORMAL DEPARTURE LAST
                VALUE   VALUE  FROM      YEAR
                               NORMAL
...............................................
TEMPERATURE (F)
 YESTERDAY
  MAXIMUM         30     52    -22       44
  MINIMUM         18     29    -11       10
  AVERAGE         24     41    -17       27

PRECIPITATION (IN)
  YESTERDAY        0.01   0.09  -0.08     0.00
  MONTH TO DATE    0.05   0.32  -0.27     0.09
  SINCE MAR 1      0.05   0.32  -0.27     0.09
  SINCE JAN 1      1.45   2.18  -0.73     0.58

DEGREE DAYS
 HEATING
  YESTERDAY       41     24     17       38
  MONTH TO DATE  142     98     44      199
  SINCE MAR 1    142     98     44      199
  SINCE JUL 1   4143   3920    223     4524

 COOLING
  YESTERDAY        0      0      0        0
  MONTH TO DATE    0      0      0        0
  SINCE MAR 1      0      0      0        0
  SINCE JAN 1      0      0      0        0
...............................................


WIND (MPH)
  HIGHEST WIND SPEED    25   HIGHEST WIND DIRECTION     N (10)
  HIGHEST GUST SPEED    31   HIGHEST GUST DIRECTION     N (10)
  AVERAGE WIND SPEED    12.3


SKY COVER
  AVERAGE SKY COVER 0.7


WEATHER CONDITIONS
 THE FOLLOWING WEATHER WAS RECORDED YESTERDAY.
  LIGHT SNOW
  FOG
  HAZE


RELATIVE HUMIDITY (PERCENT)
 HIGHEST    92
 LOWEST     39
 AVERAGE    66

..........................................................


THE EMPORIA KS CLIMATE NORMALS FOR TODAY
                         NORMAL
 MAXIMUM TEMPERATURE (F)   53
 MINIMUM TEMPERATURE (F)   30


SUNRISE AND SUNSET
MARCH  5 2015.........SUNRISE   651 AM CST   SUNSET   622 PM CST
MARCH  6 2015.........SUNRISE   650 AM CST   SUNSET   623 PM CST


-  INDICATES NEGATIVE NUMBERS.
R  INDICATES RECORD WAS SET OR TIED.
MM INDICATES DATA IS MISSING.
T  INDICATES TRACE AMOUNT.




$$
