000
CDUS43 KTOP 190632
CLIEMP


CLIMATE REPORT
NATIONAL WEATHER SERVICE TOPEKA KS
131 AM CDT THU OCT 19 2017


...................................

...THE EMPORIA KS CLIMATE SUMMARY FOR OCTOBER 18 2017...

CLIMATE NORMAL PERIOD 1981 TO 2010
CLIMATE RECORD PERIOD 9999 TO 9999


WEATHER ITEM   OBSERVED NORMAL DEPARTURE LAST
                VALUE   VALUE  FROM      YEAR
                               NORMAL
...............................................
TEMPERATURE (F)
 YESTERDAY
  MAXIMUM         77     68      9       75
  MINIMUM         49     45      4       52
  AVERAGE         63     56      7       64

PRECIPITATION (IN)
  YESTERDAY        0.00   0.10  -0.10     0.00
  MONTH TO DATE    2.52   1.74   0.78     1.20
  SINCE SEP 1      5.19   5.13   0.06     8.87
  SINCE JAN 1     31.64  31.74  -0.10    37.46

DEGREE DAYS
 HEATING
  YESTERDAY        2      9     -7        1
  MONTH TO DATE   68    126    -58       70
  SINCE SEP 1     82    175    -93       92
  SINCE JUL 1     82    176    -94       92

 COOLING
  YESTERDAY        0      1     -1        0
  MONTH TO DATE   60     26     34       41
  SINCE SEP 1    264    191     73      263
  SINCE JAN 1   1354   1399    -45     1599
...............................................


WIND (MPH)
  HIGHEST WIND SPEED    24   HIGHEST WIND DIRECTION     S (190)
  HIGHEST GUST SPEED    33   HIGHEST GUST DIRECTION     S (190)
  AVERAGE WIND SPEED    14.5


SKY COVER
  AVERAGE SKY COVER 0.0


WEATHER CONDITIONS
 THE FOLLOWING WEATHER WAS RECORDED YESTERDAY.
  NO SIGNIFICANT WEATHER WAS OBSERVED.


RELATIVE HUMIDITY (PERCENT)
 HIGHEST    86
 LOWEST     36
 AVERAGE    61

..........................................................


THE EMPORIA KS CLIMATE NORMALS FOR TODAY
                         NORMAL
 MAXIMUM TEMPERATURE (F)   68
 MINIMUM TEMPERATURE (F)   44


SUNRISE AND SUNSET
OCTOBER 19 2017.......SUNRISE   738 AM CDT   SUNSET   641 PM CDT
OCTOBER 20 2017.......SUNRISE   739 AM CDT   SUNSET   640 PM CDT


-  INDICATES NEGATIVE NUMBERS.
R  INDICATES RECORD WAS SET OR TIED.
MM INDICATES DATA IS MISSING.
T  INDICATES TRACE AMOUNT.




$$
