000
CDUS43 KTOP 290643
CLIEMP


CLIMATE REPORT
NATIONAL WEATHER SERVICE TOPEKA KS
143 AM CDT FRI APR 29 2016


...................................

...THE EMPORIA KS CLIMATE SUMMARY FOR APRIL 28 2016...

CLIMATE NORMAL PERIOD 1981 TO 2010
CLIMATE RECORD PERIOD 9999 TO 9999


WEATHER ITEM   OBSERVED NORMAL DEPARTURE LAST
                VALUE   VALUE  FROM      YEAR
                               NORMAL
...............................................
TEMPERATURE (F)
 YESTERDAY
  MAXIMUM         64     71     -7       71
  MINIMUM         43     49     -6       44
  AVERAGE         54     60     -6       58

PRECIPITATION (IN)
  YESTERDAY        0.00   0.16  -0.16     0.00
  MONTH TO DATE    5.91   3.02   2.89     4.31
  SINCE MAR 1      7.51   5.55   1.96     4.89
  SINCE JAN 1      8.68   7.41   1.27     6.29

DEGREE DAYS
 HEATING
  YESTERDAY       11      6      5        7
  MONTH TO DATE  200    286    -86      219
  SINCE MAR 1    643    896   -253      750
  SINCE JUL 1   3756   4718   -962     4751

 COOLING
  YESTERDAY        0      1     -1        0
  MONTH TO DATE   19     22     -3        5
  SINCE MAR 1     20     24     -4        6
  SINCE JAN 1     20     24     -4        6
...............................................


WIND (MPH)
  HIGHEST WIND SPEED    20   HIGHEST WIND DIRECTION     W (290)
  HIGHEST GUST SPEED    25   HIGHEST GUST DIRECTION     W (280)
  AVERAGE WIND SPEED    10.3


SKY COVER
  AVERAGE SKY COVER 0.1


WEATHER CONDITIONS
 THE FOLLOWING WEATHER WAS RECORDED YESTERDAY.
  NO SIGNIFICANT WEATHER WAS OBSERVED.


RELATIVE HUMIDITY (PERCENT)
 HIGHEST    77
 LOWEST     52
 AVERAGE    65

..........................................................


THE EMPORIA KS CLIMATE NORMALS FOR TODAY
                         NORMAL
 MAXIMUM TEMPERATURE (F)   72
 MINIMUM TEMPERATURE (F)   49


SUNRISE AND SUNSET
APRIL 29 2016.........SUNRISE   630 AM CDT   SUNSET   815 PM CDT
APRIL 30 2016.........SUNRISE   629 AM CDT   SUNSET   816 PM CDT


-  INDICATES NEGATIVE NUMBERS.
R  INDICATES RECORD WAS SET OR TIED.
MM INDICATES DATA IS MISSING.
T  INDICATES TRACE AMOUNT.




$$
