000
CDUS43 KTOP 010641
CLIEMP


CLIMATE REPORT
NATIONAL WEATHER SERVICE TOPEKA KS
140 AM CDT WED JUL 1 2015


...................................

...THE EMPORIA KS CLIMATE SUMMARY FOR JUNE 30 2015...

CLIMATE NORMAL PERIOD 1981 TO 2010
CLIMATE RECORD PERIOD 9999 TO 9999


WEATHER ITEM   OBSERVED NORMAL DEPARTURE LAST
                VALUE   VALUE  FROM      YEAR
                               NORMAL
...............................................
TEMPERATURE (F)
 YESTERDAY
  MAXIMUM         96     88      8       91
  MINIMUM         66     67     -1       74
  AVERAGE         81     77      4       83

PRECIPITATION (IN)
  YESTERDAY        0.00   0.13  -0.13     0.00
  MONTH TO DATE    2.52   5.84  -3.32     6.89
  SINCE JUN 1      2.52   5.84  -3.32     6.89
  SINCE JAN 1     17.56  18.52  -0.96    12.50

DEGREE DAYS
 HEATING
  YESTERDAY        0      0      0        0
  MONTH TO DATE    3      5     -2        4
  SINCE JUN 1      3      8     -5        4
  SINCE JUL 1   4875   4819     56     5498

 COOLING
  YESTERDAY       16     12      4       18
  MONTH TO DATE  356    263     93      272
  SINCE JUN 1    356    263     93      272
  SINCE JAN 1    424    382     42      448
...............................................


WIND (MPH)
  HIGHEST WIND SPEED    14   HIGHEST WIND DIRECTION     S (180)
  HIGHEST GUST SPEED    19   HIGHEST GUST DIRECTION     S (180)
  AVERAGE WIND SPEED     6.8


SKY COVER
  AVERAGE SKY COVER 0.4


WEATHER CONDITIONS
 THE FOLLOWING WEATHER WAS RECORDED YESTERDAY.
  NO SIGNIFICANT WEATHER WAS OBSERVED.


RELATIVE HUMIDITY (PERCENT)
 HIGHEST    87
 LOWEST     28
 AVERAGE    58

..........................................................


THE EMPORIA KS CLIMATE NORMALS FOR TODAY
                         NORMAL
 MAXIMUM TEMPERATURE (F)   88
 MINIMUM TEMPERATURE (F)   67


SUNRISE AND SUNSET
JULY  1 2015..........SUNRISE   605 AM CDT   SUNSET   852 PM CDT
JULY  2 2015..........SUNRISE   605 AM CDT   SUNSET   852 PM CDT


-  INDICATES NEGATIVE NUMBERS.
R  INDICATES RECORD WAS SET OR TIED.
MM INDICATES DATA IS MISSING.
T  INDICATES TRACE AMOUNT.




$$
