000
CDUS43 KTOP 230636
CLIEMP


CLIMATE REPORT
NATIONAL WEATHER SERVICE TOPEKA KS
132 AM CDT TUE SEP 23 2014


...................................

...THE EMPORIA KS CLIMATE SUMMARY FOR SEPTEMBER 22 2014...

CLIMATE NORMAL PERIOD 1981 TO 2010
CLIMATE RECORD PERIOD 9999 TO 9999


WEATHER ITEM   OBSERVED NORMAL DEPARTURE LAST
                VALUE   VALUE  FROM      YEAR
                               NORMAL
...............................................
TEMPERATURE (F)
 YESTERDAY
  MAXIMUM         74     78     -4       77
  MINIMUM         48     54     -6       53
  AVERAGE         61     66     -5       65

PRECIPITATION (IN)
  YESTERDAY        0.00   0.09  -0.09     0.00
  MONTH TO DATE    3.66   2.56   1.10     2.48
  SINCE SEP 1      3.66   2.56   1.10     2.48
  SINCE JAN 1     22.42  29.17  -6.75    26.57

DEGREE DAYS
 HEATING
  YESTERDAY        4      2      2        0
  MONTH TO DATE   46     18     28        4
  SINCE SEP 1     46     18     28        4
  SINCE JUL 1     48     19     29        6

 COOLING
  YESTERDAY        0      4     -4        0
  MONTH TO DATE  117    141    -24      197
  SINCE SEP 1    117    141    -24      197
  SINCE JAN 1   1320   1349    -29     1326
...............................................


WIND (MPH)
  HIGHEST WIND SPEED    10   HIGHEST WIND DIRECTION     E (100)
  HIGHEST GUST SPEED    13   HIGHEST GUST DIRECTION    SE (120)
  AVERAGE WIND SPEED     4.7


SKY COVER
  AVERAGE SKY COVER 0.0


WEATHER CONDITIONS
 THE FOLLOWING WEATHER WAS RECORDED YESTERDAY.
  NO SIGNIFICANT WEATHER WAS OBSERVED.


RELATIVE HUMIDITY (PERCENT)
 HIGHEST    93
 LOWEST     44
 AVERAGE    69

..........................................................


THE EMPORIA KS CLIMATE NORMALS FOR TODAY
                         NORMAL
 MAXIMUM TEMPERATURE (F)   78
 MINIMUM TEMPERATURE (F)   54


SUNRISE AND SUNSET
SEPTEMBER 23 2014.....SUNRISE   713 AM CDT   SUNSET   720 PM CDT
SEPTEMBER 24 2014.....SUNRISE   714 AM CDT   SUNSET   719 PM CDT


-  INDICATES NEGATIVE NUMBERS.
R  INDICATES RECORD WAS SET OR TIED.
MM INDICATES DATA IS MISSING.
T  INDICATES TRACE AMOUNT.




$$
