000
CDUS43 KTOP 182231
CLIEMP


CLIMATE REPORT
NATIONAL WEATHER SERVICE TOPEKA KS
430 PM CST MON DEC 18 2017


...................................

...THE EMPORIA KS CLIMATE SUMMARY FOR DECEMBER 18 2017...
VALID TODAY AS OF 0400 PM LOCAL TIME.

CLIMATE NORMAL PERIOD 1981 TO 2010
CLIMATE RECORD PERIOD 9999 TO 9999


WEATHER ITEM   OBSERVED NORMAL DEPARTURE LAST
                VALUE   VALUE  FROM      YEAR
                               NORMAL
...............................................
TEMPERATURE (F)
 TODAY
  MAXIMUM         56     42     14       12
  MINIMUM         29     22      7      -10
  AVERAGE         43     32     11        1

PRECIPITATION (IN)
  TODAY            0.00   0.04  -0.04     0.00
  MONTH TO DATE    0.22   0.91  -0.69     0.55
  SINCE DEC 1      0.22   0.91  -0.69     0.55
  SINCE JAN 1     33.14  35.95  -2.81    38.37

DEGREE DAYS
 HEATING
  TODAY           22     33    -11       64
  MONTH TO DATE  435    553   -118      669
  SINCE DEC 1    435    553   -118      669
  SINCE JUL 1   1254   1493   -239     1219

 COOLING
  TODAY            0      0      0        0
  MONTH TO DATE    0      0      0        0
  SINCE DEC 1      0      0      0        0
  SINCE JAN 1   1355   1403    -48     1629
...............................................


WIND (MPH)
  HIGHEST WIND SPEED    21   HIGHEST WIND DIRECTION    SW (230)
  HIGHEST GUST SPEED    25   HIGHEST GUST DIRECTION    SW (240)
  AVERAGE WIND SPEED     9.8



WEATHER CONDITIONS
 THE FOLLOWING WEATHER WAS RECORDED TODAY.
  FOG


RELATIVE HUMIDITY (PERCENT)
 HIGHEST    96
 LOWEST     43
 AVERAGE    70

..........................................................


THE EMPORIA KS CLIMATE NORMALS FOR TOMORROW
                         NORMAL
 MAXIMUM TEMPERATURE (F)   42
 MINIMUM TEMPERATURE (F)   22


SUNRISE AND SUNSET
DECEMBER 18 2017......SUNRISE   737 AM CST   SUNSET   507 PM CST
DECEMBER 19 2017......SUNRISE   737 AM CST   SUNSET   507 PM CST


-  INDICATES NEGATIVE NUMBERS.
R  INDICATES RECORD WAS SET OR TIED.
MM INDICATES DATA IS MISSING.
T  INDICATES TRACE AMOUNT.




$$
