000
CDUS46 KOTX 210840
CLIEPH


CLIMATE REPORT
NATIONAL WEATHER SERVICE SPOKANE, WA
136 AM PDT TUE OCT 21 2014


...................................

...THE EPHRATA WA AIRPORT CLIMATE SUMMARY FOR OCTOBER 20 2014...

CLIMATE NORMAL PERIOD 1981 TO 2010
CLIMATE RECORD PERIOD 9999 TO 9999


WEATHER ITEM   OBSERVED TIME   RECORD YEAR NORMAL DEPARTURE LAST
                VALUE   (LST)  VALUE       VALUE  FROM      YEAR
                                                  NORMAL
..................................................................
TEMPERATURE (F)
 YESTERDAY
  MAXIMUM         63    330 PM  75    2003  60      3       71
  MINIMUM         44    623 AM  26    1961  37      7       33
  AVERAGE         54                        48      6       52

PRECIPITATION (IN)
  YESTERDAY        0.21R       0.14   1973  0.01   0.20     0.00
  MONTH TO DATE    0.38                     0.28   0.10      T
  SINCE OCT 1      0.38                     0.28   0.10      T
  SINCE JAN 1      4.56                     5.30  -0.74     4.97

SNOWFALL (IN)
  YESTERDAY       MM

DEGREE DAYS
 HEATING
  YESTERDAY       11                        17     -6       13
  MONTH TO DATE  118                       242   -124      279
  SINCE SEP 1    155                       352   -197      387
  SINCE JUL 1    156                       369   -213      387

 COOLING
  YESTERDAY        0                         0      0        0
  MONTH TO DATE    8                         0      8        0
  SINCE SEP 1    104                        75     29      160
  SINCE JAN 1   1137                       769    368     1084
..................................................................


WIND (MPH)
  HIGHEST WIND SPEED    16   HIGHEST WIND DIRECTION    NW (310)
  HIGHEST GUST SPEED    18   HIGHEST GUST DIRECTION    NW (310)
  AVERAGE WIND SPEED     5.9


SKY COVER
  POSSIBLE SUNSHINE  MM
  AVERAGE SKY COVER 0.5


WEATHER CONDITIONS
 THE FOLLOWING WEATHER WAS RECORDED YESTERDAY.
  RAIN
  LIGHT RAIN
  FOG


RELATIVE HUMIDITY (PERCENT)
 HIGHEST    93           600 PM
 LOWEST     60          1200 PM
 AVERAGE    77

..........................................................


THE EPHRATA WA AIRPORT CLIMATE NORMALS FOR TODAY
                         NORMAL    RECORD    YEAR
 MAXIMUM TEMPERATURE (F)   59        81      2003
 MINIMUM TEMPERATURE (F)   37        22      1984


SUNRISE AND SUNSET
OCTOBER 21 2014.......SUNRISE   725 AM PDT   SUNSET   559 PM PDT
OCTOBER 22 2014.......SUNRISE   727 AM PDT   SUNSET   558 PM PDT


-  INDICATES NEGATIVE NUMBERS.
R  INDICATES RECORD WAS SET OR TIED.
MM INDICATES DATA IS MISSING.
T  INDICATES TRACE AMOUNT.

$$
