000
CDUS46 KOTX 310827
CLIEPH


CLIMATE REPORT
NATIONAL WEATHER SERVICE SPOKANE, WA
122 AM PDT SUN AUG 31 2014


...................................

...THE EPHRATA WA AIRPORT CLIMATE SUMMARY FOR AUGUST 30 2014...

CLIMATE NORMAL PERIOD 1981 TO 2010
CLIMATE RECORD PERIOD 9999 TO 9999


WEATHER ITEM   OBSERVED TIME   RECORD YEAR NORMAL DEPARTURE LAST
                VALUE   (LST)  VALUE       VALUE  FROM      YEAR
                                                  NORMAL
..................................................................
TEMPERATURE (F)
 YESTERDAY
  MAXIMUM         78    355 PM 102    1967  84     -6       84
  MINIMUM         55    549 AM  47    2012  55      0       58
                                      1959
  AVERAGE         67                        69     -2       71

PRECIPITATION (IN)
  YESTERDAY        T           0.32   1977  0.00   0.00     0.00
  MONTH TO DATE    0.83                     0.18   0.65     0.63
  SINCE OCT 1      4.64                     7.48  -2.84     8.04
  SINCE JAN 1      3.89                     4.65  -0.76     4.24

SNOWFALL (IN)
  YESTERDAY       MM            MM     MM   0.0     MM       MM
  MONTH TO DATE   MM                        0.0     MM       MM
  SINCE JUN 1     MM                        0.0     MM       MM
  SINCE JUL 1     MM                        0.0     MM       MM
  SNOW DEPTH      MM

DEGREE DAYS
 HEATING
  YESTERDAY        0                         1     -1        0
  MONTH TO DATE    0                         4     -4        0
  SINCE JUN 1     24                        72    -48       58
  SINCE JUL 1      1                        12    -11        0

 COOLING
  YESTERDAY        2                         5     -3        6
  MONTH TO DATE  367                       249    118      298
  SINCE JUN 1    986                       652    334      858
  SINCE JAN 1   1030                       689    341      915
..................................................................


WIND (MPH)
  HIGHEST WIND SPEED    23   HIGHEST WIND DIRECTION    NW (300)
  HIGHEST GUST SPEED    29   HIGHEST GUST DIRECTION    NW (310)
  AVERAGE WIND SPEED     9.6


SKY COVER
  POSSIBLE SUNSHINE  MM
  AVERAGE SKY COVER 0.4


WEATHER CONDITIONS
 THE FOLLOWING WEATHER WAS RECORDED YESTERDAY.
  NO SIGNIFICANT WEATHER WAS OBSERVED.


RELATIVE HUMIDITY (PERCENT)
 HIGHEST    72           600 AM
 LOWEST     31          1100 AM
 AVERAGE    52

..........................................................


THE EPHRATA WA AIRPORT CLIMATE NORMALS FOR TODAY
                         NORMAL    RECORD    YEAR
 MAXIMUM TEMPERATURE (F)   83       101      1967
 MINIMUM TEMPERATURE (F)   55        44      2006


SUNRISE AND SUNSET
AUGUST 31 2014........SUNRISE   616 AM PDT   SUNSET   740 PM PDT
SEPTEMBER  1 2014.....SUNRISE   617 AM PDT   SUNSET   738 PM PDT


-  INDICATES NEGATIVE NUMBERS.
R  INDICATES RECORD WAS SET OR TIED.
MM INDICATES DATA IS MISSING.
T  INDICATES TRACE AMOUNT.

$$
