000
CDUS46 KOTX 260831
CLIEPH


CLIMATE REPORT
NATIONAL WEATHER SERVICE SPOKANE, WA
131 AM PDT THU MAY 26 2016


...................................

...THE EPHRATA WA AIRPORT CLIMATE SUMMARY FOR MAY 25 2016...

CLIMATE NORMAL PERIOD 1981 TO 2010
CLIMATE RECORD PERIOD 9999 TO 9999


WEATHER ITEM   OBSERVED TIME   RECORD YEAR NORMAL DEPARTURE LAST
                VALUE   (LST)  VALUE       VALUE  FROM      YEAR
                                                  NORMAL
..................................................................
TEMPERATURE (F)
 YESTERDAY
  MAXIMUM         80    315 PM  96    1958  75      5       79
  MINIMUM         51    526 AM  35    1984  49      2       57
  AVERAGE         66                        62      4       68

PRECIPITATION (IN)
  YESTERDAY        0.00          0.44 1981   0.03  -0.03     0.01
  MONTH TO DATE    0.53                      0.49   0.04     0.92
  SINCE OCT 1      7.42                      6.13   1.29     6.59
  SINCE JAN 1      4.70                      3.30   1.40     3.80

SNOWFALL (IN)
  YESTERDAY       MM

DEGREE DAYS
 HEATING
  YESTERDAY        0                         5     -5        0
  MONTH TO DATE   66                       188   -122       74
  SINCE MAR 1    887                      1312   -425      983
  SINCE JUL 1   4840                      5885  -1045     4677

 COOLING
  YESTERDAY        1                         2     -1        3
  MONTH TO DATE   27                        24      3       45
  SINCE MAR 1     32                        26      6       45
  SINCE JAN 1     32                        26      6       45
..................................................................


WIND (MPH)
  HIGHEST WIND SPEED    26   HIGHEST WIND DIRECTION    NW (300)
  HIGHEST GUST SPEED    31   HIGHEST GUST DIRECTION    NW (300)
  AVERAGE WIND SPEED    11.0


SKY COVER
  POSSIBLE SUNSHINE  MM
  AVERAGE SKY COVER 0.0


WEATHER CONDITIONS
 THE FOLLOWING WEATHER WAS RECORDED YESTERDAY.
  NO SIGNIFICANT WEATHER WAS OBSERVED.


RELATIVE HUMIDITY (PERCENT)
 HIGHEST    77           500 AM
 LOWEST     28           300 PM
 AVERAGE    53

..........................................................


THE EPHRATA WA AIRPORT CLIMATE NORMALS FOR TODAY
                         NORMAL    RECORD    YEAR
 MAXIMUM TEMPERATURE (F)   75        98      1958
 MINIMUM TEMPERATURE (F)   49        38      1978


SUNRISE AND SUNSET
MAY 26 2016...........SUNRISE   510 AM PDT   SUNSET   841 PM PDT
MAY 27 2016...........SUNRISE   509 AM PDT   SUNSET   842 PM PDT


-  INDICATES NEGATIVE NUMBERS.
R  INDICATES RECORD WAS SET OR TIED.
MM INDICATES DATA IS MISSING.
T  INDICATES TRACE AMOUNT.




$$
