000
CDUS46 KOTX 220826
CLIEPH


CLIMATE REPORT
NATIONAL WEATHER SERVICE SPOKANE, WA
1226 AM PST SUN JAN 22 2017


...................................

...THE EPHRATA WA AIRPORT CLIMATE SUMMARY FOR JANUARY 21 2017...

CLIMATE NORMAL PERIOD 1981 TO 2010
CLIMATE RECORD PERIOD 9999 TO 9999


WEATHER ITEM   OBSERVED TIME   RECORD YEAR NORMAL DEPARTURE LAST
                VALUE   (LST)  VALUE       VALUE  FROM      YEAR
                                                  NORMAL
..................................................................
TEMPERATURE (F)
 YESTERDAY
  MAXIMUM         38    130 PM  51    2010  36      2       41
  MINIMUM         33    913 AM  -4    1962  23     10       35
  AVERAGE         36                        30      6       38

PRECIPITATION (IN)
  YESTERDAY        0.06          0.32 2003   0.03   0.03     0.18
  MONTH TO DATE    0.74                      0.66   0.08     1.40
  SINCE OCT 1      4.34                      3.49   0.85     4.12
  SINCE JAN 1      0.74                      0.66   0.08     1.40

SNOWFALL (IN)
  YESTERDAY       MM

DEGREE DAYS
 HEATING
  YESTERDAY       29                        35     -6       27
  MONTH TO DATE  995                       777    218      735
  SINCE DEC 1   2285                      1944    341     1778
  SINCE JUL 1   3408                      3363     45     2934

 COOLING
  YESTERDAY        0                         0      0        0
  MONTH TO DATE    0                         0      0        0
  SINCE DEC 1      0                         0      0        0
  SINCE JAN 1      0                         0      0        0
..................................................................


WIND (MPH)
  HIGHEST WIND SPEED    12   HIGHEST WIND DIRECTION    NW (310)
  HIGHEST GUST SPEED    13   HIGHEST GUST DIRECTION    NW (320)
  AVERAGE WIND SPEED     5.1


SKY COVER
  POSSIBLE SUNSHINE  MM
  AVERAGE SKY COVER 1.0


WEATHER CONDITIONS
 THE FOLLOWING WEATHER WAS RECORDED YESTERDAY.
  LIGHT RAIN
  FOG


RELATIVE HUMIDITY (PERCENT)
 HIGHEST    89           900 PM
 LOWEST     75          1200 AM
 AVERAGE    82

..........................................................


THE EPHRATA WA AIRPORT CLIMATE NORMALS FOR TODAY
                         NORMAL    RECORD    YEAR
 MAXIMUM TEMPERATURE (F)   36        51      1981
 MINIMUM TEMPERATURE (F)   23        -5      2008


SUNRISE AND SUNSET
JANUARY 22 2017.......SUNRISE   735 AM PST   SUNSET   445 PM PST
JANUARY 23 2017.......SUNRISE   734 AM PST   SUNSET   447 PM PST


-  INDICATES NEGATIVE NUMBERS.
R  INDICATES RECORD WAS SET OR TIED.
MM INDICATES DATA IS MISSING.
T  INDICATES TRACE AMOUNT.




$$
