000
CDUS41 KCLE 210527
CLIERI


CLIMATE REPORT
NATIONAL WEATHER SERVICE CLEVELAND OH
1226 AM EST TUE NOV 21 2017


...................................

...THE ERIE PA CLIMATE SUMMARY FOR NOVEMBER 20 2017...

CLIMATE NORMAL PERIOD 1981 TO 2010
CLIMATE RECORD PERIOD 1873 TO 2017


WEATHER ITEM   OBSERVED TIME   RECORD YEAR NORMAL DEPARTURE LAST
                VALUE   (LST)  VALUE       VALUE  FROM      YEAR
                                                  NORMAL
..................................................................
TEMPERATURE (F)
 YESTERDAY
  MAXIMUM         43    413 PM  73    1931  48     -5       37
  MINIMUM         32    852 AM  19    1966  35     -3       33
                                      1914
                                      1887
  AVERAGE         38                        42     -4       35

PRECIPITATION (IN)
  YESTERDAY        0.00                      0.13  -0.13     0.18
  MONTH TO DATE    5.93                      2.61   3.32     1.52
  SINCE SEP 1     14.06                     11.27   2.79    13.72
  SINCE JAN 1     45.43                     37.10   8.33    40.78

SNOWFALL (IN)
  YESTERDAY        0.0                       0.4   -0.4      1.6
  MONTH TO DATE    0.5                       4.2   -3.7      2.3
  SINCE SEP 1      0.5                       4.4   -3.9      2.3
  SINCE JUL 1      0.5                       4.4   -3.9      2.3
  SNOW DEPTH       T

DEGREE DAYS
 HEATING
  YESTERDAY       27                        23      4       30
  MONTH TO DATE  442                       398     44      280
  SINCE SEP 1    763                       883   -120      556
  SINCE JUL 1    773                       901   -128      556

 COOLING
  YESTERDAY        0                         0      0        0
  MONTH TO DATE    0                         0      0        2
  SINCE SEP 1    135                        80     55      168
  SINCE JAN 1    697                       638     59     1017
..................................................................


WIND (MPH)
  HIGHEST WIND SPEED    28   HIGHEST WIND DIRECTION     S (180)
  HIGHEST GUST SPEED    35   HIGHEST GUST DIRECTION     S (180)
  AVERAGE WIND SPEED    18.1


SKY COVER
  POSSIBLE SUNSHINE  MM
  AVERAGE SKY COVER 0.5


WEATHER CONDITIONS
 THE FOLLOWING WEATHER WAS RECORDED YESTERDAY.
  HAZE


RELATIVE HUMIDITY (PERCENT)
 HIGHEST    78           700 AM
 LOWEST     45          1100 PM
 AVERAGE    62

..........................................................


THE ERIE PA CLIMATE NORMALS FOR TODAY
                         NORMAL    RECORD    YEAR
 MAXIMUM TEMPERATURE (F)   48        73      1913
 MINIMUM TEMPERATURE (F)   35         7      1880


SUNRISE AND SUNSET
NOVEMBER 21 2017......SUNRISE   718 AM EST   SUNSET   455 PM EST
NOVEMBER 22 2017......SUNRISE   720 AM EST   SUNSET   454 PM EST


-  INDICATES NEGATIVE NUMBERS.
R  INDICATES RECORD WAS SET OR TIED.
MM INDICATES DATA IS MISSING.
T  INDICATES TRACE AMOUNT.




$$
