821
CDUS41 KCLE 300545
CLIERI


CLIMATE REPORT
NATIONAL WEATHER SERVICE CLEVELAND OH
145 AM EDT MON MAY 30 2016


...................................

...THE ERIE PA CLIMATE SUMMARY FOR MAY 29 2016...

CLIMATE NORMAL PERIOD 1981 TO 2010
CLIMATE RECORD PERIOD 1873 TO 2016


WEATHER ITEM   OBSERVED TIME   RECORD YEAR NORMAL DEPARTURE LAST
                VALUE   (LST)  VALUE       VALUE  FROM      YEAR
                                                  NORMAL
..................................................................
TEMPERATURE (F)
 YESTERDAY
  MAXIMUM         85   1150 AM  87    1987  71     14       85
                                      1942
  MINIMUM         69    515 AM  35    1889  53     16       62
  AVERAGE         77                        62     15       74

PRECIPITATION (IN)
  YESTERDAY        0.00                      0.12  -0.12     0.00
  MONTH TO DATE    1.57                      3.21  -1.64     2.03
  SINCE MAR 1      6.56                      9.49  -2.93     7.00
  SINCE JAN 1     12.77                     14.83  -2.06    12.76

SNOWFALL (IN)
  YESTERDAY        0.0                       0.0    0.0      0.0
  MONTH TO DATE    T                         0.0    0.0      0.0
  SINCE MAR 1      4.0                      16.9  -12.9     10.9
  SINCE JUL 1     71.2                     100.9  -29.7    110.3
  SNOW DEPTH       0

DEGREE DAYS
 HEATING
  YESTERDAY        0                         5     -5        0
  MONTH TO DATE  269                       257     12      154
  SINCE MAR 1   1572                      1711   -139     1730
  SINCE JUL 1   5170                      6076   -906     6606

 COOLING
  YESTERDAY       12                         2     10        9
  MONTH TO DATE   62                        29     33      103
  SINCE MAR 1     62                        36     26      103
  SINCE JAN 1     62                        36     26      103
..................................................................


WIND (MPH)
  HIGHEST WIND SPEED    23   HIGHEST WIND DIRECTION     S (180)
  HIGHEST GUST SPEED    29   HIGHEST GUST DIRECTION     S (170)
  AVERAGE WIND SPEED     8.5


SKY COVER
  POSSIBLE SUNSHINE  MM
  AVERAGE SKY COVER 0.1


WEATHER CONDITIONS
 THE FOLLOWING WEATHER WAS RECORDED YESTERDAY.
  NO SIGNIFICANT WEATHER WAS OBSERVED.


RELATIVE HUMIDITY (PERCENT)
 HIGHEST    84           100 AM
 LOWEST     51          1100 AM
 AVERAGE    68

..........................................................


THE ERIE PA CLIMATE NORMALS FOR TODAY
                         NORMAL    RECORD    YEAR
 MAXIMUM TEMPERATURE (F)   71        91      1879
 MINIMUM TEMPERATURE (F)   53        36      1996
                                             1961


SUNRISE AND SUNSET
MAY 30 2016...........SUNRISE   548 AM EDT   SUNSET   849 PM EDT
MAY 31 2016...........SUNRISE   548 AM EDT   SUNSET   850 PM EDT


-  INDICATES NEGATIVE NUMBERS.
R  INDICATES RECORD WAS SET OR TIED.
MM INDICATES DATA IS MISSING.
T  INDICATES TRACE AMOUNT.




$$
