000
CDUS46 KPQR 300222
CLIEUG


CLIMATE REPORT
NATIONAL WEATHER SERVICE PORTLAND OREGON
721 PM PDT SUN MAR 29 2015


...................................

...THE EUGENE OR CLIMATE SUMMARY FOR MARCH 29 2015...
VALID TODAY AS OF 0700 PM LOCAL TIME.

CLIMATE NORMAL PERIOD 1981 TO 2010
CLIMATE RECORD PERIOD 1892 TO 2015


WEATHER ITEM   OBSERVED TIME   RECORD YEAR NORMAL DEPARTURE LAST
                VALUE   (LST)  VALUE       VALUE  FROM      YEAR
                                                  NORMAL
..................................................................
TEMPERATURE (F)
 TODAY
  MAXIMUM         68    341 PM  80    1923  58     10       56
  MINIMUM         38    612 AM  28    1954  38      0       42
                                      1936
  AVERAGE         53                        48      5       49

PRECIPITATION (IN)
  TODAY            0.00          2.21 1963   0.15  -0.15     0.30
  MONTH TO DATE    3.08                      4.69  -1.61     6.20
  SINCE OCT 1     26.67                     35.79  -9.12    20.94
  SINCE JAN 1      9.62                     16.99  -7.37    16.75

SNOWFALL (IN)
  TODAY            0.0
  MONTH TO DATE    0.0
  SINCE MAR 1      0.0
  SINCE JUL 1      0.0

DEGREE DAYS
 HEATING
  TODAY           12                        17     -5       16
  MONTH TO DATE  406                       534   -128      444
  SINCE MAR 1    406                       534   -128      444
  SINCE JUL 1   2968                      3861   -893     4011

 COOLING
  TODAY            0                         0      0        0
  MONTH TO DATE    0                         0      0        0
  SINCE MAR 1      0                         0      0        0
  SINCE JAN 1      0                         0      0        0
..................................................................


WIND (MPH)
  HIGHEST WIND SPEED    10   HIGHEST WIND DIRECTION     N (10)
  HIGHEST GUST SPEED    13   HIGHEST GUST DIRECTION     N (20)
  AVERAGE WIND SPEED     4.7


SKY COVER
  POSSIBLE SUNSHINE  MM
  AVERAGE SKY COVER 0.4


WEATHER CONDITIONS
 THE FOLLOWING WEATHER WAS RECORDED TODAY.
  NO SIGNIFICANT WEATHER WAS OBSERVED.


RELATIVE HUMIDITY (PERCENT)
 HIGHEST    93           700 AM
 LOWEST     40           200 PM
 AVERAGE    67

..........................................................


THE EUGENE OR CLIMATE NORMALS FOR TOMORROW
                         NORMAL    RECORD    YEAR
 MAXIMUM TEMPERATURE (F)   58        78      2003
 MINIMUM TEMPERATURE (F)   38        24      1936


SUNRISE AND SUNSET
MARCH 29 2015.........SUNRISE   700 AM PDT   SUNSET   736 PM PDT
MARCH 30 2015.........SUNRISE   658 AM PDT   SUNSET   737 PM PDT


-  INDICATES NEGATIVE NUMBERS.
R  INDICATES RECORD WAS SET OR TIED.
MM INDICATES DATA IS MISSING.
T  INDICATES TRACE AMOUNT.




$$
