000
CDUS46 KPQR 070220
CLIEUG


CLIMATE REPORT
NATIONAL WEATHER SERVICE PORTLAND OREGON
620 PM PST TUE DEC 6 2016


...................................

...THE EUGENE OR CLIMATE SUMMARY FOR DECEMBER 6 2016...
VALID TODAY AS OF 0600 PM LOCAL TIME.

CLIMATE NORMAL PERIOD 1981 TO 2010
CLIMATE RECORD PERIOD 1892 TO 2016


WEATHER ITEM   OBSERVED TIME   RECORD YEAR NORMAL DEPARTURE LAST
                VALUE   (LST)  VALUE       VALUE  FROM      YEAR
                                                  NORMAL
..................................................................
TEMPERATURE (F)
 TODAY
  MAXIMUM         38   1115 AM  61    1962  47     -9       56
  MINIMUM         33    741 AM  15    1972  35     -2       49
  AVERAGE         36                        40     -4       53

PRECIPITATION (IN)
  TODAY            0.11          1.96 1983   0.28  -0.17     0.41
  MONTH TO DATE    0.87                      1.76  -0.89     1.94
  SINCE OCT 1     15.36                     12.73   2.63     7.17
  SINCE JAN 1     37.10                     40.03  -2.93    20.57

SNOWFALL (IN)
  TODAY           MM
  MONTH TO DATE    0.0
  SINCE DEC 1      0.0
  SINCE JUL 1      0.0

DEGREE DAYS
 HEATING
  TODAY           29                        24      5       12
  MONTH TO DATE  149                       144      5      101
  SINCE DEC 1    149                       144      5      101
  SINCE JUL 1    982                      1317   -335     1082

 COOLING
  TODAY            0                         0      0        0
  MONTH TO DATE    0                         0      0        0
  SINCE DEC 1      0                         0      0        0
  SINCE JAN 1    325                       239     86      529
..................................................................


WIND (MPH)
  HIGHEST WIND SPEED    16   HIGHEST WIND DIRECTION     N (360)
  HIGHEST GUST SPEED    19   HIGHEST GUST DIRECTION     N (10)
  AVERAGE WIND SPEED     7.1


SKY COVER
  POSSIBLE SUNSHINE  MM
  AVERAGE SKY COVER 1.0


WEATHER CONDITIONS
 THE FOLLOWING WEATHER WAS RECORDED TODAY.
  LIGHT RAIN
  FOG


RELATIVE HUMIDITY (PERCENT)
 HIGHEST    92           200 AM
 LOWEST     82           200 PM
 AVERAGE    87

..........................................................


THE EUGENE OR CLIMATE NORMALS FOR TOMORROW
                         NORMAL    RECORD    YEAR
 MAXIMUM TEMPERATURE (F)   46        67      1938
 MINIMUM TEMPERATURE (F)   34        -7      2013


SUNRISE AND SUNSET
DECEMBER  6 2016......SUNRISE   734 AM PST   SUNSET   434 PM PST
DECEMBER  7 2016......SUNRISE   735 AM PST   SUNSET   434 PM PST


-  INDICATES NEGATIVE NUMBERS.
R  INDICATES RECORD WAS SET OR TIED.
MM INDICATES DATA IS MISSING.
T  INDICATES TRACE AMOUNT.




$$
