000
CDUS46 KPQR 271142
CLIEUG


CLIMATE REPORT
NATIONAL WEATHER SERVICE PORTLAND OREGON
441 AM PDT WED JUL 27 2016


...................................

...THE EUGENE OR CLIMATE SUMMARY FOR JULY 26 2016...

CLIMATE NORMAL PERIOD 1981 TO 2010
CLIMATE RECORD PERIOD 1892 TO 2016


WEATHER ITEM   OBSERVED TIME   RECORD YEAR NORMAL DEPARTURE LAST
                VALUE   (LST)  VALUE       VALUE  FROM      YEAR
                                                  NORMAL
..................................................................
TEMPERATURE (F)
 YESTERDAY
  MAXIMUM         89    405 PM 102    1998  84      5       75
  MINIMUM         54    421 AM  42    1953  52      2       49
                                      1919
  AVERAGE         72                        68      4       62

PRECIPITATION (IN)
  YESTERDAY        0.00          0.88 1947   0.01  -0.01     0.01
  MONTH TO DATE    0.25                      0.48  -0.23     0.05
  SINCE OCT 1     39.80                     44.14  -4.34    29.46
  SINCE JAN 1     20.96                     25.34  -4.38    12.41

SNOWFALL (IN)
  YESTERDAY        0.0
  MONTH TO DATE    0.0
  SINCE JUN 1      0.0
  SINCE JUL 1      0.0

DEGREE DAYS
 HEATING
  YESTERDAY        0                         1     -1        3
  MONTH TO DATE   10                        35    -25        5
  SINCE JUN 1    110                       192    -82       46
  SINCE JUL 1     10                        35    -25        5

 COOLING
  YESTERDAY        7                         4      3        0
  MONTH TO DATE   51                        77    -26      162
  SINCE JUN 1    116                        96     20      275
  SINCE JAN 1    119                       101     18      280
..................................................................


WIND (MPH)
  HIGHEST WIND SPEED    20   HIGHEST WIND DIRECTION     N (10)
  HIGHEST GUST SPEED    26   HIGHEST GUST DIRECTION     N (10)
  AVERAGE WIND SPEED     9.0


SKY COVER
  POSSIBLE SUNSHINE  MM
  AVERAGE SKY COVER 0.1


WEATHER CONDITIONS
 THE FOLLOWING WEATHER WAS RECORDED YESTERDAY.
  HAZE


RELATIVE HUMIDITY (PERCENT)
 HIGHEST    86           100 AM
 LOWEST     24           400 PM
 AVERAGE    55

..........................................................


THE EUGENE OR CLIMATE NORMALS FOR TODAY
                         NORMAL    RECORD    YEAR
 MAXIMUM TEMPERATURE (F)   84       105      1998
 MINIMUM TEMPERATURE (F)   52        41      1919


SUNRISE AND SUNSET
JULY 27 2016..........SUNRISE   556 AM PDT   SUNSET   842 PM PDT
JULY 28 2016..........SUNRISE   557 AM PDT   SUNSET   841 PM PDT


-  INDICATES NEGATIVE NUMBERS.
R  INDICATES RECORD WAS SET OR TIED.
MM INDICATES DATA IS MISSING.
T  INDICATES TRACE AMOUNT.




$$
