000
CDUS46 KPQR 290223
CLIEUG


CLIMATE REPORT
NATIONAL WEATHER SERVICE PORTLAND OREGON
723 PM PDT FRI APR 28 2017


...................................

...THE EUGENE OR CLIMATE SUMMARY FOR APRIL 28 2017...
VALID TODAY AS OF 0700 PM LOCAL TIME.

CLIMATE NORMAL PERIOD 1981 TO 2010
CLIMATE RECORD PERIOD 1892 TO 2017


WEATHER ITEM   OBSERVED TIME   RECORD YEAR NORMAL DEPARTURE LAST
                VALUE   (LST)  VALUE       VALUE  FROM      YEAR
                                                  NORMAL
..................................................................
TEMPERATURE (F)
 TODAY
  MAXIMUM         60    414 PM  89    1926  63     -3       64
  MINIMUM         34    436 AM  30    1967  41     -7       49
  AVERAGE         47                        52     -5       57

PRECIPITATION (IN)
  TODAY            0.00          0.97 1969   0.08  -0.08     0.00
  MONTH TO DATE    3.63                      3.16   0.47     2.97
  SINCE OCT 1     42.42                     39.25   3.17    37.41
  SINCE JAN 1     22.83                     20.45   2.38    18.57

SNOWFALL (IN)
  TODAY            0.0
  MONTH TO DATE    0.0
  SINCE MAR 1      T
  SINCE JUL 1      5.1

DEGREE DAYS
 HEATING
  TODAY           18                        13      5        8
  MONTH TO DATE  419                       420     -1      266
  SINCE MAR 1    943                       989    -46      756
  SINCE JUL 1   4144                      4316   -172     3561

 COOLING
  TODAY            0                         0      0        0
  MONTH TO DATE    0                         0      0        0
  SINCE MAR 1      0                         0      0        0
  SINCE JAN 1      0                         0      0        0
..................................................................


WIND (MPH)
  HIGHEST WIND SPEED    15   HIGHEST WIND DIRECTION     N (360)
  HIGHEST GUST SPEED    19   HIGHEST GUST DIRECTION     N (360)
  AVERAGE WIND SPEED     4.8


SKY COVER
  POSSIBLE SUNSHINE  MM
  AVERAGE SKY COVER 0.4


WEATHER CONDITIONS
 THE FOLLOWING WEATHER WAS RECORDED TODAY.
  FOG


RELATIVE HUMIDITY (PERCENT)
 HIGHEST   100           100 AM
 LOWEST     47           300 PM
 AVERAGE    74

..........................................................


THE EUGENE OR CLIMATE NORMALS FOR TOMORROW
                         NORMAL    RECORD    YEAR
 MAXIMUM TEMPERATURE (F)   64        86      1957
 MINIMUM TEMPERATURE (F)   41        28      1954


SUNRISE AND SUNSET
APRIL 28 2017.........SUNRISE   608 AM PDT   SUNSET   813 PM PDT
APRIL 29 2017.........SUNRISE   607 AM PDT   SUNSET   814 PM PDT


-  INDICATES NEGATIVE NUMBERS.
R  INDICATES RECORD WAS SET OR TIED.
MM INDICATES DATA IS MISSING.
T  INDICATES TRACE AMOUNT.




$$
