000
CDUS46 KPQR 141216
CLIEUG


CLIMATE REPORT
NATIONAL WEATHER SERVICE PORTLAND OREGON
415 AM PST THU DEC 14 2017


...................................

...THE EUGENE OR CLIMATE SUMMARY FOR DECEMBER 13 2017...

CLIMATE NORMAL PERIOD 1981 TO 2010
CLIMATE RECORD PERIOD 1892 TO 2017


WEATHER ITEM   OBSERVED TIME   RECORD YEAR NORMAL DEPARTURE LAST
                VALUE   (LST)  VALUE       VALUE  FROM      YEAR
                                                  NORMAL
..................................................................
TEMPERATURE (F)
 YESTERDAY
  MAXIMUM         42    312 PM  64    1969  45     -3       38
  MINIMUM         23    802 AM  -3    1919  34    -11       30
  AVERAGE         33                        40     -7       34

PRECIPITATION (IN)
  YESTERDAY        0.00          2.68 2003   0.26  -0.26     0.00
  MONTH TO DATE    0.58                      3.57  -2.99     2.77
  SINCE OCT 1     12.12                     14.54  -2.42    17.26
  SINCE JAN 1     38.78                     41.84  -3.06    39.00

SNOWFALL (IN)
  YESTERDAY        0.0
  MONTH TO DATE    0.0
  SINCE DEC 1      0.0
  SINCE JUL 1      0.0

DEGREE DAYS
 HEATING
  YESTERDAY       32                        25      7       31
  MONTH TO DATE  392                       319     73      334
  SINCE DEC 1    392                       319     73      334
  SINCE JUL 1   1521                      1492     29     1167

 COOLING
  YESTERDAY        0                         0      0        0
  MONTH TO DATE    0                         0      0        0
  SINCE DEC 1      0                         0      0        0
  SINCE JAN 1    376                       239    137      325
..................................................................


WIND (MPH)
  HIGHEST WIND SPEED    13   HIGHEST WIND DIRECTION    NE (30)
  HIGHEST GUST SPEED    15   HIGHEST GUST DIRECTION    NE (30)
  AVERAGE WIND SPEED     2.7


SKY COVER
  POSSIBLE SUNSHINE  MM
  AVERAGE SKY COVER 0.2


WEATHER CONDITIONS
 THE FOLLOWING WEATHER WAS RECORDED YESTERDAY.
  FOG


RELATIVE HUMIDITY (PERCENT)
 HIGHEST   100          1200 AM
 LOWEST     70           300 PM
 AVERAGE    85

..........................................................


THE EUGENE OR CLIMATE NORMALS FOR TODAY
                         NORMAL    RECORD    YEAR
 MAXIMUM TEMPERATURE (F)   45        60      2002
 MINIMUM TEMPERATURE (F)   34        -2      1919


SUNRISE AND SUNSET
DECEMBER 14 2017......SUNRISE   741 AM PST   SUNSET   435 PM PST
DECEMBER 15 2017......SUNRISE   741 AM PST   SUNSET   435 PM PST


-  INDICATES NEGATIVE NUMBERS.
R  INDICATES RECORD WAS SET OR TIED.
MM INDICATES DATA IS MISSING.
T  INDICATES TRACE AMOUNT.




$$
