000
CDUS43 KPAH 220629
CLIEVV


CLIMATE REPORT
NATIONAL WEATHER SERVICE PADUCAH KY
126 AM CDT SUN OCT 22 2017


...................................

...THE EVANSVILLE IN CLIMATE SUMMARY FOR OCTOBER 21 2017...

CLIMATE NORMAL PERIOD 1981 TO 2010
CLIMATE RECORD PERIOD 1896 TO 2017


WEATHER ITEM   OBSERVED TIME   RECORD YEAR NORMAL DEPARTURE LAST
                VALUE   (LST)  VALUE       VALUE  FROM      YEAR
                                                  NORMAL
..................................................................
TEMPERATURE (F)
 YESTERDAY
  MAXIMUM         77    326 PM  90    1963  68      9       60
  MINIMUM         50    425 AM  26    1952  44      6       47
  AVERAGE         64                        56      8       54

PRECIPITATION (IN)
  YESTERDAY        T             1.10 1919   0.11  -0.11     0.00
  MONTH TO DATE    1.55                      2.15  -0.60     0.49
  SINCE SEP 1      4.79                      5.20  -0.41     4.50
  SINCE JAN 1     37.20                     36.12   1.08    42.96

SNOWFALL (IN)
  YESTERDAY        0.0           0.0  2002   0.0    0.0      0.0
                                      2001
  MONTH TO DATE    0.0                       0.1   -0.1      0.0
  SINCE SEP 1      0.0                       0.1   -0.1      0.0
  SINCE JUL 1      0.0                       0.1   -0.1      0.0
  SNOW DEPTH       0

DEGREE DAYS
 HEATING
  YESTERDAY        1                         9     -8       11
  MONTH TO DATE   55                       147    -92       48
  SINCE SEP 1     70                       193   -123       57
  SINCE JUL 1     70                       194   -124       57

 COOLING
  YESTERDAY        0                         1     -1        0
  MONTH TO DATE   73                        28     45       86
  SINCE SEP 1    271                       195     76      367
  SINCE JAN 1   1561                      1394    167     1753
..................................................................


WIND (MPH)
  HIGHEST WIND SPEED    12   HIGHEST WIND DIRECTION    SE (140)
  HIGHEST GUST SPEED    16   HIGHEST GUST DIRECTION    SE (140)
  AVERAGE WIND SPEED     4.5


SKY COVER
  AVERAGE SKY COVER 0.1


WEATHER CONDITIONS
 THE FOLLOWING WEATHER WAS RECORDED YESTERDAY.
  LIGHT RAIN


RELATIVE HUMIDITY (PERCENT)
 HIGHEST    89
 LOWEST     46
 AVERAGE    68

..........................................................


THE EVANSVILLE IN CLIMATE NORMALS FOR TODAY
                         NORMAL    RECORD    YEAR
 MAXIMUM TEMPERATURE (F)   68        90      1963
 MINIMUM TEMPERATURE (F)   44        21      1952


SUNRISE AND SUNSET
OCTOBER 22 2017.......SUNRISE   706 AM CDT   SUNSET   603 PM CDT
OCTOBER 23 2017.......SUNRISE   707 AM CDT   SUNSET   601 PM CDT


-  INDICATES NEGATIVE NUMBERS.
R  INDICATES RECORD WAS SET OR TIED.
MM INDICATES DATA IS MISSING.
T  INDICATES TRACE AMOUNT.




$$
