000
CDUS43 KPAH 242136
CLIEVV


CLIMATE REPORT
NATIONAL WEATHER SERVICE PADUCAH KY
433 PM CDT THU APR 24 2014

...................................

...THE EVANSVILLE IN CLIMATE SUMMARY FOR APRIL 24 2014...
VALID TODAY AS OF 0400 PM LOCAL TIME.

CLIMATE NORMAL PERIOD 1981 TO 2010
CLIMATE RECORD PERIOD 1896 TO 2014

WEATHER ITEM   OBSERVED TIME   RECORD YEAR NORMAL DEPARTURE LAST
                VALUE   (LST)  VALUE       VALUE  FROM      YEAR
                                                  NORMAL
..................................................................
TEMPERATURE (F)
 TODAY
  MAXIMUM         76    259 PM  89    1925  71      5       51
  MINIMUM         50    555 AM  30    1963  47      3       37
                                      1910
  AVERAGE         63                        59      4       44

PRECIPITATION (IN)
  TODAY            0.00          1.95 1975   0.16  -0.16     0.29
  MONTH TO DATE    8.05                      3.40   4.65     3.76
  SINCE MAR 1     10.90                      7.64   3.26     7.84
  SINCE JAN 1     14.85                     13.91   0.94    17.37

SNOWFALL (IN)
  TODAY            0.0                                       0.0
  MONTH TO DATE    0.0                                       0.0
  SINCE JUL 1     12.6                                      12.3
  SNOW DEPTH       0
..................................................................

WIND (MPH)
  HIGHEST WIND SPEED    15   HIGHEST WIND DIRECTION     S (170)
  HIGHEST GUST SPEED    21   HIGHEST GUST DIRECTION    SE (140)
..........................................................

THE EVANSVILLE IN CLIMATE NORMALS FOR TOMORROW
                         NORMAL    RECORD    YEAR
 MAXIMUM TEMPERATURE (F)   71        89      1915
 MINIMUM TEMPERATURE (F)   48        33      1983
                                             1919

SUNRISE AND SUNSET
APRIL 24 2014.........SUNRISE   603 AM CDT   SUNSET   735 PM CDT
APRIL 25 2014.........SUNRISE   601 AM CDT   SUNSET   735 PM CDT

-  INDICATES NEGATIVE NUMBERS.
R  INDICATES RECORD WAS SET OR TIED.
MM INDICATES DATA IS MISSING.
T  INDICATES TRACE AMOUNT.

$$
