000
CDUS45 KSLC 231232
CLIEVW


CLIMATE REPORT
NATIONAL WEATHER SERVICE SALT LAKE CITY UT
531 AM MST TUE JAN 23 2018


...................................

...THE EVANSTON WY CLIMATE SUMMARY FOR JANUARY 22 2018...

CLIMATE NORMAL PERIOD 1981 TO 2010
CLIMATE RECORD PERIOD 9999 TO 9999


WEATHER ITEM   OBSERVED TIME   RECORD YEAR NORMAL DEPARTURE LAST
                VALUE   (LST)  VALUE       VALUE  FROM      YEAR
                                                  NORMAL
..................................................................
TEMPERATURE (F)
 YESTERDAY
  MAXIMUM         23    338 PM  MM      MM  29     -6       29
  MINIMUM          4    313 AM  MM      MM  14    -10       12
  AVERAGE         14                        22     -8       21

PRECIPITATION (IN)
  YESTERDAY          MM         MM      MM   0.02  -0.02     0.22
  MONTH TO DATE    0.17                      0.40  -0.23     0.89
  SINCE OCT 1      1.71                      3.19  -1.48     2.47
  SINCE JAN 1      0.17                      0.40  -0.23     0.89

DEGREE DAYS
 HEATING
  YESTERDAY       51                        43      8       44
  MONTH TO DATE  796                       956   -160     1046
  SINCE DEC 1   1877                      2326   -449     2414
  SINCE JUL 1   3724                      4435   -711     4065

 COOLING
  YESTERDAY        0                         0      0        0
  MONTH TO DATE    0                         0      0        0
  SINCE DEC 1      0                         0      0        0
  SINCE JAN 1      0                         0      0        0
..................................................................


WIND (MPH)
  RESULTANT WIND SPEED  12   RESULTANT WIND DIRECTION  SW (240)
  HIGHEST WIND SPEED    20   HIGHEST WIND DIRECTION    SW (230)
  HIGHEST GUST SPEED    24   HIGHEST GUST DIRECTION    SW (240)
  AVERAGE WIND SPEED    11.8


SKY COVER
  POSSIBLE SUNSHINE  MM
  AVERAGE SKY COVER 0.6


WEATHER CONDITIONS
 THE FOLLOWING WEATHER WAS RECORDED YESTERDAY.
  LIGHT SNOW
  FOG


RELATIVE HUMIDITY (PERCENT)
 HIGHEST    92          1000 AM
 LOWEST     77           300 PM
 AVERAGE    85

..........................................................


THE EVANSTON WY CLIMATE NORMALS FOR TODAY
                         NORMAL    RECORD    YEAR
 MAXIMUM TEMPERATURE (F)   29        MM        MM
 MINIMUM TEMPERATURE (F)   14        MM        MM


SUNRISE AND SUNSET
JANUARY 23 2018.......SUNRISE   743 AM MST   SUNSET   530 PM MST
JANUARY 24 2018.......SUNRISE   742 AM MST   SUNSET   531 PM MST


-  INDICATES NEGATIVE NUMBERS.
R  INDICATES RECORD WAS SET OR TIED.
MM INDICATES DATA IS MISSING.
T  INDICATES TRACE AMOUNT.




$$
