000
CDUS45 KSLC 300031
CLIEVW


CLIMATE REPORT
NATIONAL WEATHER SERVICE SALT LAKE CITY UT
628 PM MDT MON MAY 29 2017


...................................

...THE EVANSTON WY CLIMATE SUMMARY FOR MAY 29 2017...
VALID TODAY AS OF 0500 PM LOCAL TIME.

CLIMATE NORMAL PERIOD 1981 TO 2010
CLIMATE RECORD PERIOD 9999 TO 9999


WEATHER ITEM   OBSERVED TIME   RECORD YEAR NORMAL DEPARTURE LAST
                VALUE   (LST)  VALUE       VALUE  FROM      YEAR
                                                  NORMAL
..................................................................
TEMPERATURE (F)
 TODAY
  MAXIMUM         71        MM  MM      MM  65      6       69
  MINIMUM         41    500 AM  MM      MM  40      1       40
  AVERAGE         56                        52      4       55

PRECIPITATION (IN)
  TODAY            0.00         MM      MM   0.06  -0.06      T
  MONTH TO DATE    1.82                      1.66   0.16     2.04
  SINCE OCT 1      6.74                      7.61  -0.87     4.36
  SINCE JAN 1      5.16                      4.82   0.34     3.37

DEGREE DAYS
 HEATING
  TODAY            9                        13     -4       10
  MONTH TO DATE  451                       481    -30      493
  SINCE MAR 1   2078                      2310   -232     2068
  SINCE JUL 1   7655                      8318   -663     7595

 COOLING
  TODAY            0                         0      0        0
  MONTH TO DATE    0                         0      0        0
  SINCE MAR 1      0                         0      0        0
  SINCE JAN 1      0                         0      0        0
..................................................................


WIND (MPH)
  RESULTANT WIND SPEED   4   RESULTANT WIND DIRECTION   E (70)
  HIGHEST WIND SPEED    12   HIGHEST WIND DIRECTION     E (80)
  HIGHEST GUST SPEED    MM   HIGHEST GUST DIRECTION    MM
  AVERAGE WIND SPEED     5.8


SKY COVER
  POSSIBLE SUNSHINE  MM
  AVERAGE SKY COVER 0.1


WEATHER CONDITIONS
 THE FOLLOWING WEATHER WAS RECORDED TODAY.
  NO SIGNIFICANT WEATHER WAS OBSERVED.


RELATIVE HUMIDITY (PERCENT)
 HIGHEST    70           400 AM
 LOWEST     24           300 PM
 AVERAGE    47

..........................................................


THE EVANSTON WY CLIMATE NORMALS FOR TOMORROW
                         NORMAL    RECORD    YEAR
 MAXIMUM TEMPERATURE (F)   66        MM        MM
 MINIMUM TEMPERATURE (F)   40        MM        MM


SUNRISE AND SUNSET
MAY 29 2017...........SUNRISE   555 AM MDT   SUNSET   849 PM MDT
MAY 30 2017...........SUNRISE   554 AM MDT   SUNSET   850 PM MDT


-  INDICATES NEGATIVE NUMBERS.
R  INDICATES RECORD WAS SET OR TIED.
MM INDICATES DATA IS MISSING.
T  INDICATES TRACE AMOUNT.




$$
