000
CDUS45 KSLC 041219
CLIEVW


CLIMATE REPORT
NATIONAL WEATHER SERVICE SALT LAKE CITY UT
619 AM MDT TUE AUG 4 2015


...................................

...THE EVANSTON WY CLIMATE SUMMARY FOR AUGUST 3 2015...

CLIMATE NORMAL PERIOD 1981 TO 2010
CLIMATE RECORD PERIOD 9999 TO 9999


WEATHER ITEM   OBSERVED TIME   RECORD YEAR NORMAL DEPARTURE LAST
                VALUE   (LST)  VALUE       VALUE  FROM      YEAR
                                                  NORMAL
..................................................................
TEMPERATURE (F)
 YESTERDAY
  MAXIMUM         66   1253 AM  MM      MM  82    -16       83
  MINIMUM         50   1139 PM  MM      MM  53     -3       56
  AVERAGE         58                        68    -10       70

PRECIPITATION (IN)
  YESTERDAY        0.35         MM      MM   0.03   0.32     0.01
  MONTH TO DATE    0.35                      0.08   0.27     0.01
  SINCE OCT 1      9.26                      9.94  -0.68     4.57
  SINCE JAN 1      8.38                      7.15   1.23     3.37

DEGREE DAYS
 HEATING
  YESTERDAY        7                         1      6        0
  MONTH TO DATE    7                         3      4        0
  SINCE JUN 1    140                       269   -129      242
  SINCE JUL 1     66                        39     27       19

 COOLING
  YESTERDAY        0                         3     -3        5
  MONTH TO DATE   12                         9      3       14
  SINCE JUN 1    137                       104     33      176
  SINCE JAN 1    137                       105     32      181
..................................................................


WIND (MPH)
  RESULTANT WIND SPEED  10   RESULTANT WIND DIRECTION   W (260)
  HIGHEST WIND SPEED    20   HIGHEST WIND DIRECTION     W (290)
  HIGHEST GUST SPEED    24   HIGHEST GUST DIRECTION     W (280)
  AVERAGE WIND SPEED    11.5


SKY COVER
  POSSIBLE SUNSHINE  MM
  AVERAGE SKY COVER 0.8


WEATHER CONDITIONS
 THE FOLLOWING WEATHER WAS RECORDED YESTERDAY.
  RAIN
  LIGHT RAIN
  FOG


RELATIVE HUMIDITY (PERCENT)
 HIGHEST    96          1000 PM
 LOWEST     42          1200 AM
 AVERAGE    69

..........................................................


THE EVANSTON WY CLIMATE NORMALS FOR TODAY
                         NORMAL    RECORD    YEAR
 MAXIMUM TEMPERATURE (F)   82        MM        MM
 MINIMUM TEMPERATURE (F)   53        MM        MM


SUNRISE AND SUNSET
AUGUST  4 2015........SUNRISE   622 AM MDT   SUNSET   838 PM MDT
AUGUST  5 2015........SUNRISE   623 AM MDT   SUNSET   836 PM MDT


-  INDICATES NEGATIVE NUMBERS.
R  INDICATES RECORD WAS SET OR TIED.
MM INDICATES DATA IS MISSING.
T  INDICATES TRACE AMOUNT.




$$
