024
CDUS42 KMHX 300528
CLIEWN


CLIMATE REPORT
NATIONAL WEATHER SERVICE NEWPORT/MOREHEAD CITY NC
128 AM EDT SAT APR 30 2016


...................................

...THE NEW BERN NC CLIMATE SUMMARY FOR APRIL 29 2016...

CLIMATE NORMAL PERIOD 1981 TO 2010
CLIMATE RECORD PERIOD 1948 TO 2016


WEATHER ITEM   OBSERVED TIME   RECORD YEAR NORMAL DEPARTURE LAST
                VALUE   (LST)  VALUE       VALUE  FROM      YEAR
                                                  NORMAL
..................................................................
TEMPERATURE (F)
 YESTERDAY
  MAXIMUM         70    256 PM  90    1974  77     -7       70
  MINIMUM         57   1131 PM  33    1967  54      3       49
  AVERAGE         64                        65     -1       60

PRECIPITATION (IN)
  YESTERDAY        0.01          1.27 1990   0.10  -0.09     0.01
  MONTH TO DATE    1.68                      3.07  -1.39     2.04
  SINCE MAR 1      5.01                      7.46  -2.45     5.60
  SINCE JAN 1     16.03                     15.14   0.89    13.97

SNOWFALL (IN)
  YESTERDAY        0.0
  MONTH TO DATE    0.0
  SINCE NOV 1      T
  SINCE JUL 1      T
  SNOW DEPTH       0

DEGREE DAYS
 HEATING
  YESTERDAY        1                         3     -2        5
  MONTH TO DATE  170                       150     20       97
  SINCE MAR 1    387                       519   -132      449
  SINCE JUL 1   2075                      2665   -590     2692

 COOLING
  YESTERDAY        0                         3     -3        0
  MONTH TO DATE   53                        54     -1       65
  SINCE MAR 1    101                        65     36       88
  SINCE JAN 1    101                        68     33       95
..................................................................


WIND (MPH)
  HIGHEST WIND SPEED    15   HIGHEST WIND DIRECTION    NE (30)
  HIGHEST GUST SPEED    18   HIGHEST GUST DIRECTION    NE (30)
  AVERAGE WIND SPEED     5.4


SKY COVER
  POSSIBLE SUNSHINE  MM
  AVERAGE SKY COVER 0.7


WEATHER CONDITIONS
 THE FOLLOWING WEATHER WAS RECORDED YESTERDAY.
  THUNDERSTORM
  LIGHT RAIN
  FOG


RELATIVE HUMIDITY (PERCENT)
 HIGHEST    93           200 AM
 LOWEST     68           500 PM
 AVERAGE    81

..........................................................


THE NEW BERN NC CLIMATE NORMALS FOR TODAY
                         NORMAL    RECORD    YEAR
 MAXIMUM TEMPERATURE (F)   77        91      1974
 MINIMUM TEMPERATURE (F)   54        39      1967


SUNRISE AND SUNSET
APRIL 30 2016.........SUNRISE   618 AM EDT   SUNSET   753 PM EDT
MAY  1 2016...........SUNRISE   617 AM EDT   SUNSET   754 PM EDT


-  INDICATES NEGATIVE NUMBERS.
R  INDICATES RECORD WAS SET OR TIED.
MM INDICATES DATA IS MISSING.
T  INDICATES TRACE AMOUNT.




$$
