000
CDUS42 KMHX 010645
CLIEWN


CLIMATE REPORT
NATIONAL WEATHER SERVICE NEWPORT/MOREHEAD CITY NC
143 AM EST WED MAR 1 2017


...................................

...THE NEW BERN NC CLIMATE SUMMARY FOR FEBRUARY 28 2017...

CLIMATE NORMAL PERIOD 1981 TO 2010
CLIMATE RECORD PERIOD 1948 TO 2017


WEATHER ITEM   OBSERVED TIME   RECORD YEAR NORMAL DEPARTURE LAST
                VALUE   (LST)  VALUE       VALUE  FROM      YEAR
                                                  NORMAL
..................................................................
TEMPERATURE (F)
 YESTERDAY
  MAXIMUM         79    203 PM  88    1962  61     18       69
  MINIMUM         50    541 AM  20    1963  38     12       32
  AVERAGE         65                        49     16       51

PRECIPITATION (IN)
  YESTERDAY        0.00          2.42 1966   0.13  -0.13     0.00
  MONTH TO DATE    1.97                      3.66  -1.69     7.31
  SINCE DEC 1      9.72                     11.08  -1.36    17.44
  SINCE JAN 1      6.22                      7.68  -1.46    11.02

SNOWFALL (IN)
  YESTERDAY        0.0
  MONTH TO DATE    0.0
  SINCE NOV 1      T
  SINCE JUL 1      T
  SNOW DEPTH       0

DEGREE DAYS
 HEATING
  YESTERDAY        0                        16    -16       14
  MONTH TO DATE  317                       507   -190      508
  SINCE DEC 1   1345                      1719   -374     1402
  SINCE JUL 1   1740                      2146   -406     1685

 COOLING
  YESTERDAY        0                         0      0        0
  MONTH TO DATE    6                         2      4        0
  SINCE DEC 1      6                         6      0       49
  SINCE JAN 1      6                         3      3        0
..................................................................


WIND (MPH)
  HIGHEST WIND SPEED    16   HIGHEST WIND DIRECTION     S (180)
  HIGHEST GUST SPEED    23   HIGHEST GUST DIRECTION     S (170)
  AVERAGE WIND SPEED     7.5


SKY COVER
  POSSIBLE SUNSHINE  MM
  AVERAGE SKY COVER 0.3


WEATHER CONDITIONS
 THE FOLLOWING WEATHER WAS RECORDED YESTERDAY.
  NO SIGNIFICANT WEATHER WAS OBSERVED.


RELATIVE HUMIDITY (PERCENT)
 HIGHEST   100           400 AM
 LOWEST     54           200 PM
 AVERAGE    77

..........................................................


THE NEW BERN NC CLIMATE NORMALS FOR TODAY
                         NORMAL    RECORD    YEAR
 MAXIMUM TEMPERATURE (F)   61        81      2012
 MINIMUM TEMPERATURE (F)   38        21      2002
                                             1967


SUNRISE AND SUNSET
MARCH  1 2017.........SUNRISE   637 AM EST   SUNSET   604 PM EST
MARCH  2 2017.........SUNRISE   636 AM EST   SUNSET   605 PM EST


-  INDICATES NEGATIVE NUMBERS.
R  INDICATES RECORD WAS SET OR TIED.
MM INDICATES DATA IS MISSING.
T  INDICATES TRACE AMOUNT.




$$
