000
CDUS42 KMHX 292129
CLIEWN


CLIMATE REPORT
NATIONAL WEATHER SERVICE NEWPORT/MOREHEAD CITY NC
527 PM EDT SUN MAY 29 2016


...................................

...THE NEW BERN NC CLIMATE SUMMARY FOR MAY 29 2016...
VALID TODAY AS OF 500 PM LOCAL TIME.

CLIMATE NORMAL PERIOD 1981 TO 2010
CLIMATE RECORD PERIOD 1948 TO 2016


WEATHER ITEM   OBSERVED TIME   RECORD YEAR NORMAL DEPARTURE LAST
                VALUE   (LST)  VALUE       VALUE  FROM      YEAR
                                                  NORMAL
..................................................................
TEMPERATURE (F)
 TODAY
  MAXIMUM         85    219 PM  95    1982  83      2       86
  MINIMUM         72    750 AM  50    1953  63      9       58
  AVERAGE         79                        73      6       72

PRECIPITATION (IN)
  TODAY            0.35          1.61 1976   0.15   0.20     0.00
  MONTH TO DATE    4.94                      3.85   1.09     2.83
  SINCE MAR 1      9.95                     11.41  -1.46     8.45
  SINCE JAN 1     20.97                     19.09   1.88    16.82

SNOWFALL (IN)
  TODAY            0.0
  MONTH TO DATE    0.0
  SINCE NOV 1      T
  SINCE JUL 1      T
  SNOW DEPTH       0

DEGREE DAYS
 HEATING
  TODAY            0                         0      0        0
  MONTH TO DATE   34                        32      2       19
  SINCE MAR 1    424                       553   -129      476
  SINCE JUL 1   2112                      2699   -587     2719

 COOLING
  TODAY           14                         8      6        7
  MONTH TO DATE  148                       156     -8      181
  SINCE MAR 1    249                       223     26      269
  SINCE JAN 1    249                       226     23      276
..................................................................


WIND (MPH)
  HIGHEST WIND SPEED    18   HIGHEST WIND DIRECTION     S (160)
  HIGHEST GUST SPEED    25   HIGHEST GUST DIRECTION     S (170)
  AVERAGE WIND SPEED     8.1


SKY COVER
  POSSIBLE SUNSHINE  MM
  AVERAGE SKY COVER 0.7


WEATHER CONDITIONS
 THE FOLLOWING WEATHER WAS RECORDED TODAY.
  HEAVY RAIN
  RAIN
  LIGHT RAIN
  FOG


RELATIVE HUMIDITY (PERCENT)
 HIGHEST   100           200 AM
 LOWEST     61           100 PM
 AVERAGE    81

..........................................................


THE NEW BERN NC CLIMATE NORMALS FOR TOMORROW
                         NORMAL    RECORD    YEAR
 MAXIMUM TEMPERATURE (F)   84        96      1991
 MINIMUM TEMPERATURE (F)   63        53      2008
                                             1951


SUNRISE AND SUNSET
MAY 29 2016...........SUNRISE   556 AM EDT   SUNSET   816 PM EDT
MAY 30 2016...........SUNRISE   556 AM EDT   SUNSET   816 PM EDT


-  INDICATES NEGATIVE NUMBERS.
R  INDICATES RECORD WAS SET OR TIED.
MM INDICATES DATA IS MISSING.
T  INDICATES TRACE AMOUNT.




$$
