000
CDUS42 KMHX 272126
CLIEWN


CLIMATE REPORT
NATIONAL WEATHER SERVICE NEWPORT/MOREHEAD CITY NC
526 PM EDT SAT AUG 27 2016


...................................

...THE NEW BERN NC CLIMATE SUMMARY FOR AUGUST 27 2016...
VALID TODAY AS OF 0500 PM LOCAL TIME.

CLIMATE NORMAL PERIOD 1981 TO 2010
CLIMATE RECORD PERIOD 1948 TO 2016


WEATHER ITEM   OBSERVED TIME   RECORD YEAR NORMAL DEPARTURE LAST
                VALUE   (LST)  VALUE       VALUE  FROM      YEAR
                                                  NORMAL
..................................................................
TEMPERATURE (F)
 TODAY
  MAXIMUM         93    250 PM  96    1954  87      6       80
  MINIMUM         72    602 AM  59    1984  69      3       69
  AVERAGE         83                        78      5       75

PRECIPITATION (IN)
  TODAY            0.00          9.72 2011   0.20  -0.20     2.10
  MONTH TO DATE    3.83                      5.87  -2.04     7.64
  SINCE JUN 1     19.35                     16.63   2.72    23.27
  SINCE JAN 1     42.06                     36.02   6.04    40.09

SNOWFALL (IN)
  TODAY            0.0
  MONTH TO DATE    0.0
  SINCE NOV 1      T
  SINCE JUL 1      0.0
  SNOW DEPTH       0

DEGREE DAYS
 HEATING
  TODAY            0                         0      0        0
  MONTH TO DATE    0                         0      0        0
  SINCE JUN 1      0                         1     -1        0
  SINCE JUL 1      0                         0      0        0

 COOLING
  TODAY           18                        13      5       10
  MONTH TO DATE  466                       387     79      387
  SINCE JUN 1   1424                      1234    190     1378
  SINCE JAN 1   1694                      1477    217     1676
..................................................................


WIND (MPH)
  HIGHEST WIND SPEED    14   HIGHEST WIND DIRECTION    SE (120)
  HIGHEST GUST SPEED    19   HIGHEST GUST DIRECTION     E (100)
  AVERAGE WIND SPEED     2.8


SKY COVER
  POSSIBLE SUNSHINE  MM
  AVERAGE SKY COVER 0.2


WEATHER CONDITIONS
 THE FOLLOWING WEATHER WAS RECORDED TODAY.
  FOG


RELATIVE HUMIDITY (PERCENT)
 HIGHEST    94           700 AM
 LOWEST     52           200 PM
 AVERAGE    73

..........................................................


THE NEW BERN NC CLIMATE NORMALS FOR TOMORROW
                         NORMAL    RECORD    YEAR
 MAXIMUM TEMPERATURE (F)   87        96      1987
 MINIMUM TEMPERATURE (F)   69        57      1986


SUNRISE AND SUNSET
AUGUST 27 2016........SUNRISE   637 AM EDT   SUNSET   741 PM EDT
AUGUST 28 2016........SUNRISE   638 AM EDT   SUNSET   740 PM EDT


-  INDICATES NEGATIVE NUMBERS.
R  INDICATES RECORD WAS SET OR TIED.
MM INDICATES DATA IS MISSING.
T  INDICATES TRACE AMOUNT.




$$
