000
CDUS42 KMHX 040141
CLIEWN


CLIMATE REPORT
NATIONAL WEATHER SERVICE NEWPORT/MOREHEAD CITY NC
940 PM EDT FRI JUL 3 2015


...................................

...THE NEW BERN NC CLIMATE SUMMARY FOR JUNE 23 2015...

CLIMATE NORMAL PERIOD 1981 TO 2010
CLIMATE RECORD PERIOD 1948 TO 2015


WEATHER ITEM   OBSERVED TIME   RECORD YEAR NORMAL DEPARTURE LAST
                VALUE   (LST)  VALUE       VALUE  FROM      YEAR
                                                  NORMAL
..................................................................
TEMPERATURE (F)
 YESTERDAY
  MAXIMUM         94    242 PM  98    1988  88      6       87
  MINIMUM         79    607 AM  53    1992  69     10       71
  AVERAGE         87                        79      8       79

PRECIPITATION (IN)
  YESTERDAY        0.00 *        2.31 2013   0.16  -0.16     0.00
  MONTH TO DATE    6.51                      3.45   3.06     3.07
  SINCE JUN 1      6.51                      3.45   3.06     3.07
  SINCE JAN 1     23.33                     22.84   0.49    20.95

SNOWFALL (IN)
  YESTERDAY        0.0
  MONTH TO DATE    0.0
  SINCE NOV 1      3.0
  SINCE JUL 1      3.0
  SNOW DEPTH       0

DEGREE DAYS
 HEATING
  YESTERDAY        0                         0      0        0
  MONTH TO DATE    0                         0      0        0
  SINCE JUN 1      0                         0      0        0
  SINCE JUL 1   2719                      2701     18     2637

 COOLING
  YESTERDAY       22                        14      8       14
  MONTH TO DATE  361                       264     97      315
  SINCE JUN 1    361                       264     97      315
  SINCE JAN 1    659                       507    152      676
..................................................................


WIND (MPH)
  HIGHEST WIND SPEED    15   HIGHEST WIND DIRECTION     S (200)
  HIGHEST GUST SPEED    22   HIGHEST GUST DIRECTION    SW (210)
  AVERAGE WIND SPEED     8.8


SKY COVER
  POSSIBLE SUNSHINE  MM
  AVERAGE SKY COVER 0.1


WEATHER CONDITIONS
 THE FOLLOWING WEATHER WAS RECORDED YESTERDAY.
  FOG


RELATIVE HUMIDITY (PERCENT)
 HIGHEST    97           400 AM
 LOWEST     56          1200 PM
 AVERAGE    77

..........................................................


THE NEW BERN NC CLIMATE NORMALS FOR TODAY
                         NORMAL    RECORD    YEAR
 MAXIMUM TEMPERATURE (F)   88        97      2010
 MINIMUM TEMPERATURE (F)   70        58      1972


SUNRISE AND SUNSET
JUNE 24 2015..........SUNRISE   555 AM EDT   SUNSET   826 PM EDT
JUNE 25 2015..........SUNRISE   555 AM EDT   SUNSET   826 PM EDT


-  INDICATES NEGATIVE NUMBERS.
R  INDICATES RECORD WAS SET OR TIED.
MM INDICATES DATA IS MISSING.
T  INDICATES TRACE AMOUNT.




$$

* PREVIOUS PRECIP VALUE WAS INCORRECT. THERE WAS A FASLE TIP DUE TO FOG.
