000
CDUS42 KMHX 250527
CLIEWN


CLIMATE REPORT
NATIONAL WEATHER SERVICE NEWPORT/MOREHEAD CITY NC
126 AM EDT TUE APR 25 2017


...................................

...THE NEW BERN NC CLIMATE SUMMARY FOR APRIL 24 2017...

CLIMATE NORMAL PERIOD 1981 TO 2010
CLIMATE RECORD PERIOD 1948 TO 2017


WEATHER ITEM   OBSERVED TIME   RECORD YEAR NORMAL DEPARTURE LAST
                VALUE   (LST)  VALUE       VALUE  FROM      YEAR
                                                  NORMAL
..................................................................
TEMPERATURE (F)
 YESTERDAY
  MAXIMUM         69   1056 PM  94    1960  76     -7       73
  MINIMUM         59   1204 AM  39    1963  52      7       49
  AVERAGE         64                        64      0       61

PRECIPITATION (IN)
  YESTERDAY        1.41R         0.84 1977   0.11   1.30     0.00
  MONTH TO DATE    3.55                      2.53   1.02     1.34
  SINCE MAR 1      7.58                      6.92   0.66     4.67
  SINCE JAN 1     13.80                     14.60  -0.80    15.69

SNOWFALL (IN)
  YESTERDAY        0.0
  MONTH TO DATE    0.0
  SINCE NOV 1      T
  SINCE JUL 1      T
  SNOW DEPTH       0

DEGREE DAYS
 HEATING
  YESTERDAY        1                         4     -3        4
  MONTH TO DATE   55                       135    -80      167
  SINCE MAR 1    466                       504    -38      384
  SINCE JUL 1   2206                      2650   -444     2072

 COOLING
  YESTERDAY        0                         3     -3        0
  MONTH TO DATE   74                        39     35       27
  SINCE MAR 1     85                        50     35       75
  SINCE JAN 1     91                        53     38       75
..................................................................


WIND (MPH)
  HIGHEST WIND SPEED    17   HIGHEST WIND DIRECTION    SE (120)
  HIGHEST GUST SPEED    26   HIGHEST GUST DIRECTION     E (110)
  AVERAGE WIND SPEED     8.9


SKY COVER
  POSSIBLE SUNSHINE  MM
  AVERAGE SKY COVER 1.0


WEATHER CONDITIONS
 THE FOLLOWING WEATHER WAS RECORDED YESTERDAY.
  HEAVY RAIN
  RAIN
  LIGHT RAIN
  FOG


RELATIVE HUMIDITY (PERCENT)
 HIGHEST   100           800 AM
 LOWEST     93          1200 AM
 AVERAGE    97

..........................................................


THE NEW BERN NC CLIMATE NORMALS FOR TODAY
                         NORMAL    RECORD    YEAR
 MAXIMUM TEMPERATURE (F)   76        94      1960
 MINIMUM TEMPERATURE (F)   53        39      2005
                                             1969


SUNRISE AND SUNSET
APRIL 25 2017.........SUNRISE   624 AM EDT   SUNSET   749 PM EDT
APRIL 26 2017.........SUNRISE   622 AM EDT   SUNSET   750 PM EDT


-  INDICATES NEGATIVE NUMBERS.
R  INDICATES RECORD WAS SET OR TIED.
MM INDICATES DATA IS MISSING.
T  INDICATES TRACE AMOUNT.




$$
