000
CDUS41 KOKX 050640
CLIEWR


CLIMATE REPORT
NATIONAL WEATHER SERVICE NEW YORK NY
140 AM EST THU MAR 5 2015


...................................

...THE NEWARK NJ CLIMATE SUMMARY FOR MARCH 4 2015...

CLIMATE NORMAL PERIOD 1981 TO 2010
CLIMATE RECORD PERIOD 1929 TO 2015


WEATHER ITEM   OBSERVED TIME   RECORD YEAR NORMAL DEPARTURE LAST
                VALUE   (LST)  VALUE       VALUE  FROM      YEAR
                                                  NORMAL
..................................................................
TEMPERATURE (F)
 YESTERDAY
  MAXIMUM         44    231 PM  72    1974  47     -3       30
  MINIMUM         34   1201 AM   6    1943  30      4       12
  AVERAGE         39                        38      1       21

PRECIPITATION (IN)
  YESTERDAY        0.22          1.29 1977   0.12   0.10     0.00
  MONTH TO DATE    1.28                      0.48   0.80     0.01
  SINCE MAR 1      1.28                      0.48   0.80     0.01
  SINCE JAN 1      7.76                      6.90   0.86     7.73

SNOWFALL (IN)
  YESTERDAY        0.0           3.7  1971   0.2   -0.2      0.0
  MONTH TO DATE    5.7                       0.9    4.8      0.2
  SINCE OCT 1     35.8                      23.9   11.9     60.7
  SINCE JUL 1     35.8                      23.9   11.9     60.7
  SNOW DEPTH       6

DEGREE DAYS
 HEATING
  YESTERDAY       26                        27     -1       44
  MONTH TO DATE  137                       108     29      149
  SINCE MAR 1    137                       108     29      149
  SINCE JUL 1   4040                      3743    297     4024

 COOLING
  YESTERDAY        0                         0      0        0
  MONTH TO DATE    0                         0      0        0
  SINCE MAR 1      0                         0      0        0
  SINCE JAN 1      0                         0      0        0
..................................................................


WIND (MPH)
  HIGHEST WIND SPEED    18   HIGHEST WIND DIRECTION    SW (230)
  HIGHEST GUST SPEED    24   HIGHEST GUST DIRECTION    SW (210)
  AVERAGE WIND SPEED     7.9


SKY COVER
  AVERAGE SKY COVER 1.0


WEATHER CONDITIONS
 THE FOLLOWING WEATHER WAS RECORDED YESTERDAY.
  LIGHT RAIN
  FOG
  HAZE


RELATIVE HUMIDITY (PERCENT)
 HIGHEST    96          1200 AM
 LOWEST     82           200 PM
 AVERAGE    89

..........................................................


THE NEWARK NJ CLIMATE NORMALS FOR TODAY
                         NORMAL    RECORD    YEAR
 MAXIMUM TEMPERATURE (F)   47        75      1976
                                             1964
 MINIMUM TEMPERATURE (F)   31         9      1948


SUNRISE AND SUNSET
MARCH  5 2015.........SUNRISE   625 AM EST   SUNSET   552 PM EST
MARCH  6 2015.........SUNRISE   623 AM EST   SUNSET   553 PM EST


-  INDICATES NEGATIVE NUMBERS.
R  INDICATES RECORD WAS SET OR TIED.
MM INDICATES DATA IS MISSING.
T  INDICATES TRACE AMOUNT.




$$
