000
CDUS41 KOKX 290617
CLIEWR


CLIMATE REPORT
NATIONAL WEATHER SERVICE NEW YORK NY
117 AM EST MON DEC 29 2014


...................................

...THE NEWARK NJ CLIMATE SUMMARY FOR DECEMBER 28 2014...

CLIMATE NORMAL PERIOD 1981 TO 2010
CLIMATE RECORD PERIOD 1929 TO 2014


WEATHER ITEM   OBSERVED TIME   RECORD YEAR NORMAL DEPARTURE LAST
                VALUE   (LST)  VALUE       VALUE  FROM      YEAR
                                                  NORMAL
..................................................................
TEMPERATURE (F)
 YESTERDAY
  MAXIMUM         55    230 PM  68    1982  40     15       57
  MINIMUM         42   1159 PM   0    1933  26     16       26
  AVERAGE         49                        33     16       42

PRECIPITATION (IN)
  YESTERDAY        0.09          1.22 1942   0.11  -0.02     0.00
  MONTH TO DATE    4.91                      3.48   1.43     3.30
  SINCE DEC 1      4.91                      3.48   1.43     3.30
  SINCE JAN 1     49.33                     45.92   3.41    41.62

SNOWFALL (IN)
  YESTERDAY        0.0           6.2  1990   0.2   -0.2      0.0
  MONTH TO DATE    0.3                       4.6   -4.3      9.4
  SINCE OCT 1      1.7                       5.0   -3.3      9.4
  SINCE JUL 1      1.7                       5.0   -3.3      9.4
  SNOW DEPTH       0

DEGREE DAYS
 HEATING
  YESTERDAY       16                        32    -16       23
  MONTH TO DATE  669                       785   -116      770
  SINCE DEC 1    669                       785   -116      770
  SINCE JUL 1   1501                      1653   -152     1640

 COOLING
  YESTERDAY        0                         0      0        0
  MONTH TO DATE    0                         0      0        0
  SINCE DEC 1      0                         0      0        0
  SINCE JAN 1   1175                      1192    -17     1337
..................................................................


WIND (MPH)
  HIGHEST WIND SPEED    20   HIGHEST WIND DIRECTION    NW (330)
  HIGHEST GUST SPEED    23   HIGHEST GUST DIRECTION    NW (330)
  AVERAGE WIND SPEED     7.9


SKY COVER
  AVERAGE SKY COVER 0.9


WEATHER CONDITIONS
 THE FOLLOWING WEATHER WAS RECORDED YESTERDAY.
  LIGHT RAIN
  FOG


RELATIVE HUMIDITY (PERCENT)
 HIGHEST    89           900 AM
 LOWEST     58          1000 PM
 AVERAGE    74

..........................................................


THE NEWARK NJ CLIMATE NORMALS FOR TODAY
                         NORMAL    RECORD    YEAR
 MAXIMUM TEMPERATURE (F)   40        71      1984
 MINIMUM TEMPERATURE (F)   26        -2      1933


SUNRISE AND SUNSET
DECEMBER 29 2014......SUNRISE   720 AM EST   SUNSET   437 PM EST
DECEMBER 30 2014......SUNRISE   720 AM EST   SUNSET   438 PM EST


-  INDICATES NEGATIVE NUMBERS.
R  INDICATES RECORD WAS SET OR TIED.
MM INDICATES DATA IS MISSING.
T  INDICATES TRACE AMOUNT.




$$
