000
CDUS41 KOKX 140624
CLIEWR


CLIMATE REPORT
NATIONAL WEATHER SERVICE NEW YORK NY
123 AM EST SUN FEB 14 2016


...................................

...THE NEWARK NJ CLIMATE SUMMARY FOR FEBRUARY 13 2016...

CLIMATE NORMAL PERIOD 1981 TO 2010
CLIMATE RECORD PERIOD 1929 TO 2016


WEATHER ITEM   OBSERVED TIME   RECORD YEAR NORMAL DEPARTURE LAST
                VALUE   (LST)  VALUE       VALUE  FROM      YEAR
                                                  NORMAL
..................................................................
TEMPERATURE (F)
 YESTERDAY
  MAXIMUM         24   1136 AM  65    1951  42    -18       21
  MINIMUM          7   1159 PM   4    1979  27    -20        7
                                      1967
  AVERAGE         16                        34    -18       14

PRECIPITATION (IN)
  YESTERDAY        T             1.90 1966   0.10  -0.10     0.00
  MONTH TO DATE    1.18                      1.30  -0.12     1.24
  SINCE DEC 1      9.59                      8.65   0.94    10.57
  SINCE JAN 1      5.19                      4.84   0.35     5.66

SNOWFALL (IN)
  YESTERDAY        T             9.4  2014   0.4   -0.4      0.0
  MONTH TO DATE    3.7                       4.4   -0.7      4.8
  SINCE OCT 1     33.3                      18.1   15.2     21.4
  SINCE JUL 1     33.3                      18.1   15.2     21.4
  SNOW DEPTH       0

DEGREE DAYS
 HEATING
  YESTERDAY       49                        31     18       51
  MONTH TO DATE  384                       414    -30      513
  SINCE DEC 1   1825                      2330   -505     2401
  SINCE JUL 1   2457                      3198   -741     3233

 COOLING
  YESTERDAY        0                         0      0        0
  MONTH TO DATE    0                         0      0        0
  SINCE DEC 1      0                         0      0        0
  SINCE JAN 1      0                         0      0        0
..................................................................


WIND (MPH)
  HIGHEST WIND SPEED    37   HIGHEST WIND DIRECTION     W (280)
  HIGHEST GUST SPEED    46   HIGHEST GUST DIRECTION     W (280)
  AVERAGE WIND SPEED    19.6


SKY COVER
  AVERAGE SKY COVER 0.5


WEATHER CONDITIONS
 THE FOLLOWING WEATHER WAS RECORDED YESTERDAY.
  LIGHT SNOW


RELATIVE HUMIDITY (PERCENT)
 HIGHEST    73           300 AM
 LOWEST     22           300 PM
 AVERAGE    48

..........................................................


THE NEWARK NJ CLIMATE NORMALS FOR TODAY
                         NORMAL    RECORD    YEAR
 MAXIMUM TEMPERATURE (F)   42        65      1946
 MINIMUM TEMPERATURE (F)   27         0      1979


SUNRISE AND SUNSET
FEBRUARY 14 2016......SUNRISE   653 AM EST   SUNSET   530 PM EST
FEBRUARY 15 2016......SUNRISE   651 AM EST   SUNSET   531 PM EST


-  INDICATES NEGATIVE NUMBERS.
R  INDICATES RECORD WAS SET OR TIED.
MM INDICATES DATA IS MISSING.
T  INDICATES TRACE AMOUNT.




$$
