536
CDUS43 KIND 250601
CLIEYE


CLIMATE REPORT
NATIONAL WEATHER SERVICE INDIANAPOLIS IN
1251 AM EST SUN FEB 25 2018


...................................

...THE INDIANAPOLIS EAGLE CREEK IN CLIMATE SUMMARY FOR FEBRUARY 24 2018...

CLIMATE NORMAL PERIOD 1981 TO 2010
CLIMATE RECORD PERIOD 9999 TO 9999


WEATHER ITEM   OBSERVED TIME   NORMAL DEPARTURE LAST
                VALUE   (LST)  VALUE  FROM      YEAR
                                      NORMAL
......................................................
TEMPERATURE (F)
 YESTERDAY
  MAXIMUM         56   1159 PM  43     13       72
  MINIMUM         41    741 AM  26     15       44
  AVERAGE         49            35     14       58

PRECIPITATION (IN)
  YESTERDAY        1.39          0.08   1.31     0.33
  MONTH TO DATE    4.14          1.80   2.34     0.75
  SINCE DEC 1      6.91          7.09  -0.18     6.22
  SINCE JAN 1      5.97          4.01   1.96     4.91

DEGREE DAYS
 HEATING
  YESTERDAY       16            30    -14        7
  MONTH TO DATE  694           806   -112      511
  SINCE DEC 1   2923          2983    -60     2488
  SINCE JUL 1   3818          4007   -189     3172

 COOLING
  YESTERDAY        0             0      0        0
  MONTH TO DATE    6             0      6        0
  SINCE DEC 1      6             0      6        0
  SINCE JAN 1      6             0      6        0
......................................................


WIND (MPH)
  HIGHEST WIND SPEED    26   HIGHEST WIND DIRECTION    SE (120)
  HIGHEST GUST SPEED    31   HIGHEST GUST DIRECTION    SE (120)
  AVERAGE WIND SPEED     8.7


SKY COVER
  AVERAGE SKY COVER 0.9


WEATHER CONDITIONS
 THE FOLLOWING WEATHER WAS RECORDED YESTERDAY.
  HEAVY RAIN
  RAIN
  LIGHT RAIN
  FOG


RELATIVE HUMIDITY (PERCENT)
 HIGHEST    96          1000 AM
 LOWEST     83           300 PM
 AVERAGE    90

..........................................................


THE INDIANAPOLIS EAGLE CREEK IN CLIMATE NORMALS FOR TODAY
                         NORMAL
 MAXIMUM TEMPERATURE (F)   44
 MINIMUM TEMPERATURE (F)   27


SUNRISE AND SUNSET
FEBRUARY 25 2018......SUNRISE   724 AM EST   SUNSET   633 PM EST
FEBRUARY 26 2018......SUNRISE   723 AM EST   SUNSET   634 PM EST


-  INDICATES NEGATIVE NUMBERS.
R  INDICATES RECORD WAS SET OR TIED.
MM INDICATES DATA IS MISSING.
T  INDICATES TRACE AMOUNT.




$$
