000
CDUS43 KIND 010533
CLIEYE


CLIMATE REPORT
NATIONAL WEATHER SERVICE INDIANAPOLIS IN
133 AM EDT WED JUL 1 2015


...................................

...THE INDIANAPOLIS EAGLE CREEK IN CLIMATE SUMMARY FOR JUNE 30 2015...

CLIMATE NORMAL PERIOD 1981 TO 2010
CLIMATE RECORD PERIOD 9999 TO 9999


WEATHER ITEM   OBSERVED TIME   NORMAL DEPARTURE LAST
                VALUE   (LST)  VALUE  FROM      YEAR
                                      NORMAL
......................................................
TEMPERATURE (F)
 YESTERDAY
  MAXIMUM         81    339 PM  84     -3       85
  MINIMUM         64    612 AM  67     -3       68
  AVERAGE         73            75     -2       77

PRECIPITATION (IN)
  YESTERDAY        0.01          0.12  -0.11     0.08
  MONTH TO DATE    5.17          4.39   0.78     6.06
  SINCE JUN 1      5.17          4.39   0.78     6.06
  SINCE JAN 1     17.52         21.20  -3.68    22.51

DEGREE DAYS
 HEATING
  YESTERDAY        0             0      0        0
  MONTH TO DATE   18            12      6        3
  SINCE JUN 1     18            14      4        3
  SINCE JUL 1   5940          5348    592     6229

 COOLING
  YESTERDAY        8            10     -2       12
  MONTH TO DATE  235           234      1      251
  SINCE JUN 1    235           234      1      251
  SINCE JAN 1    362           318     44      359
......................................................


WIND (MPH)
  HIGHEST WIND SPEED    16   HIGHEST WIND DIRECTION     W (270)
  HIGHEST GUST SPEED    22   HIGHEST GUST DIRECTION    NW (330)
  AVERAGE WIND SPEED     6.9


SKY COVER
  AVERAGE SKY COVER 0.2


WEATHER CONDITIONS
 THE FOLLOWING WEATHER WAS RECORDED YESTERDAY.
  THUNDERSTORM
  FOG


RELATIVE HUMIDITY (PERCENT)
 HIGHEST    93           200 AM
 LOWEST     54           200 PM
 AVERAGE    74

..........................................................


THE INDIANAPOLIS EAGLE CREEK IN CLIMATE NORMALS FOR TODAY
                         NORMAL
 MAXIMUM TEMPERATURE (F)   84
 MINIMUM TEMPERATURE (F)   67


SUNRISE AND SUNSET
JULY  1 2015..........SUNRISE   621 AM EDT   SUNSET   917 PM EDT
JULY  2 2015..........SUNRISE   621 AM EDT   SUNSET   917 PM EDT


-  INDICATES NEGATIVE NUMBERS.
R  INDICATES RECORD WAS SET OR TIED.
MM INDICATES DATA IS MISSING.
T  INDICATES TRACE AMOUNT.




$$
