000
CDUS43 KIND 300532
CLIEYE


CLIMATE REPORT
NATIONAL WEATHER SERVICE INDIANAPOLIS IN
132 AM EDT WED JUL 30 2014


...................................

...THE INDIANAPOLIS EAGLE CREEK IN CLIMATE SUMMARY FOR JULY 29 2014...

CLIMATE NORMAL PERIOD 1981 TO 2010
CLIMATE RECORD PERIOD 9999 TO 9999


WEATHER ITEM   OBSERVED TIME   NORMAL DEPARTURE LAST
                VALUE   (LST)  VALUE  FROM      YEAR
                                      NORMAL
......................................................
TEMPERATURE (F)
 YESTERDAY
  MAXIMUM         75    208 PM  83     -8       77
  MINIMUM         55    307 AM  66    -11       55
  AVERAGE         65            75    -10       66

PRECIPITATION (IN)
  YESTERDAY        0.37          0.10   0.27     0.00
  MONTH TO DATE    3.01          4.08  -1.07     1.70
  SINCE JUN 1      9.07          8.47   0.60     6.75
  SINCE JAN 1     25.52         25.28   0.24    25.59

DEGREE DAYS
 HEATING
  YESTERDAY        0             0      0        0
  MONTH TO DATE    5             0      5        3
  SINCE JUN 1      8            14     -6       17
  SINCE JUL 1      5             0      5        3

 COOLING
  YESTERDAY        0            10    -10        1
  MONTH TO DATE  149           300   -151      240
  SINCE JUN 1    400           534   -134      444
  SINCE JAN 1    508           618   -110      555
......................................................


WIND (MPH)
  HIGHEST WIND SPEED    28   HIGHEST WIND DIRECTION     N (360)
  HIGHEST GUST SPEED    34   HIGHEST GUST DIRECTION     N (360)
  AVERAGE WIND SPEED     4.7


SKY COVER
  AVERAGE SKY COVER 0.4


WEATHER CONDITIONS
 THE FOLLOWING WEATHER WAS RECORDED YESTERDAY.
  THUNDERSTORM
  HEAVY RAIN
  RAIN
  LIGHT RAIN
  FOG


RELATIVE HUMIDITY (PERCENT)
 HIGHEST    93           900 PM
 LOWEST     46           200 PM
 AVERAGE    70

..........................................................


THE INDIANAPOLIS EAGLE CREEK IN CLIMATE NORMALS FOR TODAY
                         NORMAL
 MAXIMUM TEMPERATURE (F)   83
 MINIMUM TEMPERATURE (F)   66


SUNRISE AND SUNSET
JULY 30 2014..........SUNRISE   642 AM EDT   SUNSET   901 PM EDT
JULY 31 2014..........SUNRISE   643 AM EDT   SUNSET   900 PM EDT


-  INDICATES NEGATIVE NUMBERS.
R  INDICATES RECORD WAS SET OR TIED.
MM INDICATES DATA IS MISSING.
T  INDICATES TRACE AMOUNT.




$$
