000
CDUS42 KKEY 302028
CLIEYW

CLIMATE REPORT
NATIONAL WEATHER SERVICE KEY WEST, FL
426 PM EDT SAT MAY 30 2015


...................................

...THE KEY WEST CLIMATE SUMMARY FOR MAY 30 2015...
VALID TODAY AS OF 0400 PM LOCAL TIME.

CLIMATE NORMAL PERIOD 1981 TO 2010
CLIMATE RECORD PERIOD 1871 TO 2015


WEATHER ITEM   OBSERVED TIME   RECORD YEAR NORMAL DEPARTURE LAST
                VALUE   (LST)  VALUE       VALUE  FROM      YEAR
                                                  NORMAL
..................................................................
TEMPERATURE (F)
 TODAY
  MAXIMUM         86    303 PM  92    1881  87     -1       87
  MINIMUM         78    221 AM  67    1932  78      0       81
  AVERAGE         82                        82      0       84

PRECIPITATION (IN)
  TODAY            0.00          7.20 1960   0.14  -0.14     0.00
  MONTH TO DATE    1.12                      2.86  -1.74     0.91
  SINCE MAR 1      9.20                      6.96   2.24     5.25
  SINCE JAN 1     12.43                     10.49   1.94    12.85

SNOWFALL (IN)
  TODAY            0.0
  MONTH TO DATE    0.0
  SINCE MAR 1      0.0
  SINCE JUL 1      0.0
  SNOW DEPTH       0

DEGREE DAYS
 HEATING
  TODAY            0                         0      0        0
  MONTH TO DATE    0                         0      0        0
  SINCE MAR 1      0                         7     -7        0
  SINCE JUL 1     27                        73    -46       22

 COOLING
  TODAY           17                        17      0       19
  MONTH TO DATE  497                       460     37      508
  SINCE MAR 1   1341                      1066    275     1176
  SINCE JAN 1   1699                      1414    285     1602
..................................................................


WIND (MPH)
  HIGHEST WIND SPEED    15   HIGHEST WIND DIRECTION     E (100)
  HIGHEST GUST SPEED    19   HIGHEST GUST DIRECTION    SE (150)
  AVERAGE WIND SPEED    10.1


SKY COVER
  POSSIBLE SUNSHINE  MM
  AVERAGE SKY COVER 0.1


WEATHER CONDITIONS
 THE FOLLOWING WEATHER WAS RECORDED TODAY.
  NO SIGNIFICANT WEATHER WAS OBSERVED.


RELATIVE HUMIDITY (PERCENT)
 HIGHEST    79
 LOWEST     57
 AVERAGE    68

..........................................................


THE KEY WEST CLIMATE NORMALS FOR TOMORROW
                         NORMAL    RECORD    YEAR
 MAXIMUM TEMPERATURE (F)   87        93      1881
 MINIMUM TEMPERATURE (F)   78        70      1934
                                             1912


SUNRISE AND SUNSET
MAY 30 2015...........SUNRISE   638 AM EDT   SUNSET   811 PM EDT
MAY 31 2015...........SUNRISE   638 AM EDT   SUNSET   811 PM EDT


-  INDICATES NEGATIVE NUMBERS.
R  INDICATES RECORD WAS SET OR TIED.
MM INDICATES DATA IS MISSING.
T  INDICATES TRACE AMOUNT.


$$
