000
CDUS42 KKEY 290539
CLIEYW


CLIMATE REPORT
NATIONAL WEATHER SERVICE KEY WEST, FL
136 AM EDT SAT APR 29 2017


...................................

...THE KEY WEST CLIMATE SUMMARY FOR APRIL 28 2017...

CLIMATE NORMAL PERIOD 1981 TO 2010
CLIMATE RECORD PERIOD 1871 TO 2017


WEATHER ITEM   OBSERVED TIME   RECORD YEAR NORMAL DEPARTURE LAST
               VALUE    (LST)  VALUE       VALUE  FROM      YEAR
                                                  NORMAL
..................................................................
TEMPERATURE (F)
 YESTERDAY
  MAXIMUM         85    309 PM  90    1873  83      2       84
  MINIMUM         79    720 PM  61    2000  73      6       75
  AVERAGE         82                        78      4       80

PRECIPITATION (IN)
  YESTERDAY        0.00          2.36 1941   0.05  -0.05     0.00
  MONTH TO DATE    3.88                      1.95   1.93     1.40
  SINCE MAR 1      4.81                      4.00   0.81     1.70
  SINCE JAN 1      7.86                      7.53   0.33     8.78

SNOWFALL (IN)
  YESTERDAY        0.0
  MONTH TO DATE    0.0
  SINCE MAR 1      0.0
  SINCE JUL 1      0.0
  SNOW DEPTH       0

DEGREE DAYS
 HEATING
  YESTERDAY        0                         0      0        0
  MONTH TO DATE    0                         0      0        0
  SINCE MAR 1      0                         7     -7        0
  SINCE JUL 1      5                        73    -68       24

 COOLING
  YESTERDAY       17                        13      4       15
  MONTH TO DATE  354                       317     37      337
  SINCE MAR 1    660                       579     81      662
  SINCE JAN 1   1200                       927    273      990
..................................................................


WIND (MPH)
  HIGHEST WIND SPEED    24   HIGHEST WIND DIRECTION     E (100)
  HIGHEST GUST SPEED    29   HIGHEST GUST DIRECTION     E (100)
  AVERAGE WIND SPEED    15.0


SKY COVER
  POSSIBLE SUNSHINE  MM
  AVERAGE SKY COVER 0.2


WEATHER CONDITIONS
 THE FOLLOWING WEATHER WAS RECORDED YESTERDAY.
  FOG


RELATIVE HUMIDITY (PERCENT)
 HIGHEST    94
 LOWEST     74
 AVERAGE    84

..........................................................


THE KEY WEST CLIMATE NORMALS FOR TODAY
                         NORMAL    RECORD    YEAR
 MAXIMUM TEMPERATURE (F)   83        89      1991
                                             1881
                                             1873
 MINIMUM TEMPERATURE (F)   73        61      1992


SUNRISE AND SUNSET
APRIL 29 2017.........SUNRISE   653 AM EDT   SUNSET   756 PM EDT
APRIL 30 2017.........SUNRISE   652 AM EDT   SUNSET   756 PM EDT


-  INDICATES NEGATIVE NUMBERS.
R  INDICATES RECORD WAS SET OR TIED.
MM INDICATES DATA IS MISSING.
T  INDICATES TRACE AMOUNT.


$$
