234
CDUS42 KKEY 100540
CLIEYW

CLIMATE REPORT
NATIONAL WEATHER SERVICE KEY WEST, FL
1239 AM EST WED FEB 10 2016


...................................

...THE KEY WEST CLIMATE SUMMARY FOR FEBRUARY 9 2016...

CLIMATE NORMAL PERIOD 1981 TO 2010
CLIMATE RECORD PERIOD 1871 TO 2016


WEATHER ITEM   OBSERVED TIME   RECORD YEAR NORMAL DEPARTURE LAST
                VALUE   (LST)  VALUE       VALUE  FROM      YEAR
                                                  NORMAL
..................................................................
TEMPERATURE (F)
 YESTERDAY
  MAXIMUM         70   1248 PM  84    1957  76     -6       77
                                      1956
                                      1927
  MINIMUM         65   1148 PM  48    1995  66     -1       68
  AVERAGE         68                        71     -3       73

PRECIPITATION (IN)
  YESTERDAY        T             2.35 1941   0.05  -0.05     0.37
  MONTH TO DATE    2.84                      0.47   2.37     1.00
  SINCE DEC 1     10.78                      4.73   6.05     4.28
  SINCE JAN 1      6.20                      2.51   3.69     2.03

SNOWFALL (IN)
  YESTERDAY        0.0
  MONTH TO DATE    0.0
  SINCE DEC 1      0.0
  SINCE JUL 1      0.0
  SNOW DEPTH       0

DEGREE DAYS
 HEATING
  YESTERDAY        0                         1     -1        0
  MONTH TO DATE    4                         9     -5        0
  SINCE DEC 1     17                        59    -42        5
  SINCE JUL 1     17                        60    -43        6

 COOLING
  YESTERDAY        3                         6     -3        8
  MONTH TO DATE   60                        54      6       47
  SINCE DEC 1    635                       436    199      531
  SINCE JAN 1    236                       219     17      278
..................................................................


WIND (MPH)
  HIGHEST WIND SPEED    22   HIGHEST WIND DIRECTION    NW (310)
  HIGHEST GUST SPEED    28   HIGHEST GUST DIRECTION    NW (300)
  AVERAGE WIND SPEED    13.3


SKY COVER
  POSSIBLE SUNSHINE  MM
  AVERAGE SKY COVER 0.5


WEATHER CONDITIONS
 THE FOLLOWING WEATHER WAS RECORDED YESTERDAY.
  NO SIGNIFICANT WEATHER WAS OBSERVED.


RELATIVE HUMIDITY (PERCENT)
 HIGHEST    87
 LOWEST     61
 AVERAGE    74

..........................................................


THE KEY WEST CLIMATE NORMALS FOR TODAY
                         NORMAL    RECORD    YEAR
 MAXIMUM TEMPERATURE (F)   76        84      1959
                                             1957
                                             1937
 MINIMUM TEMPERATURE (F)   66        49      1895


SUNRISE AND SUNSET
FEBRUARY 10 2016......SUNRISE   704 AM EST   SUNSET   618 PM EST
FEBRUARY 11 2016......SUNRISE   704 AM EST   SUNSET   619 PM EST


-  INDICATES NEGATIVE NUMBERS.
R  INDICATES RECORD WAS SET OR TIED.
MM INDICATES DATA IS MISSING.
T  INDICATES TRACE AMOUNT.




$$
