000
CDUS42 KKEY 290601
CLIEYW

CLIMATE REPORT
NATIONAL WEATHER SERVICE KEY WEST, FL
149 AM EDT TUE JUL 29 2014


...................................

...THE KEY WEST CLIMATE SUMMARY FOR JULY 28 2014...

CLIMATE NORMAL PERIOD 1981 TO 2010
CLIMATE RECORD PERIOD 1871 TO 2014


WEATHER ITEM   OBSERVED TIME   RECORD YEAR NORMAL DEPARTURE LAST
                VALUE   (LST)  VALUE       VALUE  FROM      YEAR
                                                  NORMAL
..................................................................
TEMPERATURE (F)
 YESTERDAY
  MAXIMUM         92    410 PM  95    1881  90      2       88
  MINIMUM         84   1135 PM  70    1916  80      4       80
  AVERAGE         88                        85      3       84

PRECIPITATION (IN)
  YESTERDAY        T             7.14 1916   0.11  -0.11     0.00
  MONTH TO DATE    1.96                      3.19  -1.23     7.80
  SINCE JUN 1      4.34                      7.30  -2.96    16.34
  SINCE JAN 1     17.19                     17.93  -0.74    31.13

SNOWFALL (IN)
  YESTERDAY        0.0
  MONTH TO DATE    0.0
  SINCE JUN 1      0.0
  SINCE JUL 1      0.0
  SNOW DEPTH       0

DEGREE DAYS
 HEATING
  YESTERDAY        0                         0      0        0
  MONTH TO DATE    0                         0      0        0
  SINCE JUN 1      0                         0      0        0
  SINCE JUL 1      0                         0      0        0

 COOLING
  YESTERDAY       23                        20      3       19
  MONTH TO DATE  604                       548     56      495
  SINCE JUN 1   1162                      1097     65     1053
  SINCE JAN 1   2784                      2527    257     2682
..................................................................


WIND (MPH)
  HIGHEST WIND SPEED     9   HIGHEST WIND DIRECTION     N (340)
  HIGHEST GUST SPEED    14   HIGHEST GUST DIRECTION     N (340)
  AVERAGE WIND SPEED     3.7


SKY COVER
  POSSIBLE SUNSHINE  MM
  AVERAGE SKY COVER 0.3


WEATHER CONDITIONS
 THE FOLLOWING WEATHER WAS RECORDED YESTERDAY.
  NO SIGNIFICANT WEATHER WAS OBSERVED.


RELATIVE HUMIDITY (PERCENT)
 HIGHEST    80
 LOWEST     63
 AVERAGE    72

..........................................................


THE KEY WEST CLIMATE NORMALS FOR TODAY
                         NORMAL    RECORD    YEAR
 MAXIMUM TEMPERATURE (F)   90        95      1880
                                             1872
 MINIMUM TEMPERATURE (F)   80        73      1996
                                             1983


SUNRISE AND SUNSET
JULY 29 2014..........SUNRISE   654 AM EDT   SUNSET   813 PM EDT
JULY 30 2014..........SUNRISE   654 AM EDT   SUNSET   812 PM EDT


-  INDICATES NEGATIVE NUMBERS.
R  INDICATES RECORD WAS SET OR TIED.
MM INDICATES DATA IS MISSING.
T  INDICATES TRACE AMOUNT.




$$
