188
CDUS42 KKEY 232118
CLIEYW

CLIMATE REPORT
NATIONAL WEATHER SERVICE KEY WEST, FL
416 PM EST TUE JAN 23 2018

...................................

...THE KEY WEST CLIMATE SUMMARY FOR JANUARY 23 2018...
VALID TODAY AS OF 0400 PM LOCAL TIME.

CLIMATE NORMAL PERIOD 1981 TO 2010
CLIMATE RECORD PERIOD 1871 TO 2018

WEATHER ITEM   OBSERVED TIME   RECORD YEAR NORMAL DEPARTURE LAST
                VALUE   (LST)  VALUE       VALUE  FROM      YEAR
                                                  NORMAL
..................................................................

TEMPERATURE (F)
 TODAY
  MAXIMUM         79    350 PM  86    1877  74      5       79
  MINIMUM         71    345 AM  47    2009  64      7       72
  AVERAGE         75                        69      6       76

PRECIPITATION (IN)
  TODAY            T             5.69 1983   0.07  -0.07     0.47
  MONTH TO DATE    0.75                      1.53  -0.78     0.78
  SINCE DEC 1      2.03                      3.75  -1.72     2.52
  SINCE JAN 1      0.75                      1.53  -0.78     0.78

SNOWFALL (IN)
  TODAY            0.0
  MONTH TO DATE    0.0
  SINCE DEC 1      0.0
  SINCE JUL 1      0.0
  SNOW DEPTH       0

DEGREE DAYS
 HEATING
  TODAY            0                         1     -1        0
  MONTH TO DATE   33                        23     10        3
  SINCE DEC 1     42                        40      2        3
  SINCE JUL 1     42                        41      1        3

 COOLING
  TODAY           10                         5      5       11
  MONTH TO DATE   74                       117    -43      222
  SINCE DEC 1    334                       334      0      615
  SINCE JAN 1     74                       117    -43      222

..................................................................

WIND (MPH)
  HIGHEST WIND SPEED     9   HIGHEST WIND DIRECTION     E (110)
  HIGHEST GUST SPEED    13   HIGHEST GUST DIRECTION    SE (140)
  AVERAGE WIND SPEED     6.5

SKY COVER
  POSSIBLE SUNSHINE  MM
  AVERAGE SKY COVER 0.6

WEATHER CONDITIONS
 THE FOLLOWING WEATHER WAS RECORDED TODAY.
  LIGHT RAIN

RELATIVE HUMIDITY (PERCENT)
 HIGHEST   100
 LOWEST     85
 AVERAGE    93

..........................................................

THE KEY WEST CLIMATE NORMALS FOR TOMORROW
                         NORMAL    RECORD    YEAR
 MAXIMUM TEMPERATURE (F)   74        83      2007
                                             1881
                                             1880
 MINIMUM TEMPERATURE (F)   64        45      2003


SUNRISE AND SUNSET

JANUARY 23 2018.......SUNRISE   712 AM EST   SUNSET   606 PM EST
JANUARY 24 2018.......SUNRISE   712 AM EST   SUNSET   607 PM EST

-  INDICATES NEGATIVE NUMBERS.
R  INDICATES RECORD WAS SET OR TIED.
MM INDICATES DATA IS MISSING.
T  INDICATES TRACE AMOUNT.

$$

SC
