000
CDUS42 KKEY 280533
CLIEYW

CLIMATE REPORT
NATIONAL WEATHER SERVICE KEY WEST, FL
132 AM EDT THU JUL 28 2016

...................................

...THE KEY WEST CLIMATE SUMMARY FOR JULY 27 2016...

CLIMATE NORMAL PERIOD 1981 TO 2010
CLIMATE RECORD PERIOD 1871 TO 2016


WEATHER ITEM   OBSERVED TIME   RECORD YEAR NORMAL DEPARTURE LAST
                VALUE   (LST)  VALUE       VALUE  FROM      YEAR
                                                  NORMAL
..................................................................
TEMPERATURE (F)
 YESTERDAY
  MAXIMUM         89    439 PM  94    1957  90     -1       89
                                      1956
                                      1881
  MINIMUM         75    422 AM  70    1930  80     -5       83
  AVERAGE         82                        85     -3       86

PRECIPITATION (IN)
  YESTERDAY        0.46          2.32 1876   0.12   0.34     0.00
  MONTH TO DATE    3.39                      3.08   0.31     0.67
  SINCE JUN 1      4.53                      7.19  -2.66     3.31
  SINCE JAN 1     16.18                     17.82  -1.64    15.74

SNOWFALL (IN)
  YESTERDAY        0.0
  MONTH TO DATE    0.0
  SINCE JUN 1      0.0
  SINCE JUL 1      0.0
  SNOW DEPTH       0

DEGREE DAYS
 HEATING
  YESTERDAY        0                         0      0        0
  MONTH TO DATE    0                         0      0        0
  SINCE JUN 1      0                         0      0        0
  SINCE JUL 1      0                         0      0        0

 COOLING
  YESTERDAY       17                        20     -3       21
  MONTH TO DATE  552                       528     24      567
  SINCE JUN 1   1123                      1077     46     1138
  SINCE JAN 1   2614                      2507    107     2855
..................................................................


WIND (MPH)
  HIGHEST WIND SPEED    35   HIGHEST WIND DIRECTION    SE (120)
  HIGHEST GUST SPEED    44   HIGHEST GUST DIRECTION    SE (120)
  AVERAGE WIND SPEED    12.7


SKY COVER
  POSSIBLE SUNSHINE  MM
  AVERAGE SKY COVER 0.3


WEATHER CONDITIONS
 THE FOLLOWING WEATHER WAS RECORDED YESTERDAY.
  THUNDERSTORM
  HEAVY RAIN
  LIGHT RAIN
  FOG


RELATIVE HUMIDITY (PERCENT)
 HIGHEST    94
 LOWEST     70
 AVERAGE    82

..........................................................


THE KEY WEST CLIMATE NORMALS FOR TODAY
                         NORMAL    RECORD    YEAR
 MAXIMUM TEMPERATURE (F)   90        95      1881
 MINIMUM TEMPERATURE (F)   80        70      1916


SUNRISE AND SUNSET
JULY 28 2016..........SUNRISE   654 AM EDT   SUNSET   813 PM EDT
JULY 29 2016..........SUNRISE   654 AM EDT   SUNSET   812 PM EDT


-  INDICATES NEGATIVE NUMBERS.
R  INDICATES RECORD WAS SET OR TIED.
MM INDICATES DATA IS MISSING.
T  INDICATES TRACE AMOUNT.

$$
