000
CDAK49 PAFG 300936
CLIFAI

CLIMATE REPORT
NATIONAL WEATHER SERVICE FAIRBANKS AK
136 AM AKDT SUN AUG 30 2015

...................................

...THE FAIRBANKS AK CLIMATE SUMMARY FOR AUGUST 29 2015...

CLIMATE NORMAL PERIOD 1981 TO 2010
CLIMATE RECORD PERIOD 1904 TO 2015


WEATHER ITEM   OBSERVED TIME   RECORD YEAR NORMAL DEPARTURE LAST
                VALUE   (LST)  VALUE       VALUE  FROM      YEAR
                                                  NORMAL
..................................................................
TEMPERATURE (F)
 YESTERDAY
  MAXIMUM         47    554 PM  84    1949  63    -16       55
  MINIMUM         39    833 AM  24    1922  42     -3       43
  AVERAGE         43                        52     -9       49

PRECIPITATION (IN)
  YESTERDAY        0.13          1.42 1962   0.06   0.07     0.07
  MONTH TO DATE    2.57                      1.78   0.79     2.29
  SINCE JUN 1      6.38                      5.31   1.07    11.63
  SINCE JAN 1      7.95                      7.47   0.48    12.72

SNOWFALL (IN)
  YESTERDAY       MM             3.0  1922   0.0   MM        0.0
  MONTH TO DATE    0.0                       0.0    0.0      0.0
  SINCE JUN 1      0.0                       0.0    0.0      0.0
  SINCE JUL 1      0.0                       0.0    0.0      0.0
  SNOW DEPTH       0

DEGREE DAYS
 HEATING
  YESTERDAY       22                        13      9       16
  MONTH TO DATE  275                       253     22      141
  SINCE JUN 1    560                       521     39      470
  SINCE JUL 1    379                       361     18      278

 COOLING
  YESTERDAY        0                         0      0        0
  MONTH TO DATE    5                         0      5        7
  SINCE JUN 1     60                        54      6       27
  SINCE JAN 1     62                        55      7       27
..................................................................


WIND (MPH)
  HIGHEST GUST SPEED    12   HIGHEST GUST DIRECTION    SE (140)


SKY COVER
  AVERAGE SKY COVER 1.0


WEATHER CONDITIONS
 THE FOLLOWING WEATHER WAS RECORDED YESTERDAY.
  LIGHT RAIN
  FOG


RELATIVE HUMIDITY (PERCENT)
 HIGHEST    92
 LOWEST     70
 AVERAGE    81

..........................................................


THE FAIRBANKS AK CLIMATE NORMALS FOR TODAY
                         NORMAL    RECORD    YEAR
 MAXIMUM TEMPERATURE (F)   62        83      1974
 MINIMUM TEMPERATURE (F)   42        21      1922


SUNRISE AND SUNSET
AUGUST 30 2015..........SUNRISE  626 AM AKDT   SUNSET  917 PM AKDT
AUGUST 31 2015..........SUNRISE  629 AM AKDT   SUNSET  914 PM AKDT


-  INDICATES NEGATIVE NUMBERS.
R  INDICATES RECORD WAS SET OR TIED.
MM INDICATES DATA IS MISSING.
T  INDICATES TRACE AMOUNT.

&&

SNOW DEPTH IS MEASURED AT 3AM AKST/4AM AKDT

----------------------------
AVAILABLE DAYLIGHT

AMOUNT OF DAYLIGHT TODAY  (HOUR:MIN)........14:51
LOSS SINCE YESTERDAY........................6 MINUTES
----------------------------

$$
EWP AUG 15
