000
CDAK49 PAFG 201152
CLIFAI

CLIMATE REPORT
NATIONAL WEATHER SERVICE FAIRBANKS AK
252 AM AKST FRI JAN 20 2017

...................................

...THE FAIRBANKS AK CLIMATE SUMMARY FOR JANUARY 19 2017...

CLIMATE NORMAL PERIOD 1981 TO 2010
CLIMATE RECORD PERIOD 1904 TO 2017


WEATHER ITEM   OBSERVED TIME   RECORD YEAR NORMAL DEPARTURE LAST
                VALUE   (LST)  VALUE       VALUE  FROM      YEAR
                                                  NORMAL
..................................................................
TEMPERATURE (F)
 YESTERDAY
  MAXIMUM        -25   1058 PM  42    1981   0    -25        8
  MINIMUM        -48   1124 AM -64    1906 -16    -32        1
  AVERAGE        -36                        -9    -27        5

PRECIPITATION (IN)
  YESTERDAY        0.00          1.01 1937   0.02  -0.02      T
  MONTH TO DATE    0.82                      0.38   0.44      T
  SINCE DEC 1      2.78                      1.02   1.76     0.07
  SINCE JAN 1      0.82                      0.38   0.44      T

SNOWFALL (IN)
  YESTERDAY        0.0          15.5  1937   0.3   -0.3       T
  MONTH TO DATE   13.8                       6.7    7.1      0.6
  SINCE DEC 1     46.7                      18.8   27.9      1.7
  SINCE JUL 1     51.9                      44.6    7.3     51.8
  SNOW DEPTH      21

DEGREE DAYS
 HEATING
  YESTERDAY      101                        74     27       60
  MONTH TO DATE 1456                      1390     66     1168
  SINCE DEC 1   3722                      3531    191     3240
  SINCE JUL 1   7492                      7662   -170     7028

 COOLING
  YESTERDAY        0                         0      0        0
  MONTH TO DATE    0                         0      0        0
  SINCE DEC 1      0                         0      0        0
  SINCE JAN 1      0                         0      0        0
..................................................................


WIND (MPH)
  HIGHEST GUST SPEED    10   HIGHEST GUST DIRECTION    NE (40)


SKY COVER
  AVERAGE SKY COVER 0.7


WEATHER CONDITIONS
 THE FOLLOWING WEATHER WAS RECORDED YESTERDAY.
  FOG


RELATIVE HUMIDITY (PERCENT)
 HIGHEST    82
 LOWEST     77
 AVERAGE    80

..........................................................


THE FAIRBANKS AK CLIMATE NORMALS FOR TODAY
                         NORMAL    RECORD    YEAR
 MAXIMUM TEMPERATURE (F)    0        45      1961
 MINIMUM TEMPERATURE (F)  -16       -65      1906


SUNRISE AND SUNSET
JANUARY 20 2017..........SUNRISE  1012 AM AKST   SUNSET  354 PM AKST
JANUARY 21 2017..........SUNRISE  1009 AM AKST   SUNSET  357 PM AKST


-  INDICATES NEGATIVE NUMBERS.
R  INDICATES RECORD WAS SET OR TIED.
MM INDICATES DATA IS MISSING.
T  INDICATES TRACE AMOUNT.

&&

SNOW DEPTH IS MEASURED AT 3AM AKST/4AM AKDT

----------------------------
AVAILABLE DAYLIGHT

AMOUNT OF DAYLIGHT TODAY  (HOUR:MIN)........5:42
GAIN SINCE YESTERDAY........................6 MINUTES
----------------------------

$$
BJB JAN 17
