000
CDAK49 PAFG 030051
CLIFAI

CLIMATE REPORT
NATIONAL WEATHER SERVICE FAIRBANKS AK
451 PM AKDT TUE SEP 2 2014

...................................

...THE FAIRBANKS AK CLIMATE SUMMARY FOR SEPTEMBER 2 2014...
VALID TODAY AS OF 0400 PM LOCAL TIME.

CLIMATE NORMAL PERIOD 1981 TO 2010
CLIMATE RECORD PERIOD 1904 TO 2014


WEATHER ITEM   OBSERVED TIME   RECORD YEAR NORMAL DEPARTURE LAST
                VALUE   (LST)  VALUE       VALUE  FROM      YEAR
                                                  NORMAL
..................................................................
TEMPERATURE (F)
 TODAY
  MAXIMUM         51    429 AM  74    1917  61    -10       61
  MINIMUM         42   1055 AM  18    1922  41      1       47
  AVERAGE         47                        51     -4       54

PRECIPITATION (IN)
  TODAY            0.81          0.86 1955   0.05   0.76     0.31
  MONTH TO DATE    2.24                      0.10   2.14     0.33
  SINCE SEP 1      2.24                      0.10   2.14     0.33
  SINCE JAN 1     14.96                      7.67   7.29     6.13

SNOWFALL (IN)
  TODAY            0.0            1.6  1980   0.0   MM        0.0
  MONTH TO DATE    0.0                       0.0    0.0      0.0
  SINCE SEP 1      0.0                       0.0    0.0      0.0
  SINCE JUL 1      0.0                       T      0.0      0.0
  SNOW DEPTH       0

DEGREE DAYS
 HEATING
  TODAY           18                        14      4       11
  MONTH TO DATE   41                        28     13       32
  SINCE SEP 1     41                        28     13       32
  SINCE JUL 1    362                       417    -55      291

 COOLING
  TODAY            0                         0      0        0
  MONTH TO DATE    0                         0      0        0
  SINCE SEP 1      0                         0      0        0
  SINCE JAN 1     27                        61    -34      226
..................................................................


WIND (MPH)
  HIGHEST GUST SPEED    28   HIGHEST GUST DIRECTION     W (250)


SKY COVER
  AVERAGE SKY COVER 0.9


WEATHER CONDITIONS
 THE FOLLOWING WEATHER WAS RECORDED TODAY.
  RAIN
  LIGHT RAIN
  FOG


RELATIVE HUMIDITY (PERCENT)
 HIGHEST    86
 LOWEST     50
 AVERAGE    68

..........................................................


THE FAIRBANKS AK CLIMATE NORMALS FOR TOMORROW
                         NORMAL    RECORD    YEAR
 MAXIMUM TEMPERATURE (F)   61        78      1917
 MINIMUM TEMPERATURE (F)   40        23      1928


SUNRISE AND SUNSET
SEPTEMBER 02 2014..........SUNRISE  636 AM AKDT   SUNSET  905 PM AKDT
SEPTEMBER 03 2014..........SUNRISE  639 AM AKDT   SUNSET  902 PM AKDT


-  INDICATES NEGATIVE NUMBERS.
R  INDICATES RECORD WAS SET OR TIED.
MM INDICATES DATA IS MISSING.
T  INDICATES TRACE AMOUNT.

&&

SNOW DEPTH IS MEASURED AT 3AM AKST/4AM AKDT

----------------------------
AVAILABLE DAYLIGHT

AMOUNT OF DAYLIGHT TODAY  (HOUR:MIN)........14:29
LOSS SINCE YESTERDAY........................7 MINUTES
----------------------------

$$
RM SEP 14
