000
CDAK49 PAFG 240933
CLIFAI

CLIMATE REPORT
NATIONAL WEATHER SERVICE FAIRBANKS AK
133 AM AKDT WED AUG 24 2016

...................................

...THE FAIRBANKS AK CLIMATE SUMMARY FOR AUGUST 23 2016...

CLIMATE NORMAL PERIOD 1981 TO 2010
CLIMATE RECORD PERIOD 1904 TO 2016


WEATHER ITEM   OBSERVED TIME   RECORD YEAR NORMAL DEPARTURE LAST
                VALUE   (LST)  VALUE       VALUE  FROM      YEAR
                                                  NORMAL
..................................................................
TEMPERATURE (F)
 YESTERDAY
  MAXIMUM         72    552 PM  83    1923  64      8       54
  MINIMUM         51    133 AM  28    1994  44      7       47
                                      1986
                                      1948
  AVERAGE         62                        54      8       51

PRECIPITATION (IN)
  YESTERDAY        0.01          0.68 2013   0.06  -0.05     0.04
  MONTH TO DATE    1.38                      1.45  -0.07     0.93
  SINCE JUN 1      9.64                      4.98   4.66     4.74
  SINCE JAN 1     11.53                      7.14   4.39     6.31

SNOWFALL (IN)
  YESTERDAY        0.0           0.0  2002   0.0    0.0      0.0
                                      2001
                                      2000
  MONTH TO DATE    0.0                       0.0    0.0      0.0
  SINCE JUN 1      0.0                       0.0    0.0      0.0
  SINCE JUL 1      0.0                       0.0    0.0      0.0
  SNOW DEPTH       0

DEGREE DAYS
 HEATING
  YESTERDAY        3                        11     -8       14
  MONTH TO DATE   71                       182   -111      174
  SINCE JUN 1    316                       450   -134      459
  SINCE JUL 1    155                       290   -135      278

 COOLING
  YESTERDAY        0                         0      0        0
  MONTH TO DATE    8                         0      8        5
  SINCE JUN 1     70                        54     16       60
  SINCE JAN 1     76                        55     21       62
..................................................................


WIND (MPH)
  HIGHEST GUST SPEED    20   HIGHEST GUST DIRECTION     S (190)


SKY COVER
  AVERAGE SKY COVER 0.8


WEATHER CONDITIONS
 THE FOLLOWING WEATHER WAS RECORDED YESTERDAY.
  NO SIGNIFICANT WEATHER WAS OBSERVED.


RELATIVE HUMIDITY (PERCENT)
 HIGHEST    93
 LOWEST     44
 AVERAGE    69

..........................................................


THE FAIRBANKS AK CLIMATE NORMALS FOR TODAY
                         NORMAL    RECORD    YEAR
 MAXIMUM TEMPERATURE (F)   64        86      1928
 MINIMUM TEMPERATURE (F)   44        23      1948


SUNRISE AND SUNSET
AUGUST 24 2016..........SUNRISE  609 AM AKDT   SUNSET  937 PM AKDT
AUGUST 25 2016..........SUNRISE  613 AM AKDT   SUNSET  933 PM AKDT


-  INDICATES NEGATIVE NUMBERS.
R  INDICATES RECORD WAS SET OR TIED.
MM INDICATES DATA IS MISSING.
T  INDICATES TRACE AMOUNT.

&&

SNOW DEPTH IS MEASURED AT 3AM AKST/4AM AKDT

----------------------------
AVAILABLE DAYLIGHT

AMOUNT OF DAYLIGHT TODAY  (HOUR:MIN)........15:28
LOSS SINCE YESTERDAY........................7 MINUTES
----------------------------

$$
CCC AUG 16
