000
CDAK49 PAFG 280052
CLIFAI

CLIMATE REPORT
NATIONAL WEATHER SERVICE FAIRBANKS AK
452 PM AKDT THU APR 27 2017

...................................

...THE FAIRBANKS AK CLIMATE SUMMARY FOR APRIL 27 2017...
VALID TODAY AS OF 0400 PM LOCAL TIME.

CLIMATE NORMAL PERIOD 1981 TO 2010
CLIMATE RECORD PERIOD 1904 TO 2017


WEATHER ITEM   OBSERVED TIME   RECORD YEAR NORMAL DEPARTURE LAST
                VALUE   (LST)  VALUE       VALUE  FROM      YEAR
                                                  NORMAL
..................................................................
TEMPERATURE (F)
 TODAY
  MAXIMUM         50    259 PM  70    2005  52     -2       61
  MINIMUM         32    508 AM   7    1909  29      3       40
  AVERAGE         41                        41      0       51

PRECIPITATION (IN)
  TODAY            0.00          0.30 2002   0.01  -0.01     0.19
  MONTH TO DATE    0.09                      0.26  -0.17     0.52
  SINCE MAR 1      0.26                      0.51  -0.25     1.05
  SINCE JAN 1      2.46                      1.51   0.95     1.11

SNOWFALL (IN)
  TODAY            0.0           2.0  1915   0.1   -0.1      0.0
  MONTH TO DATE    1.2                       2.7   -1.5      3.7
  SINCE MAR 1      4.7                       7.6   -2.9      7.4
  SINCE JUL 1     83.1                      63.9   19.2     60.0
  SNOW DEPTH       T

DEGREE DAYS
 HEATING
  TODAY           24                        24      0       14
  MONTH TO DATE  795                       904   -109      616
  SINCE MAR 1   2894                      2564    330     2012
  SINCE JUL 1  13024                     12954     70    11418

 COOLING
  TODAY            0                         0      0        0
  MONTH TO DATE    0                         0      0        0
  SINCE MAR 1      0                         0      0        0
  SINCE JAN 1      0                         0      0        0
..................................................................


WIND (MPH)
  HIGHEST GUST SPEED    15   HIGHEST GUST DIRECTION     N (350)


SKY COVER
  AVERAGE SKY COVER 0.7


WEATHER CONDITIONS
 THE FOLLOWING WEATHER WAS RECORDED TODAY.
  NO SIGNIFICANT WEATHER WAS OBSERVED.


RELATIVE HUMIDITY (PERCENT)
 HIGHEST    75
 LOWEST     42
 AVERAGE    59

..........................................................


THE FAIRBANKS AK CLIMATE NORMALS FOR TOMORROW
                         NORMAL    RECORD    YEAR
 MAXIMUM TEMPERATURE (F)   53        69      1953
 MINIMUM TEMPERATURE (F)   30         2      2013


SUNRISE AND SUNSET
APRIL 27 2017..........SUNRISE  531 AM AKDT   SUNSET  1009 PM AKDT
APRIL 28 2017..........SUNRISE  528 AM AKDT   SUNSET  1012 PM AKDT


-  INDICATES NEGATIVE NUMBERS.
R  INDICATES RECORD WAS SET OR TIED.
MM INDICATES DATA IS MISSING.
T  INDICATES TRACE AMOUNT.

&&

SNOW DEPTH IS MEASURED AT 3AM AKST/4AM AKDT

----------------------------
AVAILABLE DAYLIGHT

AMOUNT OF DAYLIGHT TODAY  (HOUR:MIN)........16:38
GAIN SINCE YESTERDAY........................7 MINUTES
----------------------------

$$
CCC APR 17
