000
CDAK49 PAFG 260956
CLIFAI

CLIMATE REPORT
NATIONAL WEATHER SERVICE FAIRBANKS AK
156 AM AKDT MON JUN 26 2017

...................................

...THE FAIRBANKS AK CLIMATE SUMMARY FOR JUNE 25 2017...

CLIMATE NORMAL PERIOD 1981 TO 2010
CLIMATE RECORD PERIOD 1904 TO 2017


WEATHER ITEM   OBSERVED TIME   RECORD YEAR NORMAL DEPARTURE LAST
                VALUE   (LST)  VALUE       VALUE  FROM      YEAR
                                                  NORMAL
..................................................................
TEMPERATURE (F)
 YESTERDAY
  MAXIMUM         71    311 PM  92    2013  74     -3       81
                                      1916
  MINIMUM         50    401 AM  38    1949  52     -2       57
  AVERAGE         61                        63     -2       69

PRECIPITATION (IN)
  YESTERDAY        T             0.87 2014   0.06  -0.06     0.00
  MONTH TO DATE    1.73                      1.08   0.65     2.38
  SINCE JUN 1      1.73                      1.08   0.65     2.38
  SINCE JAN 1      4.78                      3.24   1.54     4.27

SNOWFALL (IN)
  YESTERDAY        0.0           0.0  2002   0.0    0.0      0.0
                                      2001
                                      2000
  MONTH TO DATE    0.0                       0.0    0.0      0.0
  SINCE JUN 1      0.0                       0.0    0.0      0.0
  SINCE JUL 1     83.1                      65.0   18.1     60.0
  SNOW DEPTH       0

DEGREE DAYS
 HEATING
  YESTERDAY        4                         3      1        0
  MONTH TO DATE   92                       144    -52      155
  SINCE JUN 1     92                       144    -52      155
  SINCE JUL 1  13646                     13653     -7    11983

 COOLING
  YESTERDAY        0                         1     -1        4
  MONTH TO DATE   28                        12     16       14
  SINCE JUN 1     28                        12     16       14
  SINCE JAN 1     28                        13     15       20
..................................................................


WIND (MPH)
  HIGHEST GUST SPEED    26   HIGHEST GUST DIRECTION    NW (320)


SKY COVER
  AVERAGE SKY COVER 0.5


WEATHER CONDITIONS
 THE FOLLOWING WEATHER WAS RECORDED YESTERDAY.
  THUNDERSTORM
  LIGHT RAIN


RELATIVE HUMIDITY (PERCENT)
 HIGHEST    80
 LOWEST     42
 AVERAGE    61

..........................................................


THE FAIRBANKS AK CLIMATE NORMALS FOR TODAY
                         NORMAL    RECORD    YEAR
 MAXIMUM TEMPERATURE (F)   74        95      1915
 MINIMUM TEMPERATURE (F)   52        36      1949


SUNRISE AND SUNSET
JUNE 26 2017..........SUNRISE  304 AM AKDT   SUNSET  1244 AM AKDT
JUNE 27 2017..........SUNRISE  305 AM AKDT   SUNSET  1243 AM AKDT


-  INDICATES NEGATIVE NUMBERS.
R  INDICATES RECORD WAS SET OR TIED.
MM INDICATES DATA IS MISSING.
T  INDICATES TRACE AMOUNT.

&&

SNOW DEPTH IS MEASURED AT 3AM AKST/4AM AKDT

----------------------------
AVAILABLE DAYLIGHT

AMOUNT OF DAYLIGHT TODAY  (HOUR:MIN)........21:40
LOSS SINCE YESTERDAY........................3 MINUTES
----------------------------

$$
NTS JUN 17
