532
CDAK49 PAFG 191004
CLIFAI

CLIMATE REPORT
NATIONAL WEATHER SERVICE FAIRBANKS AK
104 AM AKST SUN FEB 19 2017

...................................

...THE FAIRBANKS AK CLIMATE SUMMARY FOR FEBRUARY 18 2017...

CLIMATE NORMAL PERIOD 1981 TO 2010
CLIMATE RECORD PERIOD 1904 TO 2017


WEATHER ITEM   OBSERVED TIME   RECORD YEAR NORMAL DEPARTURE LAST
                VALUE   (LST)  VALUE       VALUE  FROM      YEAR
                                                  NORMAL
..................................................................
TEMPERATURE (F)
 YESTERDAY
  MAXIMUM         11    433 PM  40    1911  12     -1        9
  MINIMUM        -10   1047 AM -50    1937 -10      0      -19
  AVERAGE          1                         0      1       -5

PRECIPITATION (IN)
  YESTERDAY        0.00          0.56 1996   0.01  -0.01     0.00
  MONTH TO DATE    0.10                      0.28  -0.18     0.05
  SINCE DEC 1      3.02                      1.50   1.52     0.13
  SINCE JAN 1      1.06                      0.86   0.20     0.06

SNOWFALL (IN)
  YESTERDAY        0.0          11.3  1996   0.3   -0.3      0.0
  MONTH TO DATE    3.7                       5.4   -1.7      0.6
  SINCE DEC 1     53.6                      27.8   25.8      2.5
  SINCE JUL 1     58.8                      53.6    5.2     52.6
  SNOW DEPTH      20

DEGREE DAYS
 HEATING
  YESTERDAY       64                        65     -1       70
  MONTH TO DATE 1251                      1228     23     1138
  SINCE DEC 1   5818                      5629    189     5109
  SINCE JUL 1   9588                      9760   -172     8897

 COOLING
  YESTERDAY        0                         0      0        0
  MONTH TO DATE    0                         0      0        0
  SINCE DEC 1      0                         0      0        0
  SINCE JAN 1      0                         0      0        0
..................................................................


WIND (MPH)
  HIGHEST GUST SPEED    11   HIGHEST GUST DIRECTION    SW (210)


SKY COVER
  AVERAGE SKY COVER 0.5


WEATHER CONDITIONS
 THE FOLLOWING WEATHER WAS RECORDED YESTERDAY.
  FOG


RELATIVE HUMIDITY (PERCENT)
 HIGHEST    95
 LOWEST     76
 AVERAGE    86

..........................................................


THE FAIRBANKS AK CLIMATE NORMALS FOR TODAY
                         NORMAL    RECORD    YEAR
 MAXIMUM TEMPERATURE (F)   12        42      2006
 MINIMUM TEMPERATURE (F)  -10       -50      1956


SUNRISE AND SUNSET
FEBRUARY 19 2017..........SUNRISE  834 AM AKST   SUNSET  537 PM AKST
FEBRUARY 20 2017..........SUNRISE  831 AM AKST   SUNSET  541 PM AKST


-  INDICATES NEGATIVE NUMBERS.
R  INDICATES RECORD WAS SET OR TIED.
MM INDICATES DATA IS MISSING.
T  INDICATES TRACE AMOUNT.

&&

SNOW DEPTH IS MEASURED AT 3AM AKST/4AM AKDT

----------------------------
AVAILABLE DAYLIGHT

AMOUNT OF DAYLIGHT TODAY  (HOUR:MIN)........9:03
GAIN SINCE YESTERDAY........................7 MINUTES
----------------------------

$$
LTH FEB 17
