000
CDAK49 PAFG 280046
CLIFAI

CLIMATE REPORT
NATIONAL WEATHER SERVICE FAIRBANKS AK
446 PM AKDT WED AUG 27 2014

...................................

...THE FAIRBANKS AK CLIMATE SUMMARY FOR AUGUST 27 2014...
VALID TODAY AS OF 0400 PM LOCAL TIME.

CLIMATE NORMAL PERIOD 1981 TO 2010
CLIMATE RECORD PERIOD 1904 TO 2014


WEATHER ITEM   OBSERVED TIME   RECORD YEAR NORMAL DEPARTURE LAST
                VALUE   (LST)  VALUE       VALUE  FROM      YEAR
                                                  NORMAL
..................................................................
TEMPERATURE (F)
 TODAY
  MAXIMUM         64    233 PM  84    1981  63      1       65
  MINIMUM         51    602 AM  28    1933  43      8       40
  AVERAGE         58                        53      5       53

PRECIPITATION (IN)
  TODAY            0.03          1.04 1930   0.05  -0.02     0.00
  MONTH TO DATE    2.20                      1.67   0.53     1.92
  SINCE JUN 1     11.54                      5.20   6.34     3.36
  SINCE JAN 1     12.63                      7.36   5.27     5.70

SNOWFALL (IN)
  TODAY            0.0           0.0  2002   0.0    0.0      0.0
                                      2001
                                      2000
  MONTH TO DATE    0.0                       0.0    0.0      0.0
  SINCE JUN 1      0.0                       0.0    0.0      0.0
  SINCE JUL 1      0.0                       0.0    0.0      0.0
  SNOW DEPTH       0

DEGREE DAYS
 HEATING
  TODAY            7                        12     -5       12
  MONTH TO DATE  113                       228   -115      134
  SINCE JUN 1    442                       496    -54      274
  SINCE JUL 1    250                       336    -86      203

 COOLING
  TODAY            0                         0      0        0
  MONTH TO DATE    7                         0      7       24
  SINCE JUN 1     27                        54    -27      213
  SINCE JAN 1     27                        55    -28      226
..................................................................


WIND (MPH)
  HIGHEST GUST SPEED    18   HIGHEST GUST DIRECTION    SW (220)


SKY COVER
  AVERAGE SKY COVER 0.6


WEATHER CONDITIONS
 THE FOLLOWING WEATHER WAS RECORDED TODAY.
  LIGHT RAIN
  FOG


RELATIVE HUMIDITY (PERCENT)
 HIGHEST    89
 LOWEST     55
 AVERAGE    72

..........................................................


THE FAIRBANKS AK CLIMATE NORMALS FOR TOMORROW
                         NORMAL    RECORD    YEAR
 MAXIMUM TEMPERATURE (F)   63        82      1949
 MINIMUM TEMPERATURE (F)   43        26      1913


SUNRISE AND SUNSET
AUGUST 27 2014..........SUNRISE  617 AM AKDT   SUNSET  927 PM AKDT
AUGUST 28 2014..........SUNRISE  620 AM AKDT   SUNSET  924 PM AKDT


-  INDICATES NEGATIVE NUMBERS.
R  INDICATES RECORD WAS SET OR TIED.
MM INDICATES DATA IS MISSING.
T  INDICATES TRACE AMOUNT.

&&

SNOW DEPTH IS MEASURED AT 3AM AKST/4AM AKDT

----------------------------
AVAILABLE DAYLIGHT

AMOUNT OF DAYLIGHT TODAY  (HOUR:MIN)........15:10
LOSS SINCE YESTERDAY........................7 MINUTES
----------------------------

$$
BJB AUG 14
