000
CDAK49 PAFG 290933
CLIFAI

CLIMATE REPORT
NATIONAL WEATHER SERVICE FAIRBANKS AK
1233 AM AKST MON DEC 29 2014

...................................

...THE FAIRBANKS AK CLIMATE SUMMARY FOR DECEMBER 28 2014...

CLIMATE NORMAL PERIOD 1981 TO 2010
CLIMATE RECORD PERIOD 1904 TO 2014


WEATHER ITEM   OBSERVED TIME   RECORD YEAR NORMAL DEPARTURE LAST
                VALUE   (LST)  VALUE       VALUE  FROM      YEAR
                                                  NORMAL
..................................................................
TEMPERATURE (F)
 YESTERDAY
  MAXIMUM         19   1018 AM  40    1982   3     16        4
  MINIMUM          1    241 AM -62    1961 -15     16      -24
  AVERAGE         10                        -6     16      -10

PRECIPITATION (IN)
  YESTERDAY        0.00          0.94 1990   0.02  -0.02     0.01
  MONTH TO DATE    0.91                      0.57   0.34     0.76
  SINCE DEC 1      0.91                      0.57   0.34     0.76
  SINCE JAN 1     17.14                     10.74   6.40    10.63

SNOWFALL (IN)
  YESTERDAY        0.0          10.9  1990   0.4   -0.4      0.1
  MONTH TO DATE   14.9                      10.9    4.0     14.1
  SINCE DEC 1     14.9                      10.9    4.0     14.1
  SINCE JUL 1     24.7                      36.7  -12.0     33.1
  SNOW DEPTH      13

DEGREE DAYS
 HEATING
  YESTERDAY       55                        71    -16       75
  MONTH TO DATE 1629                      1927   -298     1925
  SINCE DEC 1   1629                      1927   -298     1925
  SINCE JUL 1   5347                      6058   -711     5462

 COOLING
  YESTERDAY        0                         0      0        0
  MONTH TO DATE    0                         0      0        0
  SINCE DEC 1      0                         0      0        0
  SINCE JAN 1     27                        61    -34      226
..................................................................


WIND (MPH)
  HIGHEST GUST SPEED    17   HIGHEST GUST DIRECTION    NE (50)


SKY COVER
  AVERAGE SKY COVER 0.8


WEATHER CONDITIONS
 THE FOLLOWING WEATHER WAS RECORDED YESTERDAY.
  NO SIGNIFICANT WEATHER WAS OBSERVED.


RELATIVE HUMIDITY (PERCENT)
 HIGHEST    83
 LOWEST     56
 AVERAGE    70

..........................................................


THE FAIRBANKS AK CLIMATE NORMALS FOR TODAY
                         NORMAL    RECORD    YEAR
 MAXIMUM TEMPERATURE (F)    3        43      1982
 MINIMUM TEMPERATURE (F)  -15       -62      1961


SUNRISE AND SUNSET
DECEMBER 29 2014..........SUNRISE  1058 AM AKST   SUNSET  251 PM AKST
DECEMBER 30 2014..........SUNRISE  1057 AM AKST   SUNSET  252 PM AKST


-  INDICATES NEGATIVE NUMBERS.
R  INDICATES RECORD WAS SET OR TIED.
MM INDICATES DATA IS MISSING.
T  INDICATES TRACE AMOUNT.

&&

SNOW DEPTH IS MEASURED AT 3AM AKST/4AM AKDT

----------------------------
AVAILABLE DAYLIGHT

AMOUNT OF DAYLIGHT TODAY  (HOUR:MIN)........3:53
GAIN SINCE YESTERDAY........................3 MINUTES
----------------------------

$$
CF DEC 14
