000
CDAK49 PAFG 270952
CLIFAI

CLIMATE REPORT
NATIONAL WEATHER SERVICE FAIRBANKS AK
152 AM AKDT MON MAR 27 2017

...................................

...THE FAIRBANKS AK CLIMATE SUMMARY FOR MARCH 26 2017...

CLIMATE NORMAL PERIOD 1981 TO 2010
CLIMATE RECORD PERIOD 1904 TO 2017


WEATHER ITEM   OBSERVED TIME   RECORD YEAR NORMAL DEPARTURE LAST
                VALUE   (LST)  VALUE       VALUE  FROM      YEAR
                                                  NORMAL
..................................................................
TEMPERATURE (F)
 YESTERDAY
  MAXIMUM         25    450 PM  52    2015  31     -6       41
  MINIMUM        -14    737 AM -35    1925   3    -17       31
  AVERAGE          6                        17    -11       36

PRECIPITATION (IN)
  YESTERDAY        0.00          0.18 1986   0.00   0.00      T
  MONTH TO DATE    0.07                      0.21  -0.14     0.16
  SINCE MAR 1      0.07                      0.21  -0.14     0.16
  SINCE JAN 1      2.27                      1.21   1.06     0.22

SNOWFALL (IN)
  YESTERDAY        0.0           2.0  1986   0.1   -0.1       T
  MONTH TO DATE    1.7                       4.2   -2.5      3.5
  SINCE MAR 1      1.7                       4.2   -2.5      3.5
  SINCE JUL 1     80.1                      60.5   19.6     56.1
  SNOW DEPTH      26

DEGREE DAYS
 HEATING
  YESTERDAY       59                        48     11       29
  MONTH TO DATE 1864                      1432    432     1245
  SINCE MAR 1   1864                      1432    432     1245
  SINCE JUL 1  11994                     11822    172    10651

 COOLING
  YESTERDAY        0                         0      0        0
  MONTH TO DATE    0                         0      0        0
  SINCE MAR 1      0                         0      0        0
  SINCE JAN 1      0                         0      0        0
..................................................................


WIND (MPH)
  HIGHEST GUST SPEED    16   HIGHEST GUST DIRECTION     N (10)


SKY COVER
  AVERAGE SKY COVER 0.1


WEATHER CONDITIONS
 THE FOLLOWING WEATHER WAS RECORDED YESTERDAY.
  NO SIGNIFICANT WEATHER WAS OBSERVED.


RELATIVE HUMIDITY (PERCENT)
 HIGHEST    83
 LOWEST     36
 AVERAGE    60

..........................................................


THE FAIRBANKS AK CLIMATE NORMALS FOR TODAY
                         NORMAL    RECORD    YEAR
 MAXIMUM TEMPERATURE (F)   31        53      1940
 MINIMUM TEMPERATURE (F)    4       -37      1925


SUNRISE AND SUNSET
MARCH 27 2017..........SUNRISE  725 AM AKDT   SUNSET  830 PM AKDT
MARCH 28 2017..........SUNRISE  721 AM AKDT   SUNSET  834 PM AKDT


-  INDICATES NEGATIVE NUMBERS.
R  INDICATES RECORD WAS SET OR TIED.
MM INDICATES DATA IS MISSING.
T  INDICATES TRACE AMOUNT.

&&

SNOW DEPTH IS MEASURED AT 3AM AKST/4AM AKDT

----------------------------
AVAILABLE DAYLIGHT

AMOUNT OF DAYLIGHT TODAY  (HOUR:MIN)........13:05
GAIN SINCE YESTERDAY........................6 MINUTES
----------------------------

$$
MAR 17
