000
CDAK49 PAFG 130039
CLIFAI

CLIMATE REPORT
NATIONAL WEATHER SERVICE FAIRBANKS AK
339 PM AKST TUE DEC 12 2017

...................................

...THE FAIRBANKS AK CLIMATE SUMMARY FOR DECEMBER 12 2017...
VALID TODAY AS OF 0300 PM LOCAL TIME.

CLIMATE NORMAL PERIOD 1981 TO 2010
CLIMATE RECORD PERIOD 1904 TO 2017


WEATHER ITEM   OBSERVED TIME   RECORD YEAR NORMAL DEPARTURE LAST
                VALUE   (LST)  VALUE       VALUE  FROM      YEAR
                                                  NORMAL
..................................................................
TEMPERATURE (F)
 TODAY
  MAXIMUM         28   1159 AM  40    1944   6     22      -19
  MINIMUM         13    404 AM -57    1935 -12     25      -25
  AVERAGE         21                        -3     24      -22

PRECIPITATION (IN)
  TODAY            0.00          0.72 2012   0.02  -0.02     0.00
  MONTH TO DATE    0.08                      0.23  -0.15     0.41
  SINCE DEC 1      0.08                      0.23  -0.15     0.41
  SINCE JAN 1     14.17                     10.40   3.77    14.51

SNOWFALL (IN)
  TODAY            0.0           9.5  2012   0.5   -0.5      0.0
  MONTH TO DATE    0.9                       4.6   -3.7      6.8
  SINCE DEC 1      0.9                       4.6   -3.7      6.8
  SINCE JUL 1     30.7                      30.4    0.3     12.0
  SNOW DEPTH      10

DEGREE DAYS
 HEATING
  TODAY           44                        68    -24       87
  MONTH TO DATE  574                       813   -239     1016
  SINCE DEC 1    574                       813   -239     1016
  SINCE JUL 1   4139                      4944   -805     4786

 COOLING
  TODAY            0                         0      0        0
  MONTH TO DATE    0                         0      0        0
  SINCE DEC 1      0                         0      0        0
  SINCE JAN 1    104                        61     43       76
..................................................................


WIND (MPH)
  HIGHEST GUST SPEED     9   HIGHEST GUST DIRECTION    NE (30)


SKY COVER
  AVERAGE SKY COVER 0.7


WEATHER CONDITIONS
 THE FOLLOWING WEATHER WAS RECORDED TODAY.
  NO SIGNIFICANT WEATHER WAS OBSERVED.


RELATIVE HUMIDITY (PERCENT)
 HIGHEST    92
 LOWEST     81
 AVERAGE    87

..........................................................


THE FAIRBANKS AK CLIMATE NORMALS FOR TOMORROW
                         NORMAL    RECORD    YEAR
 MAXIMUM TEMPERATURE (F)    5        42      1967
                                             1943
 MINIMUM TEMPERATURE (F)  -12       -58      1910


SUNRISE AND SUNSET
DECEMBER 12 2017......SUNRISE  1048 AM AKST  SUNSET   243 PM AKST
DECEMBER 13 2017......SUNRISE  1049 AM AKST  SUNSET   242 PM AKST


-  INDICATES NEGATIVE NUMBERS.
R  INDICATES RECORD WAS SET OR TIED.
MM INDICATES DATA IS MISSING.
T  INDICATES TRACE AMOUNT.

&&

SNOW DEPTH IS MEASURED AT 3AM AKST/4AM AKDT

----------------------------
AVAILABLE DAYLIGHT

AMOUNT OF DAYLIGHT TODAY  (HOUR:MIN)........03:52
LOSS SINCE YESTERDAY........................3 MINUTES
----------------------------

$$
AY DEC 17
