000
CDAK49 PAFG 270931
CLIFAI

CLIMATE REPORT
NATIONAL WEATHER SERVICE FAIRBANKS AK
131 AM AKDT WED MAY 27 2015

...................................

...THE FAIRBANKS AK CLIMATE SUMMARY FOR MAY 26 2015...

CLIMATE NORMAL PERIOD 1981 TO 2010
CLIMATE RECORD PERIOD 1904 TO 2015


WEATHER ITEM   OBSERVED TIME   RECORD YEAR NORMAL DEPARTURE LAST
                VALUE   (LST)  VALUE       VALUE  FROM      YEAR
                                                  NORMAL
..................................................................
TEMPERATURE (F)
 YESTERDAY
  MAXIMUM         74    407 PM  80    2011  65      9       70
                                      2010
                                      2002
  MINIMUM         53    207 AM  30    1920  42     11       44
  AVERAGE         64                        53     11       57

PRECIPITATION (IN)
  YESTERDAY        0.00          0.59 1944   0.02  -0.02     0.00
  MONTH TO DATE    0.18                      0.48  -0.30     0.04
  SINCE MAR 1      0.83                      1.04  -0.21     0.45
  SINCE JAN 1      1.46                      2.04  -0.58     1.07

SNOWFALL (IN)
  YESTERDAY        0.0           0.0  2002   0.0    0.0      0.0
                                      2001
                                      2000
  MONTH TO DATE    0.0                       0.9   -0.9       T
  SINCE MAR 1     10.2                       8.7    1.5      6.0
  SINCE JUL 1     43.8                      65.0  -21.2     48.9
  SNOW DEPTH       0

DEGREE DAYS
 HEATING
  YESTERDAY        1                        12    -11        8
  MONTH TO DATE  271                       433   -162      382
  SINCE MAR 1   2639                      3067   -428     2883
  SINCE JUL 1  12106                     13457  -1351    12275

 COOLING
  YESTERDAY        0                         0      0        0
  MONTH TO DATE    2                         0      2        0
  SINCE MAR 1      2                         0      2        0
  SINCE JAN 1      2                         0      2        0
..................................................................


WIND (MPH)
  HIGHEST GUST SPEED    21   HIGHEST GUST DIRECTION     N (10)


SKY COVER
  AVERAGE SKY COVER 0.8


WEATHER CONDITIONS
 THE FOLLOWING WEATHER WAS RECORDED YESTERDAY.
  NO SIGNIFICANT WEATHER WAS OBSERVED.


RELATIVE HUMIDITY (PERCENT)
 HIGHEST    72
 LOWEST     29
 AVERAGE    51

..........................................................


THE FAIRBANKS AK CLIMATE NORMALS FOR TODAY
                         NORMAL    RECORD    YEAR
 MAXIMUM TEMPERATURE (F)   65        85      2011
 MINIMUM TEMPERATURE (F)   42        28      1927


SUNRISE AND SUNSET
MAY 27 2015..........SUNRISE  349 AM AKDT   SUNSET  1152 PM AKDT
MAY 28 2015..........SUNRISE  346 AM AKDT   SUNSET  1155 PM AKDT


-  INDICATES NEGATIVE NUMBERS.
R  INDICATES RECORD WAS SET OR TIED.
MM INDICATES DATA IS MISSING.
T  INDICATES TRACE AMOUNT.

&&

SNOW DEPTH IS MEASURED AT 3AM AKST/4AM AKDT

----------------------------
AVAILABLE DAYLIGHT

AMOUNT OF DAYLIGHT TODAY  (HOUR:MIN)........20:03
GAIN SINCE YESTERDAY........................6 MINUTES
----------------------------

$$
SDB MAY 15
