461
CDUS43 KFGF 270711
CLIFAR


CLIMATE REPORT
NATIONAL WEATHER SERVICE EASTERN NORTH DAKOTA/GRAND FORKS
210 AM CDT SAT MAY 27 2017


...................................

...THE FARGO HECTOR INTL AP ND CLIMATE SUMMARY FOR MAY 26 2017...

CLIMATE NORMAL PERIOD 1981 TO 2010
CLIMATE RECORD PERIOD 1881 TO 2017


WEATHER ITEM   OBSERVED TIME   RECORD YEAR NORMAL DEPARTURE LAST
                VALUE   (LST)  VALUE       VALUE  FROM      YEAR
                                                  NORMAL
..................................................................
TEMPERATURE (F)
 YESTERDAY
  MAXIMUM         72    230 PM  93    1931  72      0       77
                                      1911
  MINIMUM         49    512 AM  29    1970  49      0       51
  AVERAGE         61                        60      1       64

PRECIPITATION (IN)
  YESTERDAY        0.00          1.26 1932   0.10  -0.10     0.04
  MONTH TO DATE    1.01                      2.30  -1.29     0.92
  SINCE MAR 1      2.74                      4.99  -2.25     3.99
  SINCE JAN 1      4.51                      6.30  -1.79     4.98

SNOWFALL (IN)
  YESTERDAY        0.0          MM      MM   0.0    0.0      0.0
  MONTH TO DATE    0.0                       0.0    0.0       T
  SINCE MAR 1      3.8                      12.4   -8.6      3.1
  SINCE JUL 1     33.1                      50.4  -17.3     27.4
  SNOW DEPTH       0

DEGREE DAYS
 HEATING
  YESTERDAY        4                         6     -2        1
  MONTH TO DATE  226                       245    -19      174
  SINCE MAR 1   1894                      2023   -129     1620
  SINCE JUL 1   7392                      8701  -1309     7143

 COOLING
  YESTERDAY        0                         1     -1        0
  MONTH TO DATE   11                        22    -11       37
  SINCE MAR 1     11                        25    -14       37
  SINCE JAN 1     11                        25    -14       37
..................................................................


WIND (MPH)
  HIGHEST WIND SPEED    25   HIGHEST WIND DIRECTION     W (270)
  HIGHEST GUST SPEED    35   HIGHEST GUST DIRECTION     W (270)
  AVERAGE WIND SPEED    11.9


SKY COVER
  POSSIBLE SUNSHINE  MM
  AVERAGE SKY COVER 0.1


WEATHER CONDITIONS
 THE FOLLOWING WEATHER WAS RECORDED YESTERDAY.
  NO SIGNIFICANT WEATHER WAS OBSERVED.


RELATIVE HUMIDITY (PERCENT)
 HIGHEST   100           400 AM
 LOWEST     37           300 PM
 AVERAGE    69

..........................................................


THE FARGO HECTOR INTL AP ND CLIMATE NORMALS FOR TODAY
                         NORMAL    RECORD    YEAR
 MAXIMUM TEMPERATURE (F)   72        95      1969
                                             1913
 MINIMUM TEMPERATURE (F)   49        29      1907


SUNRISE AND SUNSET
MAY 27 2017...........SUNRISE   540 AM CDT   SUNSET   910 PM CDT
MAY 28 2017...........SUNRISE   539 AM CDT   SUNSET   911 PM CDT


-  INDICATES NEGATIVE NUMBERS.
R  INDICATES RECORD WAS SET OR TIED.
MM INDICATES DATA IS MISSING.
T  INDICATES TRACE AMOUNT.




$$
