000
CDUS43 KFGF 010645
CLIFAR


CLIMATE REPORT
NATIONAL WEATHER SERVICE EASTERN NORTH DAKOTA/GRAND FORKS
145 AM CDT WED JUL 1 2015


...................................

...THE FARGO HECTOR INTL AP ND CLIMATE SUMMARY FOR JUNE 30 2015...

CLIMATE NORMAL PERIOD 1981 TO 2010
CLIMATE RECORD PERIOD 1881 TO 2015


WEATHER ITEM   OBSERVED TIME   RECORD YEAR NORMAL DEPARTURE LAST
                VALUE   (LST)  VALUE       VALUE  FROM      YEAR
                                                  NORMAL
..................................................................
TEMPERATURE (F)
 YESTERDAY
  MAXIMUM         75    403 PM 102    1931  81     -6       76
  MINIMUM         56    515 AM  42    1918  58     -2       64
  AVERAGE         66                        70     -4       70

PRECIPITATION (IN)
  YESTERDAY        0.00          2.33 1991   0.12  -0.12     0.14
  MONTH TO DATE    2.75                      3.90  -1.15     5.69
  SINCE JUN 1      2.75                      3.90  -1.15     5.69
  SINCE JAN 1     12.85                     10.71   2.14    12.71

SNOWFALL (IN)
  YESTERDAY        0.0           0.0    MM   0.0    0.0      0.0
  MONTH TO DATE    0.0                       0.0    0.0      0.0
  SINCE JUN 1      0.0                       0.0    0.0      0.0
  SINCE JUL 1     16.0                      50.4  -34.4     34.9
  SNOW DEPTH       0

DEGREE DAYS
 HEATING
  YESTERDAY        0                         1     -1        0
  MONTH TO DATE   23                        71    -48       30
  SINCE JUN 1     23                        73    -50       30
  SINCE JUL 1   8255                      8802   -547     9679

 COOLING
  YESTERDAY        1                         6     -5        5
  MONTH TO DATE   96                       107    -11      102
  SINCE JUN 1     96                       107    -11      102
  SINCE JAN 1    111                       138    -27      181
..................................................................


WIND (MPH)
  HIGHEST WIND SPEED     8   HIGHEST WIND DIRECTION     E (80)
  HIGHEST GUST SPEED    11   HIGHEST GUST DIRECTION     N (10)
  AVERAGE WIND SPEED     2.7


SKY COVER
  POSSIBLE SUNSHINE  MM
  AVERAGE SKY COVER 0.0


WEATHER CONDITIONS
 THE FOLLOWING WEATHER WAS RECORDED YESTERDAY.
  FOG
  HAZE


RELATIVE HUMIDITY (PERCENT)
 HIGHEST    93           400 AM
 LOWEST     53          1100 AM
 AVERAGE    73

..........................................................


THE FARGO HECTOR INTL AP ND CLIMATE NORMALS FOR TODAY
                         NORMAL    RECORD    YEAR
 MAXIMUM TEMPERATURE (F)   81        99      1911
 MINIMUM TEMPERATURE (F)   59        39      2001


SUNRISE AND SUNSET
JULY  1 2015..........SUNRISE   536 AM CDT   SUNSET   925 PM CDT
JULY  2 2015..........SUNRISE   537 AM CDT   SUNSET   925 PM CDT


-  INDICATES NEGATIVE NUMBERS.
R  INDICATES RECORD WAS SET OR TIED.
MM INDICATES DATA IS MISSING.
T  INDICATES TRACE AMOUNT.




$$
