000
CDUS43 KFGF 230645
CLIFAR


CLIMATE REPORT
NATIONAL WEATHER SERVICE EASTERN NORTH DAKOTA/GRAND FORKS
141 AM CDT SAT SEP 23 2017


...................................

...THE FARGO HECTOR INTL AP ND CLIMATE SUMMARY FOR SEPTEMBER 22 2017...

CLIMATE NORMAL PERIOD 1981 TO 2010
CLIMATE RECORD PERIOD 1881 TO 2017


WEATHER ITEM   OBSERVED TIME   RECORD YEAR NORMAL DEPARTURE LAST
                VALUE   (LST)  VALUE       VALUE  FROM      YEAR
                                                  NORMAL
..................................................................
TEMPERATURE (F)
 YESTERDAY
  MAXIMUM         88    303 PM 101    1936  68     20       71
  MINIMUM         57   1159 PM  23    1995  45     12       50
                                      1974
  AVERAGE         73                        56     17       61

PRECIPITATION (IN)
  YESTERDAY        0.00          1.39 2000   0.07  -0.07     0.00
  MONTH TO DATE    0.99                      1.97  -0.98     2.27
  SINCE SEP 1      0.99                      1.97  -0.98     2.27
  SINCE JAN 1     11.49                     18.03  -6.54    17.74

SNOWFALL (IN)
  YESTERDAY        0.0          MM      MM   0.0    0.0      0.0
  MONTH TO DATE    0.0                       0.0    0.0      0.0
  SINCE SEP 1      0.0                       0.0    0.0      0.0
  SINCE JUL 1      0.0                       0.0    0.0      0.0
  SNOW DEPTH       0

DEGREE DAYS
 HEATING
  YESTERDAY        0                         9     -9        4
  MONTH TO DATE   68                       130    -62       56
  SINCE SEP 1     68                       130    -62       56
  SINCE JUL 1     84                       180    -96       73

 COOLING
  YESTERDAY        8                         1      7        0
  MONTH TO DATE   69                        40     29       42
  SINCE SEP 1     69                        40     29       42
  SINCE JAN 1    516                       545    -29      645
..................................................................


WIND (MPH)
  HIGHEST WIND SPEED    24   HIGHEST WIND DIRECTION    NW (310)
  HIGHEST GUST SPEED    29   HIGHEST GUST DIRECTION    NW (310)
  AVERAGE WIND SPEED    10.0


SKY COVER
  POSSIBLE SUNSHINE  MM
  AVERAGE SKY COVER 0.6


WEATHER CONDITIONS
 THE FOLLOWING WEATHER WAS RECORDED YESTERDAY.
  FOG


RELATIVE HUMIDITY (PERCENT)
 HIGHEST   100           400 AM
 LOWEST     59           300 PM
 AVERAGE    80

..........................................................


THE FARGO HECTOR INTL AP ND CLIMATE NORMALS FOR TODAY
                         NORMAL    RECORD    YEAR
 MAXIMUM TEMPERATURE (F)   67        93      2007
 MINIMUM TEMPERATURE (F)   44        23      1887


SUNRISE AND SUNSET
SEPTEMBER 23 2017.....SUNRISE   716 AM CDT   SUNSET   722 PM CDT
SEPTEMBER 24 2017.....SUNRISE   717 AM CDT   SUNSET   720 PM CDT


-  INDICATES NEGATIVE NUMBERS.
R  INDICATES RECORD WAS SET OR TIED.
MM INDICATES DATA IS MISSING.
T  INDICATES TRACE AMOUNT.




$$
