000
CDUS43 KFGF 170637
CLIFAR


CLIMATE REPORT
NATIONAL WEATHER SERVICE EASTERN NORTH DAKOTA/GRAND FORKS
137 AM CDT WED SEP 17 2014


...................................

...THE FARGO HECTOR INTL AP ND CLIMATE SUMMARY FOR SEPTEMBER 16 2014...

CLIMATE NORMAL PERIOD 1981 TO 2010
CLIMATE RECORD PERIOD 1881 TO 2014


WEATHER ITEM   OBSERVED TIME   RECORD YEAR NORMAL DEPARTURE LAST
                VALUE   (LST)  VALUE       VALUE  FROM      YEAR
                                                  NORMAL
..................................................................
TEMPERATURE (F)
 YESTERDAY
  MAXIMUM         72    430 PM  93    1979  71      1       69
  MINIMUM         43    640 AM  26    1973  47     -4       46
  AVERAGE         58                        59     -1       58

PRECIPITATION (IN)
  YESTERDAY        0.00          0.99 1992   0.09  -0.09     0.00
  MONTH TO DATE    2.17                      1.53   0.64     2.98
  SINCE SEP 1      2.17                      1.53   0.64     2.98
  SINCE JAN 1     18.63                     17.59   1.04    24.90

SNOWFALL (IN)
  YESTERDAY        0.0           0.0    MM   0.0    0.0      0.0
  MONTH TO DATE    0.0                       0.0    0.0      0.0
  SINCE SEP 1      0.0                       0.0    0.0      0.0
  SINCE JUL 1      0.0                       0.0    0.0      0.0
  SNOW DEPTH       0

DEGREE DAYS
 HEATING
  YESTERDAY        7                         7      0        7
  MONTH TO DATE  109                        79     30       39
  SINCE SEP 1    109                        79     30       39
  SINCE JUL 1    141                       129     12       73

 COOLING
  YESTERDAY        0                         1     -1        0
  MONTH TO DATE    9                        34    -25       55
  SINCE SEP 1      9                        34    -25       55
  SINCE JAN 1    510                       539    -29      673
..................................................................


WIND (MPH)
  HIGHEST WIND SPEED    14   HIGHEST WIND DIRECTION    SW (210)
  HIGHEST GUST SPEED    17   HIGHEST GUST DIRECTION    SW (220)
  AVERAGE WIND SPEED     8.3


SKY COVER
  POSSIBLE SUNSHINE  MM
  AVERAGE SKY COVER 0.0


WEATHER CONDITIONS
 THE FOLLOWING WEATHER WAS RECORDED YESTERDAY.
  NO SIGNIFICANT WEATHER WAS OBSERVED.


RELATIVE HUMIDITY (PERCENT)
 HIGHEST    76           400 AM
 LOWEST     31           200 PM
 AVERAGE    54

..........................................................


THE FARGO HECTOR INTL AP ND CLIMATE NORMALS FOR TODAY
                         NORMAL    RECORD    YEAR
 MAXIMUM TEMPERATURE (F)   70        92      1998
                                             1908
 MINIMUM TEMPERATURE (F)   47        25      1918


SUNRISE AND SUNSET
SEPTEMBER 17 2014.....SUNRISE   707 AM CDT   SUNSET   735 PM CDT
SEPTEMBER 18 2014.....SUNRISE   709 AM CDT   SUNSET   733 PM CDT


-  INDICATES NEGATIVE NUMBERS.
R  INDICATES RECORD WAS SET OR TIED.
MM INDICATES DATA IS MISSING.
T  INDICATES TRACE AMOUNT.




$$
