604
CDUS43 KFGF 262156
CLIFAR


CLIMATE REPORT
NATIONAL WEATHER SERVICE EASTERN NORTH DAKOTA/GRAND FORKS
455 PM CDT MON SEP 26 2016


...................................

...THE FARGO HECTOR INTL AP ND CLIMATE SUMMARY FOR SEPTEMBER 26 2016...
VALID TODAY AS OF 0400 PM LOCAL TIME.

CLIMATE NORMAL PERIOD 1981 TO 2010
CLIMATE RECORD PERIOD 1881 TO 2016


WEATHER ITEM   OBSERVED TIME   RECORD YEAR NORMAL DEPARTURE LAST
                VALUE   (LST)  VALUE       VALUE  FROM      YEAR
                                                  NORMAL
..................................................................
TEMPERATURE (F)
 TODAY
  MAXIMUM         67    259 PM  90    1979  66      1       84
                                      1974
  MINIMUM         47    610 AM  19    1965  43      4       61
  AVERAGE         57                        54      3       73

PRECIPITATION (IN)
  TODAY            0.00          1.19 1998   0.07  -0.07     0.00
  MONTH TO DATE    2.60                      2.26   0.34     1.23
  SINCE SEP 1      2.60                      2.26   0.34     1.23
  SINCE JAN 1     18.07                     18.32  -0.25    18.15

SNOWFALL (IN)
  TODAY            0.0           0.3  1942   0.0    0.0      0.0
  MONTH TO DATE    0.0                       0.0    0.0      0.0
  SINCE SEP 1      0.0                       0.0    0.0      0.0
  SINCE JUL 1      0.0                       0.0    0.0      0.0
  SNOW DEPTH       0

DEGREE DAYS
 HEATING
  TODAY            8                        11     -3        0
  MONTH TO DATE   66                       172   -106       72
  SINCE SEP 1     66                       172   -106       72
  SINCE JUL 1     83                       222   -139      116

 COOLING
  TODAY            0                         0      0        8
  MONTH TO DATE   50                        43      7      120
  SINCE SEP 1     50                        43      7      120
  SINCE JAN 1    653                       548    105      662
..................................................................


WIND (MPH)
  HIGHEST WIND SPEED    35   HIGHEST WIND DIRECTION    NW (310)
  HIGHEST GUST SPEED    45   HIGHEST GUST DIRECTION     W (290)
  AVERAGE WIND SPEED    19.8


SKY COVER
  POSSIBLE SUNSHINE  MM
  AVERAGE SKY COVER 0.0


WEATHER CONDITIONS
 THE FOLLOWING WEATHER WAS RECORDED TODAY.
  NO SIGNIFICANT WEATHER WAS OBSERVED.


RELATIVE HUMIDITY (PERCENT)
 HIGHEST    66           700 AM
 LOWEST     28           100 PM
 AVERAGE    47

..........................................................


THE FARGO HECTOR INTL AP ND CLIMATE NORMALS FOR TOMORROW
                         NORMAL    RECORD    YEAR
 MAXIMUM TEMPERATURE (F)   66        95      1952
 MINIMUM TEMPERATURE (F)   43        21      1893


SUNRISE AND SUNSET
SEPTEMBER 26 2016.....SUNRISE   720 AM CDT   SUNSET   716 PM CDT
SEPTEMBER 27 2016.....SUNRISE   721 AM CDT   SUNSET   714 PM CDT


-  INDICATES NEGATIVE NUMBERS.
R  INDICATES RECORD WAS SET OR TIED.
MM INDICATES DATA IS MISSING.
T  INDICATES TRACE AMOUNT.




$$
