000
CDUS43 KFGF 200649
CLIFAR


CLIMATE REPORT
NATIONAL WEATHER SERVICE EASTERN NORTH DAKOTA/GRAND FORKS
1247 AM CST MON FEB 20 2017


...................................

...THE FARGO HECTOR INTL AP ND CLIMATE SUMMARY FOR FEBRUARY 19 2017...

CLIMATE NORMAL PERIOD 1981 TO 2010
CLIMATE RECORD PERIOD 1881 TO 2017


WEATHER ITEM   OBSERVED TIME   RECORD YEAR NORMAL DEPARTURE LAST
                VALUE   (LST)  VALUE       VALUE  FROM      YEAR
                                                  NORMAL
..................................................................
TEMPERATURE (F)
 YESTERDAY
  MAXIMUM         56R   421 PM  52    1930  25     31       48
  MINIMUM         33    334 AM -29    1929   7     26       34
  AVERAGE         45                        16     29       41

PRECIPITATION (IN)
  YESTERDAY        0.00          0.32 1948   0.02  -0.02      T
  MONTH TO DATE    0.09                      0.35  -0.26     0.28
  SINCE DEC 1      2.34                      1.88   0.46     1.61
  SINCE JAN 1      1.07                      1.05   0.02     0.97

SNOWFALL (IN)
  YESTERDAY        0.0           3.7  1986   0.3   -0.3      0.0
  MONTH TO DATE    1.1                       4.4   -3.3      4.8
  SINCE DEC 1     22.5                      26.8   -4.3     20.9
  SINCE JUL 1     26.2                      35.4   -9.2     23.8
  SNOW DEPTH       0

DEGREE DAYS
 HEATING
  YESTERDAY       20                        49    -29       24
  MONTH TO DATE  804                       989   -185      848
  SINCE DEC 1   3862                      4295   -433     3735
  SINCE JUL 1   5167                      6257  -1090     5176

 COOLING
  YESTERDAY        0                         0      0        0
  MONTH TO DATE    0                         0      0        0
  SINCE DEC 1      0                         0      0        0
  SINCE JAN 1      0                         0      0        0
..................................................................


WIND (MPH)
  HIGHEST WIND SPEED    28   HIGHEST WIND DIRECTION    SE (140)
  HIGHEST GUST SPEED    39   HIGHEST GUST DIRECTION    SE (150)
  AVERAGE WIND SPEED    16.1


SKY COVER
  POSSIBLE SUNSHINE  MM
  AVERAGE SKY COVER 0.0


WEATHER CONDITIONS
 THE FOLLOWING WEATHER WAS RECORDED YESTERDAY.
  FOG


RELATIVE HUMIDITY (PERCENT)
 HIGHEST   100          1200 AM
 LOWEST     64           100 PM
 AVERAGE    82

..........................................................


THE FARGO HECTOR INTL AP ND CLIMATE NORMALS FOR TODAY
                         NORMAL    RECORD    YEAR
 MAXIMUM TEMPERATURE (F)   25        49      1931
                                             1930
 MINIMUM TEMPERATURE (F)    8       -31      2008


SUNRISE AND SUNSET
FEBRUARY 20 2017......SUNRISE   723 AM CST   SUNSET   600 PM CST
FEBRUARY 21 2017......SUNRISE   721 AM CST   SUNSET   601 PM CST


-  INDICATES NEGATIVE NUMBERS.
R  INDICATES RECORD WAS SET OR TIED.
MM INDICATES DATA IS MISSING.
T  INDICATES TRACE AMOUNT.




$$
