000
CDUS43 KFGF 280634
CLIFAR


CLIMATE REPORT
NATIONAL WEATHER SERVICE EASTERN NORTH DAKOTA/GRAND FORKS
132 AM CDT SAT MAY 28 2016


...................................

...THE FARGO HECTOR INTL AP ND CLIMATE SUMMARY FOR MAY 27 2016...

CLIMATE NORMAL PERIOD 1981 TO 2010
CLIMATE RECORD PERIOD 1881 TO 2016


WEATHER ITEM   OBSERVED TIME   RECORD YEAR NORMAL DEPARTURE LAST
                VALUE   (LST)  VALUE       VALUE  FROM      YEAR
                                                  NORMAL
..................................................................
TEMPERATURE (F)
 YESTERDAY
  MAXIMUM         77    145 PM  95    1969  72      5       83
                                      1913
  MINIMUM         56    519 AM  29    1907  49      7       51
  AVERAGE         67                        61      6       67

PRECIPITATION (IN)
  YESTERDAY        0.31          1.16 1963   0.10   0.21     0.00
  MONTH TO DATE    1.23                      2.40  -1.17     6.14
  SINCE MAR 1      4.30                      5.09  -0.79     7.42
  SINCE JAN 1      5.29                      6.40  -1.11     8.39

SNOWFALL (IN)
  YESTERDAY        0.0           T    1965   0.0    0.0      0.0
  MONTH TO DATE    T                         0.0    0.0       T
  SINCE MAR 1      3.1                      12.4   -9.3      0.4
  SINCE JUL 1     27.4                      50.4  -23.0     16.0
  SNOW DEPTH       0

DEGREE DAYS
 HEATING
  YESTERDAY        0                         6     -6        0
  MONTH TO DATE  174                       251    -77      277
  SINCE MAR 1   1620                      2029   -409     1774
  SINCE JUL 1   7143                      8707  -1564     8190

 COOLING
  YESTERDAY        2                         1      1        2
  MONTH TO DATE   39                        23     16        6
  SINCE MAR 1     39                        26     13        6
  SINCE JAN 1     39                        26     13        6
..................................................................


WIND (MPH)
  HIGHEST WIND SPEED    20   HIGHEST WIND DIRECTION     N (20)
  HIGHEST GUST SPEED    24   HIGHEST GUST DIRECTION     N (20)
  AVERAGE WIND SPEED     7.4


SKY COVER
  POSSIBLE SUNSHINE  MM
  AVERAGE SKY COVER 0.5


WEATHER CONDITIONS
 THE FOLLOWING WEATHER WAS RECORDED YESTERDAY.
  THUNDERSTORM
  HEAVY RAIN
  RAIN
  LIGHT RAIN
  FOG
  TORNADO


RELATIVE HUMIDITY (PERCENT)
 HIGHEST    93           100 AM
 LOWEST     54          1200 PM
 AVERAGE    74

..........................................................


THE FARGO HECTOR INTL AP ND CLIMATE NORMALS FOR TODAY
                         NORMAL    RECORD    YEAR
 MAXIMUM TEMPERATURE (F)   73        97      2006
                                             1934
 MINIMUM TEMPERATURE (F)   49        26      1947


SUNRISE AND SUNSET
MAY 28 2016...........SUNRISE   539 AM CDT   SUNSET   911 PM CDT
MAY 29 2016...........SUNRISE   538 AM CDT   SUNSET   912 PM CDT


-  INDICATES NEGATIVE NUMBERS.
R  INDICATES RECORD WAS SET OR TIED.
MM INDICATES DATA IS MISSING.
T  INDICATES TRACE AMOUNT.




$$
