000
CDUS43 KFGF 180635
CLIFAR


CLIMATE REPORT
NATIONAL WEATHER SERVICE EASTERN NORTH DAKOTA/GRAND FORKS
1234 AM CST SAT NOV 18 2017


...................................

...THE FARGO HECTOR INTL AP ND CLIMATE SUMMARY FOR NOVEMBER 17 2017...

CLIMATE NORMAL PERIOD 1981 TO 2010
CLIMATE RECORD PERIOD 1881 TO 2017


WEATHER ITEM   OBSERVED TIME   RECORD YEAR NORMAL DEPARTURE LAST
                VALUE   (LST)  VALUE       VALUE  FROM      YEAR
                                                  NORMAL
..................................................................
TEMPERATURE (F)
 YESTERDAY
  MAXIMUM         38   1151 AM  73    1953  36      2       44
  MINIMUM         21   1139 PM  -9    1891  19      2       33
  AVERAGE         30                        28      2       39

PRECIPITATION (IN)
  YESTERDAY        0.00          1.25 1952   0.04  -0.04     0.17
  MONTH TO DATE    0.35                      0.62  -0.27     0.20
  SINCE SEP 1      3.95                      5.34  -1.39     5.19
  SINCE JAN 1     14.45                     21.40  -6.95    20.66

SNOWFALL (IN)
  YESTERDAY        0.0           8.5  1996   0.3   -0.3      2.1
  MONTH TO DATE    3.3                       3.4   -0.1      2.1
  SINCE SEP 1      3.7                       4.1   -0.4      2.1
  SINCE JUL 1      3.7                       4.1   -0.4      2.1
  SNOW DEPTH       0

DEGREE DAYS
 HEATING
  YESTERDAY       35                        37     -2       26
  MONTH TO DATE  659                       548    111      289
  SINCE SEP 1   1348                      1374    -26      886
  SINCE JUL 1   1364                      1424    -60      903

 COOLING
  YESTERDAY        0                         0      0        0
  MONTH TO DATE    0                         0      0        0
  SINCE SEP 1     71                        46     25       58
  SINCE JAN 1    518                       551    -33      661
..................................................................


WIND (MPH)
  HIGHEST WIND SPEED    28   HIGHEST WIND DIRECTION     S (160)
  HIGHEST GUST SPEED    41   HIGHEST GUST DIRECTION    SE (140)
  AVERAGE WIND SPEED    10.9


SKY COVER
  POSSIBLE SUNSHINE  MM
  AVERAGE SKY COVER 0.3


WEATHER CONDITIONS
 THE FOLLOWING WEATHER WAS RECORDED YESTERDAY.
  NO SIGNIFICANT WEATHER WAS OBSERVED.


RELATIVE HUMIDITY (PERCENT)
 HIGHEST    82           800 AM
 LOWEST     64          1200 PM
 AVERAGE    73

..........................................................


THE FARGO HECTOR INTL AP ND CLIMATE NORMALS FOR TODAY
                         NORMAL    RECORD    YEAR
 MAXIMUM TEMPERATURE (F)   36        60      1908
 MINIMUM TEMPERATURE (F)   19       -13      1881


SUNRISE AND SUNSET
NOVEMBER 18 2017......SUNRISE   735 AM CST   SUNSET   449 PM CST
NOVEMBER 19 2017......SUNRISE   736 AM CST   SUNSET   449 PM CST


-  INDICATES NEGATIVE NUMBERS.
R  INDICATES RECORD WAS SET OR TIED.
MM INDICATES DATA IS MISSING.
T  INDICATES TRACE AMOUNT.




$$
