000
CDUS46 KHNX 210823
CLIFAT


CLIMATE REPORT
NATIONAL WEATHER SERVICE SAN JOAQUIN VALLEY, CA
123 AM PDT THU SEP 21 2017


...................................

...THE FRESNO CA CLIMATE SUMMARY FOR SEPTEMBER 20 2017...

CLIMATE NORMAL PERIOD 1981 TO 2010
CLIMATE RECORD PERIOD 1887 TO 2017


WEATHER ITEM   OBSERVED TIME   RECORD YEAR NORMAL DEPARTURE
                VALUE   (LST)  VALUE       VALUE  FROM
                                                  NORMAL
...............................................................
TEMPERATURE (F)
 YESTERDAY
  MAXIMUM         82        MM 104    1939  90     -8
  MINIMUM         56        MM  46    1978  61     -5
                                      1968
                                      1965
  AVERAGE         69                        75     -6

PRECIPITATION (IN)
  YESTERDAY        0.00          0.09 1939   0.00   0.00
  MONTH TO DATE    0.10                      0.08   0.02
  SINCE OCT 1     17.30                     11.41   5.89
  SINCE JAN 1     12.74                      7.94   4.80

SNOWFALL (IN)
  YESTERDAY        0.0
  MONTH TO DATE    0.0
  SINCE SEP 1      0.0
  SINCE JUL 1      0.0
  SNOW DEPTH       0

DEGREE DAYS
 HEATING
  YESTERDAY        0                                0
  MONTH TO DATE    0                                0
  SINCE SEP 1      0                                0
  SINCE JUL 1      0                                0

 COOLING
  YESTERDAY        4                               -6
  MONTH TO DATE  316                               66
  SINCE SEP 1    316                               66
  SINCE JAN 1   2355                              421
...............................................................


WIND (MPH)
  HIGHEST WIND SPEED    16   HIGHEST WIND DIRECTION    NW (320)
  HIGHEST GUST SPEED    MM   HIGHEST GUST DIRECTION    MM
  AVERAGE WIND SPEED     6.9




RELATIVE HUMIDITY (PERCENT)
 HIGHEST    72
 LOWEST     30
 AVERAGE    51

..........................................................


THE FRESNO CA CLIMATE NORMALS FOR TODAY
                         NORMAL    RECORD    YEAR
 MAXIMUM TEMPERATURE (F)   90       102      2015
                                             1949
                                             1928
 MINIMUM TEMPERATURE (F)   60        42      1968


SUNRISE AND SUNSET
SEPTEMBER 21 2017.....SUNRISE   646 AM PDT   SUNSET   657 PM PDT
SEPTEMBER 22 2017.....SUNRISE   647 AM PDT   SUNSET   655 PM PDT


-  INDICATES NEGATIVE NUMBERS.
R  INDICATES RECORD WAS SET OR TIED.
MM INDICATES DATA IS MISSING.
T  INDICATES TRACE AMOUNT.




$$
