000
CDUS46 KHNX 010821
CLIFAT


CLIMATE REPORT
NATIONAL WEATHER SERVICE SAN JOAQUIN VALLEY, CA
121 AM PDT TUE SEP 1 2015


...................................

...THE FRESNO CA CLIMATE SUMMARY FOR AUGUST 31 2015...

CLIMATE NORMAL PERIOD 1981 TO 2010
CLIMATE RECORD PERIOD 1887 TO 2015


WEATHER ITEM   OBSERVED TIME   RECORD YEAR NORMAL DEPARTURE
                VALUE   (LST)  VALUE       VALUE  FROM
                                                  NORMAL
...............................................................
TEMPERATURE (F)
 YESTERDAY
  MAXIMUM         92    425 PM 107    2007  95     -3
  MINIMUM         64    609 AM  50    1887  65     -1
  AVERAGE         78                        80     -2

PRECIPITATION (IN)
  YESTERDAY        0.00          0.25 1964   0.00   0.00
  MONTH TO DATE    0.00                      0.01  -0.01
  SINCE OCT 1      6.85                     11.33  -4.48
  SINCE JAN 1      3.66                      7.86  -4.20

SNOWFALL (IN)
  YESTERDAY        0.0
  MONTH TO DATE    0.0
  SINCE JUN 1      0.0
  SINCE JUL 1      0.0
  SNOW DEPTH       0

DEGREE DAYS
 HEATING
  YESTERDAY        0                                0
  MONTH TO DATE    0                                0
  SINCE JUN 1      0                               -3
  SINCE JUL 1      0                                0

 COOLING
  YESTERDAY       13                               -2
  MONTH TO DATE  545                               29
  SINCE JUN 1   1626                              183
  SINCE JAN 1   1899                              215
...............................................................


WIND (MPH)
  HIGHEST WIND SPEED    16   HIGHEST WIND DIRECTION    NW (300)
  HIGHEST GUST SPEED    18   HIGHEST GUST DIRECTION    NW (300)
  AVERAGE WIND SPEED     5.5




RELATIVE HUMIDITY (PERCENT)
 HIGHEST    67
 LOWEST     15
 AVERAGE    41

..........................................................


THE FRESNO CA CLIMATE NORMALS FOR TODAY
                         NORMAL    RECORD    YEAR
 MAXIMUM TEMPERATURE (F)   95       107      1888
 MINIMUM TEMPERATURE (F)   64        51      1964
                                             1907


SUNRISE AND SUNSET
SEPTEMBER  1 2015.....SUNRISE   630 AM PDT   SUNSET   727 PM PDT
SEPTEMBER  2 2015.....SUNRISE   631 AM PDT   SUNSET   726 PM PDT


-  INDICATES NEGATIVE NUMBERS.
R  INDICATES RECORD WAS SET OR TIED.
MM INDICATES DATA IS MISSING.
T  INDICATES TRACE AMOUNT.




$$
