000
CDUS46 KHNX 300823
CLIFAT


CLIMATE REPORT
NATIONAL WEATHER SERVICE SAN JOAQUIN VALLEY, CA
123 AM PDT THU JUL 30 2015


...................................

...THE FRESNO CA CLIMATE SUMMARY FOR JULY 29 2015...

CLIMATE NORMAL PERIOD 1981 TO 2010
CLIMATE RECORD PERIOD 1887 TO 2015


WEATHER ITEM   OBSERVED TIME   RECORD YEAR NORMAL DEPARTURE
                VALUE   (LST)  VALUE       VALUE  FROM
                                                  NORMAL
...............................................................
TEMPERATURE (F)
 YESTERDAY
  MAXIMUM        108    435 PM 113    1898  99      9
  MINIMUM         70    528 AM  57    1950  68      2
                                      1919
                                      1899
  AVERAGE         89                        84      5

PRECIPITATION (IN)
  YESTERDAY        0.00          T    2003   0.00   0.00
                                      1972
                                      1960
  MONTH TO DATE    0.43                      0.01   0.42
  SINCE OCT 1      6.85                     11.32  -4.47
  SINCE JAN 1      3.66                      7.85  -4.19

SNOWFALL (IN)
  YESTERDAY        0.0
  MONTH TO DATE    0.0
  SINCE JUN 1      0.0
  SINCE JUL 1      0.0
  SNOW DEPTH       0

DEGREE DAYS
 HEATING
  YESTERDAY        0                                0
  MONTH TO DATE    0                                0
  SINCE JUN 1      0                               -3
  SINCE JUL 1      0                                0

 COOLING
  YESTERDAY       24                                5
  MONTH TO DATE  517                               -7
  SINCE JUN 1   1030                              137
  SINCE JAN 1   1303                              169
...............................................................


WIND (MPH)
  HIGHEST WIND SPEED    14   HIGHEST WIND DIRECTION     W (290)
  HIGHEST GUST SPEED    24   HIGHEST GUST DIRECTION     W (290)
  AVERAGE WIND SPEED     5.8




RELATIVE HUMIDITY (PERCENT)
 HIGHEST    53
 LOWEST     10
 AVERAGE    32

..........................................................


THE FRESNO CA CLIMATE NORMALS FOR TODAY
                         NORMAL    RECORD    YEAR
 MAXIMUM TEMPERATURE (F)   99       114      1898
 MINIMUM TEMPERATURE (F)   68        57      1975
                                             1919


SUNRISE AND SUNSET
JULY 30 2015..........SUNRISE   603 AM PDT   SUNSET   807 PM PDT
JULY 31 2015..........SUNRISE   604 AM PDT   SUNSET   806 PM PDT


-  INDICATES NEGATIVE NUMBERS.
R  INDICATES RECORD WAS SET OR TIED.
MM INDICATES DATA IS MISSING.
T  INDICATES TRACE AMOUNT.




$$
