000
CDUS46 KHNX 270821
CLIFAT


CLIMATE REPORT
NATIONAL WEATHER SERVICE SAN JOAQUIN VALLEY, CA
1221 AM PST SAT DEC 27 2014


...................................

...THE FRESNO CA CLIMATE SUMMARY FOR DECEMBER 26 2014...

CLIMATE NORMAL PERIOD 1981 TO 2010
CLIMATE RECORD PERIOD 1887 TO 2014


WEATHER ITEM   OBSERVED TIME   RECORD YEAR NORMAL DEPARTURE
                VALUE   (LST)  VALUE       VALUE  FROM
                                                  NORMAL
...............................................................
TEMPERATURE (F)
 YESTERDAY
  MAXIMUM         53    245 PM  70    1892  53      0
  MINIMUM         34    724 AM  21    1987  38     -4
  AVERAGE         44                        45     -1

PRECIPITATION (IN)
  YESTERDAY        0.00          0.59 1940   0.07  -0.07
  MONTH TO DATE    2.29                      1.43   0.86
  SINCE JUL 1      3.38                      3.32   0.06
  SINCE JAN 1      7.46                     11.16  -3.70

SNOWFALL (IN)
  YESTERDAY        0.0
  MONTH TO DATE    0.0
  SINCE DEC 1      0.0
  SINCE JUL 1      0.0
  SNOW DEPTH       0

DEGREE DAYS
 HEATING
  YESTERDAY       21                                1
  MONTH TO DATE  284                             -193
  SINCE DEC 1    284                             -193
  SINCE JUL 1    505                             -360

 COOLING
  YESTERDAY        0                                0
  MONTH TO DATE    0                                0
  SINCE DEC 1      0                                0
  SINCE JAN 1   2932                              808
...............................................................


WIND (MPH)
  HIGHEST WIND SPEED     7   HIGHEST WIND DIRECTION    NE (40)
  HIGHEST GUST SPEED     9   HIGHEST GUST DIRECTION    SE (120)
  AVERAGE WIND SPEED     2.4




RELATIVE HUMIDITY (PERCENT)
 HIGHEST    92
 LOWEST     54
 AVERAGE    73

..........................................................


THE FRESNO CA CLIMATE NORMALS FOR TODAY
                         NORMAL    RECORD    YEAR
 MAXIMUM TEMPERATURE (F)   53        72      1991
 MINIMUM TEMPERATURE (F)   38        23      1962


SUNRISE AND SUNSET
DECEMBER 27 2014......SUNRISE   710 AM PST   SUNSET   450 PM PST
DECEMBER 28 2014......SUNRISE   711 AM PST   SUNSET   451 PM PST


-  INDICATES NEGATIVE NUMBERS.
R  INDICATES RECORD WAS SET OR TIED.
MM INDICATES DATA IS MISSING.
T  INDICATES TRACE AMOUNT.




$$
