000
CDUS46 KHNX 210826
CLIFAT


CLIMATE REPORT
NATIONAL WEATHER SERVICE SAN JOAQUIN VALLEY, CA
126 AM PDT MON APR 21 2014


...................................

...THE FRESNO CA CLIMATE SUMMARY FOR APRIL 20 2014...

CLIMATE NORMAL PERIOD 1981 TO 2010
CLIMATE RECORD PERIOD 1887 TO 2014


WEATHER ITEM   OBSERVED TIME   RECORD YEAR NORMAL DEPARTURE
                VALUE   (LST)  VALUE       VALUE  FROM
                                                  NORMAL
...............................................................
TEMPERATURE (F)
 YESTERDAY
  MAXIMUM         84    437 PM  96    2009  76      8
  MINIMUM         54    601 AM  36    1896  50      4
  AVERAGE         69                        63      6

PRECIPITATION (IN)
  YESTERDAY        0.00          0.77 2010   0.02  -0.02
  MONTH TO DATE    0.12                      0.68  -0.56
  SINCE JUL 1      4.15                     10.59  -6.44
  SINCE JAN 1      3.42                      6.93  -3.51

SNOWFALL (IN)
  YESTERDAY        0.0
  MONTH TO DATE    0.0
  SINCE MAR 1      0.0
  SINCE JUL 1      0.0
  SNOW DEPTH       0

DEGREE DAYS
 HEATING
  YESTERDAY        0                               -4
  MONTH TO DATE   44                              -65
  SINCE MAR 1    132                             -242
  SINCE JUL 1   1477                             -809

 COOLING
  YESTERDAY        4                                2
  MONTH TO DATE  109                               86
  SINCE MAR 1    121                               93
  SINCE JAN 1    121                               93
...............................................................


WIND (MPH)
  HIGHEST WIND SPEED    15   HIGHEST WIND DIRECTION    NW (310)
  HIGHEST GUST SPEED    19   HIGHEST GUST DIRECTION    NW (310)
  AVERAGE WIND SPEED     5.0




RELATIVE HUMIDITY (PERCENT)
 HIGHEST    83
 LOWEST     22
 AVERAGE    53

..........................................................


THE FRESNO CA CLIMATE NORMALS FOR TODAY
                         NORMAL    RECORD    YEAR
 MAXIMUM TEMPERATURE (F)   76        98      2009
 MINIMUM TEMPERATURE (F)   50        36      1968


SUNRISE AND SUNSET
APRIL 21 2014.........SUNRISE   617 AM PDT   SUNSET   739 PM PDT
APRIL 22 2014.........SUNRISE   616 AM PDT   SUNSET   740 PM PDT


-  INDICATES NEGATIVE NUMBERS.
R  INDICATES RECORD WAS SET OR TIED.
MM INDICATES DATA IS MISSING.
T  INDICATES TRACE AMOUNT.




$$
