000
CDUS46 KHNX 260821
CLIFAT


CLIMATE REPORT
NATIONAL WEATHER SERVICE SAN JOAQUIN VALLEY, CA
120 AM PDT TUE MAY 26 2015


...................................

...THE FRESNO CA CLIMATE SUMMARY FOR MAY 25 2015...

CLIMATE NORMAL PERIOD 1981 TO 2010
CLIMATE RECORD PERIOD 1887 TO 2015


WEATHER ITEM   OBSERVED TIME   RECORD YEAR NORMAL DEPARTURE
                VALUE   (LST)  VALUE       VALUE  FROM
                                                  NORMAL
...............................................................
TEMPERATURE (F)
 YESTERDAY
  MAXIMUM         88    442 PM 102    1890  87      1
  MINIMUM         58    530 AM  42    1980  58      0
  AVERAGE         73                        72      1

PRECIPITATION (IN)
  YESTERDAY        0.00          0.24 1901   0.01  -0.01
  MONTH TO DATE    0.57                      0.36   0.21
  SINCE OCT 1      6.41                     11.03  -4.62
  SINCE JAN 1      3.22                      7.56  -4.34

SNOWFALL (IN)
  YESTERDAY        0.0
  MONTH TO DATE    0.0
  SINCE MAR 1      0.0
  SINCE JUL 1      0.0
  SNOW DEPTH       0

DEGREE DAYS
 HEATING
  YESTERDAY        0                                0
  MONTH TO DATE   25                               -4
  SINCE MAR 1    193                             -237
  SINCE JUL 1   1519                             -823

 COOLING
  YESTERDAY        8                                0
  MONTH TO DATE   75                              -64
  SINCE MAR 1    203                               13
  SINCE JAN 1    203                               13
...............................................................


WIND (MPH)
  HIGHEST WIND SPEED    17   HIGHEST WIND DIRECTION    NW (310)
  HIGHEST GUST SPEED    21   HIGHEST GUST DIRECTION    NW (310)
  AVERAGE WIND SPEED     7.5




RELATIVE HUMIDITY (PERCENT)
 HIGHEST    77
 LOWEST     22
 AVERAGE    50

..........................................................


THE FRESNO CA CLIMATE NORMALS FOR TODAY
                         NORMAL    RECORD    YEAR
 MAXIMUM TEMPERATURE (F)   87       103      1974
                                             1951
 MINIMUM TEMPERATURE (F)   58        40      1953


SUNRISE AND SUNSET
MAY 26 2015...........SUNRISE   544 AM PDT   SUNSET   808 PM PDT
MAY 27 2015...........SUNRISE   544 AM PDT   SUNSET   809 PM PDT


-  INDICATES NEGATIVE NUMBERS.
R  INDICATES RECORD WAS SET OR TIED.
MM INDICATES DATA IS MISSING.
T  INDICATES TRACE AMOUNT.




$$
