928
CDUS46 KHNX 280824
CLIFAT


CLIMATE REPORT
NATIONAL WEATHER SERVICE SAN JOAQUIN VALLEY, CA
124 AM PDT TUE MAR 28 2017


...................................

...THE FRESNO CA CLIMATE SUMMARY FOR MARCH 27 2017...

CLIMATE NORMAL PERIOD 1981 TO 2010
CLIMATE RECORD PERIOD 1887 TO 2017


WEATHER ITEM   OBSERVED TIME   RECORD YEAR NORMAL DEPARTURE
                VALUE   (LST)  VALUE       VALUE  FROM
                                                  NORMAL
...............................................................
TEMPERATURE (F)
 YESTERDAY
  MAXIMUM         67    304 PM  91    2015  69     -2
  MINIMUM         49   1159 PM  31    1972  47      2
  AVERAGE         58                        58      0

PRECIPITATION (IN)
  YESTERDAY        0.04          1.30 1883   0.05  -0.01
  MONTH TO DATE    0.99                      1.82  -0.83
  SINCE OCT 1     13.57                      9.51   4.06
  SINCE JAN 1      9.01                      6.04   2.97

SNOWFALL (IN)
  YESTERDAY       MM
  MONTH TO DATE    0.0
  SINCE MAR 1      0.0
  SINCE JUL 1      0.0
  SNOW DEPTH       0

DEGREE DAYS
 HEATING
  YESTERDAY        7                                0
  MONTH TO DATE  173                              -64
  SINCE MAR 1    173                              -64
  SINCE JUL 1   1787                             -362

 COOLING
  YESTERDAY        0                                0
  MONTH TO DATE   17                               17
  SINCE MAR 1     17                               17
  SINCE JAN 1     17                               17
...............................................................


WIND (MPH)
  HIGHEST WIND SPEED    29   HIGHEST WIND DIRECTION    NW (320)
  HIGHEST GUST SPEED    38   HIGHEST GUST DIRECTION    NW (310)
  AVERAGE WIND SPEED    13.6




RELATIVE HUMIDITY (PERCENT)
 HIGHEST    93
 LOWEST     44
 AVERAGE    69

..........................................................


THE FRESNO CA CLIMATE NORMALS FOR TODAY
                         NORMAL    RECORD    YEAR
 MAXIMUM TEMPERATURE (F)   70        85      1986
                                             1923
 MINIMUM TEMPERATURE (F)   47        33      1972


SUNRISE AND SUNSET
MARCH 28 2017.........SUNRISE   650 AM PDT   SUNSET   718 PM PDT
MARCH 29 2017.........SUNRISE   649 AM PDT   SUNSET   719 PM PDT


-  INDICATES NEGATIVE NUMBERS.
R  INDICATES RECORD WAS SET OR TIED.
MM INDICATES DATA IS MISSING.
T  INDICATES TRACE AMOUNT.




$$
