000
CDUS46 KHNX 250821
CLIFAT


CLIMATE REPORT
NATIONAL WEATHER SERVICE SAN JOAQUIN VALLEY, CA
1221 AM PST TUE NOV 25 2014


...................................

...THE FRESNO CA CLIMATE SUMMARY FOR NOVEMBER 24 2014...

CLIMATE NORMAL PERIOD 1981 TO 2010
CLIMATE RECORD PERIOD 1887 TO 2014


WEATHER ITEM   OBSERVED TIME   RECORD YEAR NORMAL DEPARTURE
                VALUE   (LST)  VALUE       VALUE  FROM
                                                  NORMAL
...............................................................
TEMPERATURE (F)
 YESTERDAY
  MAXIMUM         62    329 PM  78    1939  61      1
  MINIMUM         44    624 AM  29    1947  41      3
                                      1941
  AVERAGE         53                        51      2

PRECIPITATION (IN)
  YESTERDAY        0.00          0.78 1983   0.03  -0.03
  MONTH TO DATE    0.39                      0.84  -0.45
  SINCE JUL 1      1.08                      1.66  -0.58
  SINCE JAN 1      5.16                      9.50  -4.34

SNOWFALL (IN)
  YESTERDAY        0.0
  MONTH TO DATE    0.0
  SINCE SEP 1      0.0
  SINCE JUL 1      0.0
  SNOW DEPTH       0

DEGREE DAYS
 HEATING
  YESTERDAY       12                               -2
  MONTH TO DATE  161                              -74
  SINCE SEP 1    166                             -132
  SINCE JUL 1    166                             -132

 COOLING
  YESTERDAY        0                                0
  MONTH TO DATE    2                                2
  SINCE SEP 1    711                              273
  SINCE JAN 1   2932                              810
...............................................................


WIND (MPH)
  HIGHEST WIND SPEED     8   HIGHEST WIND DIRECTION     W (280)
  HIGHEST GUST SPEED    10   HIGHEST GUST DIRECTION     W (270)
  AVERAGE WIND SPEED     1.0




RELATIVE HUMIDITY (PERCENT)
 HIGHEST   100
 LOWEST     52
 AVERAGE    76

..........................................................


THE FRESNO CA CLIMATE NORMALS FOR TODAY
                         NORMAL    RECORD    YEAR
 MAXIMUM TEMPERATURE (F)   61        76      1933
 MINIMUM TEMPERATURE (F)   41        27      1898


SUNRISE AND SUNSET
NOVEMBER 25 2014......SUNRISE   647 AM PST   SUNSET   444 PM PST
NOVEMBER 26 2014......SUNRISE   648 AM PST   SUNSET   444 PM PST


-  INDICATES NEGATIVE NUMBERS.
R  INDICATES RECORD WAS SET OR TIED.
MM INDICATES DATA IS MISSING.
T  INDICATES TRACE AMOUNT.




$$
