000
CDUS46 KHNX 300826
CLIFAT


CLIMATE REPORT
NATIONAL WEATHER SERVICE SAN JOAQUIN VALLEY, CA
124 AM PDT MON MAY 30 2016


...................................

...THE FRESNO CA CLIMATE SUMMARY FOR MAY 29 2016...

CLIMATE NORMAL PERIOD 1981 TO 2010
CLIMATE RECORD PERIOD 1887 TO 2016


WEATHER ITEM   OBSERVED TIME   RECORD YEAR NORMAL DEPARTURE
                VALUE   (LST)  VALUE       VALUE  FROM
                                                  NORMAL
...............................................................
TEMPERATURE (F)
 YESTERDAY
  MAXIMUM         95    228 PM 107    1984  88      7
  MINIMUM         64    508 AM  45    1906  59      5
  AVERAGE         80                        73      7

PRECIPITATION (IN)
  YESTERDAY        0.00          0.46 1906   0.01  -0.01
  MONTH TO DATE    0.29                      0.41  -0.12
  SINCE OCT 1     14.23                     11.08   3.15
  SINCE JAN 1      9.03                      7.61   1.42

SNOWFALL (IN)
  YESTERDAY        0.0
  MONTH TO DATE    0.0
  SINCE MAR 1      0.0
  SINCE JUL 1      0.0
  SNOW DEPTH       0

DEGREE DAYS
 HEATING
  YESTERDAY        0                                0
  MONTH TO DATE   10                              -19
  SINCE MAR 1    246                             -184
  SINCE JUL 1   1947                             -395

 COOLING
  YESTERDAY       15                                7
  MONTH TO DATE  181                               10
  SINCE MAR 1    245                               23
  SINCE JAN 1    245                               23
...............................................................


WIND (MPH)
  HIGHEST WIND SPEED    20   HIGHEST WIND DIRECTION    NW (310)
  HIGHEST GUST SPEED    23   HIGHEST GUST DIRECTION    NW (300)
  AVERAGE WIND SPEED     8.1




RELATIVE HUMIDITY (PERCENT)
 HIGHEST    56
 LOWEST     15
 AVERAGE    36

..........................................................


THE FRESNO CA CLIMATE NORMALS FOR TODAY
                         NORMAL    RECORD    YEAR
 MAXIMUM TEMPERATURE (F)   88       109      1910
 MINIMUM TEMPERATURE (F)   59        45      1988
                                             1906


SUNRISE AND SUNSET
MAY 30 2016...........SUNRISE   542 AM PDT   SUNSET   811 PM PDT
MAY 31 2016...........SUNRISE   542 AM PDT   SUNSET   812 PM PDT


-  INDICATES NEGATIVE NUMBERS.
R  INDICATES RECORD WAS SET OR TIED.
MM INDICATES DATA IS MISSING.
T  INDICATES TRACE AMOUNT.




$$
