000
CDUS46 KHNX 040021
CLIFAT


CLIMATE REPORT
NATIONAL WEATHER SERVICE SAN JOAQUIN VALLEY, CA
521 PM PDT FRI JUL 3 2015


...................................

...THE FRESNO CA CLIMATE SUMMARY FOR JULY 3 2015...
VALID AS OF 0500 PM LOCAL TIME.

CLIMATE NORMAL PERIOD 1981 TO 2010
CLIMATE RECORD PERIOD 1887 TO 2015


WEATHER ITEM   OBSERVED TIME   RECORD YEAR NORMAL DEPARTURE LAST
                VALUE   (LST)  VALUE       VALUE  FROM      YEAR
                                                  NORMAL
..................................................................
TEMPERATURE (F)
 TODAY
  MAXIMUM        102    344 PM 110    2001  97      5      104
                                      1892
                                      1889
  MINIMUM         72    505 AM  50    1901  66      6       70
  AVERAGE         87                        82      5       87

PRECIPITATION (IN)
  TODAY            0.00          0.14 1925   0.00   0.00     0.00
  MONTH TO DATE    0.07                      0.00   0.07     0.00
  SINCE OCT 1      6.49                     11.31  -4.82     4.80
  SINCE JAN 1      3.30                      7.84  -4.54     4.08

SNOWFALL (IN)
  TODAY            0.0
  MONTH TO DATE    0.0
  SINCE JUN 1      0.0
  SINCE JUL 1      0.0
  SNOW DEPTH       0

DEGREE DAYS
 HEATING
  TODAY            0                         0      0        0
  MONTH TO DATE    0                         0      0        0
  SINCE JUN 1      0                         3     -3        0
  SINCE JUL 1      0                         0      0        0

 COOLING
  TODAY           22                        16      6       22
  MONTH TO DATE   71                        48     23       72
  SINCE JUN 1    584                       417    167      557
  SINCE JAN 1    857                       658    199     1000
..................................................................


WIND (MPH)
  HIGHEST WIND SPEED    13   HIGHEST WIND DIRECTION    NW (320)
  HIGHEST GUST SPEED    17   HIGHEST GUST DIRECTION    NW (310)
  AVERAGE WIND SPEED     6.2




RELATIVE HUMIDITY (PERCENT)
 HIGHEST    57
 LOWEST     16
 AVERAGE    37

..........................................................


THE FRESNO CA CLIMATE NORMALS FOR TOMORROW
                         NORMAL    RECORD    YEAR
 MAXIMUM TEMPERATURE (F)   97       112      1889
 MINIMUM TEMPERATURE (F)   67        51      1951
                                             1910


SUNRISE AND SUNSET
JULY  3 2015..........SUNRISE   544 AM PDT   SUNSET   822 PM PDT
JULY  4 2015..........SUNRISE   545 AM PDT   SUNSET   821 PM PDT


-  INDICATES NEGATIVE NUMBERS.
R  INDICATES RECORD WAS SET OR TIED.
MM INDICATES DATA IS MISSING.
T  INDICATES TRACE AMOUNT.




$$
