000
CDUS42 KRAH 130525
CLIFAY


CLIMATE REPORT
NATIONAL WEATHER SERVICE RALEIGH NC
124 AM EDT SUN JUL 13 2014


...................................

...THE FAYETTEVILLE REGL AIRPORT NC CLIMATE SUMMARY FOR JULY 12 2014...

CLIMATE NORMAL PERIOD 1981 TO 2010
CLIMATE RECORD PERIOD 1910 TO 2014


WEATHER ITEM   OBSERVED TIME   RECORD YEAR NORMAL DEPARTURE LAST
                VALUE   (LST)  VALUE       VALUE  FROM      YEAR
                                                  NORMAL
..................................................................
TEMPERATURE (F)
 YESTERDAY
  MAXIMUM         92    453 PM 102    1937  91      1       79
  MINIMUM         70    547 AM  58    1953  72     -2       72
  AVERAGE         81                        82     -1       76

PRECIPITATION (IN)
  YESTERDAY        0.00          2.60 1928   0.18  -0.18     0.67
  MONTH TO DATE    1.44                      2.07  -0.63     5.70
  SINCE JUN 1      4.13                      6.42  -2.29    14.28
  SINCE JAN 1     22.58                     22.09   0.49    27.62

DEGREE DAYS
 HEATING
  YESTERDAY        0                         0      0        0
  MONTH TO DATE    0                         0      0        0
  SINCE JUN 1      0                         0      0        0
  SINCE JUL 1      0                         0      0        0

 COOLING
  YESTERDAY       16                        17     -1       11
  MONTH TO DATE  198                       193      5      183
  SINCE JUN 1    655                       589     66      578
  SINCE JAN 1   1021                       873    148      827
..................................................................


WIND (MPH)
  HIGHEST WIND SPEED    13   HIGHEST WIND DIRECTION     S (160)
  HIGHEST GUST SPEED    16   HIGHEST GUST DIRECTION    SE (150)
  AVERAGE WIND SPEED     4.9


SKY COVER
  POSSIBLE SUNSHINE  MM
  AVERAGE SKY COVER 0.2


WEATHER CONDITIONS
 THE FOLLOWING WEATHER WAS RECORDED YESTERDAY.
  FOG
  FOG W/VISIBILITY <= 1/4 MILE
  HAZE


RELATIVE HUMIDITY (PERCENT)
 HIGHEST   100           700 AM
 LOWEST     44           400 PM
 AVERAGE    72

..........................................................


THE FAYETTEVILLE REGL AIRPORT NC CLIMATE NORMALS FOR TODAY
                         NORMAL    RECORD    YEAR
 MAXIMUM TEMPERATURE (F)   91       103      1932
 MINIMUM TEMPERATURE (F)   72        57      1978


SUNRISE AND SUNSET
JULY 13 2014..........SUNRISE   612 AM EDT   SUNSET   831 PM EDT
JULY 14 2014..........SUNRISE   612 AM EDT   SUNSET   830 PM EDT


-  INDICATES NEGATIVE NUMBERS.
R  INDICATES RECORD WAS SET OR TIED.
MM INDICATES DATA IS MISSING.
T  INDICATES TRACE AMOUNT.




$$
