000
CDUS42 KRAH 310052
CLIFAY


CLIMATE REPORT
NATIONAL WEATHER SERVICE RALEIGH NC
851 PM EDT TUE AUG 30 2016


...................................

...THE FAYETTEVILLE REGL AIRPORT NC CLIMATE SUMMARY FOR AUGUST 30 2016...
VALID AS OF 0830 PM LOCAL TIME.

CLIMATE NORMAL PERIOD 1981 TO 2010
CLIMATE RECORD PERIOD 1910 TO 2016


WEATHER ITEM   OBSERVED TIME   RECORD YEAR NORMAL DEPARTURE LAST
                VALUE   (LST)  VALUE       VALUE  FROM      YEAR
                                                  NORMAL
..................................................................
TEMPERATURE (F)
 TODAY
  MAXIMUM         93    256 PM 105    1932  88      5       84
  MINIMUM         72    633 AM  46    1965  68      4       65
  AVERAGE         83                        78      5       75

PRECIPITATION (IN)
  TODAY            0.00          3.05 1988   0.13  -0.13     0.02
  MONTH TO DATE    1.33                      5.34  -4.01     1.77
  SINCE JUN 1      9.09                     15.61  -6.52    14.29
  SINCE JAN 1     26.66                     31.28  -4.62    29.56

DEGREE DAYS
 HEATING
  TODAY            0                         0      0        0
  MONTH TO DATE    0                         0      0        0
  SINCE JUN 1      0                         0      0        0
  SINCE JUL 1      0                         0      0        0

 COOLING
  TODAY           18                        13      5       10
  MONTH TO DATE  570                       440    130      449
  SINCE JUN 1   1641                      1343    298     1493
  SINCE JAN 1   1977                      1627    350     1823
..................................................................


WIND (MPH)
  HIGHEST WIND SPEED    14   HIGHEST WIND DIRECTION    NE (40)
  HIGHEST GUST SPEED    20   HIGHEST GUST DIRECTION    NE (30)
  AVERAGE WIND SPEED     6.2


SKY COVER
  POSSIBLE SUNSHINE  MM
  AVERAGE SKY COVER 0.3


WEATHER CONDITIONS
 THE FOLLOWING WEATHER WAS RECORDED TODAY.
  NO SIGNIFICANT WEATHER WAS OBSERVED.


RELATIVE HUMIDITY (PERCENT)
 HIGHEST    93           300 AM
 LOWEST     41           300 PM
 AVERAGE    67

..........................................................




SUNRISE AND SUNSET
AUGUST 30 2016........SUNRISE   647 AM EDT   SUNSET   744 PM EDT
AUGUST 31 2016........SUNRISE   648 AM EDT   SUNSET   743 PM EDT


-  INDICATES NEGATIVE NUMBERS.
R  INDICATES RECORD WAS SET OR TIED.
MM INDICATES DATA IS MISSING.
T  INDICATES TRACE AMOUNT.




$$
