000
CDUS42 KRAH 010548
CLIFAY

CLIMATE REPORT
NATIONAL WEATHER SERVICE RALEIGH NC
1250 AM EST SUN FEB 1 2015

...................................

...THE FAYETTEVILLE REGL AIRPORT NC CLIMATE SUMMARY FOR JANUARY 31 2015...

CLIMATE NORMAL PERIOD 1981 TO 2010
CLIMATE RECORD PERIOD 1910 TO 2015


WEATHER ITEM   OBSERVED TIME   RECORD YEAR NORMAL DEPARTURE LAST
                VALUE   (LST)  VALUE       VALUE  FROM      YEAR
                                                  NORMAL
..................................................................
TEMPERATURE (F)
 YESTERDAY
  MAXIMUM         51    406 PM  78    2002  56     -5       54
  MINIMUM         27    717 AM   9    1934  34     -7       29
  AVERAGE         39                        45     -6       42

PRECIPITATION (IN)
  YESTERDAY        0.00          2.04 1960   0.13  -0.13     0.00
  MONTH TO DATE    4.37                      3.30   1.07     4.06
  SINCE DEC 1      8.59                      5.95   2.64     8.34
  SINCE JAN 1      4.37                      3.30   1.07     4.06

DEGREE DAYS
 HEATING
  YESTERDAY       26                        20      6       23
  MONTH TO DATE  683                       664     19      778
  SINCE DEC 1   1223                      1278    -55     1275
  SINCE JUL 1   1767                      1726     41     1791

 COOLING
  YESTERDAY        0                         0      0        0
  MONTH TO DATE    0                         2     -2        0
  SINCE DEC 1      0                         4     -4       17
  SINCE JAN 1      0                         2     -2        0
..................................................................


WIND (MPH)
  HIGHEST WIND SPEED    14   HIGHEST WIND DIRECTION    NW (330)
  HIGHEST GUST SPEED    17   HIGHEST GUST DIRECTION    NW (330)
  AVERAGE WIND SPEED     6.3


SKY COVER
  POSSIBLE SUNSHINE  MM
  AVERAGE SKY COVER 0.0


WEATHER CONDITIONS
 THE FOLLOWING WEATHER WAS RECORDED YESTERDAY.
  NO SIGNIFICANT WEATHER WAS OBSERVED.


RELATIVE HUMIDITY (PERCENT)
 HIGHEST    61          1000 PM
 LOWEST     14           200 PM
 AVERAGE    38

..........................................................


THE FAYETTEVILLE REGL AIRPORT NC CLIMATE NORMALS FOR TODAY
                         NORMAL    RECORD    YEAR
 MAXIMUM TEMPERATURE (F)   57        82      2002
 MINIMUM TEMPERATURE (F)   34         1      1936


SUNRISE AND SUNSET
FEBRUARY  1 2015......SUNRISE   714 AM EST   SUNSET   544 PM EST
FEBRUARY  2 2015......SUNRISE   714 AM EST   SUNSET   545 PM EST


-  INDICATES NEGATIVE NUMBERS.
R  INDICATES RECORD WAS SET OR TIED.
MM INDICATES DATA IS MISSING.
T  INDICATES TRACE AMOUNT.


$$

DJF
