289
CDUS42 KRAH 220714
CLIFAY


CLIMATE REPORT
NATIONAL WEATHER SERVICE RALEIGH NC
310 AM EDT THU JUN 22 2017


...................................

...THE FAYETTEVILLE REGL AIRPORT NC CLIMATE SUMMARY FOR JUNE 21 2017...

CLIMATE NORMAL PERIOD 1981 TO 2010
CLIMATE RECORD PERIOD 1910 TO 2017


WEATHER ITEM   OBSERVED TIME   RECORD YEAR NORMAL DEPARTURE LAST
                VALUE   (LST)  VALUE       VALUE  FROM      YEAR
                                                  NORMAL
..................................................................
TEMPERATURE (F)
 YESTERDAY
  MAXIMUM         87    441 PM 105    1933  90     -3       94
  MINIMUM         72    828 AM  52    1966  69      3       70
  AVERAGE         80                        79      1       82

PRECIPITATION (IN)
  YESTERDAY        0.51          2.58 1920   0.15   0.36     0.00
  MONTH TO DATE    2.64                      2.99  -0.35     2.77
  SINCE JUN 1      2.64                      2.99  -0.35     2.77
  SINCE JAN 1     18.28                     18.66  -0.38    20.34

DEGREE DAYS
 HEATING
  YESTERDAY        0                         0      0        0
  MONTH TO DATE    0                         0      0        0
  SINCE JUN 1      0                         0      0        0
  SINCE JUL 1   2027                      2732   -705     2169

 COOLING
  YESTERDAY       15                        14      1       17
  MONTH TO DATE  300                       259     41      305
  SINCE JUN 1    300                       259     41      305
  SINCE JAN 1    803                       543    260      641
..................................................................


WIND (MPH)
  HIGHEST WIND SPEED    26   HIGHEST WIND DIRECTION    SW (230)
  HIGHEST GUST SPEED    30   HIGHEST GUST DIRECTION    SW (230)
  AVERAGE WIND SPEED     7.8


SKY COVER
  POSSIBLE SUNSHINE  MM
  AVERAGE SKY COVER 0.7


WEATHER CONDITIONS
 THE FOLLOWING WEATHER WAS RECORDED YESTERDAY.
  RAIN
  LIGHT RAIN
  FOG
  HAZE


RELATIVE HUMIDITY (PERCENT)
 HIGHEST   100           600 AM
 LOWEST     59           300 PM
 AVERAGE    80

..........................................................


THE FAYETTEVILLE REGL AIRPORT NC CLIMATE NORMALS FOR TODAY
                         NORMAL    RECORD    YEAR
 MAXIMUM TEMPERATURE (F)   90       101      1990
 MINIMUM TEMPERATURE (F)   69        55      1963


SUNRISE AND SUNSET
JUNE 22 2017..........SUNRISE   602 AM EDT   SUNSET   833 PM EDT
JUNE 23 2017..........SUNRISE   603 AM EDT   SUNSET   833 PM EDT


-  INDICATES NEGATIVE NUMBERS.
R  INDICATES RECORD WAS SET OR TIED.
MM INDICATES DATA IS MISSING.
T  INDICATES TRACE AMOUNT.

$$
