000
CDUS42 KRAH 122148
CLIFAY


CLIMATE REPORT
NATIONAL WEATHER SERVICE RALEIGH NC
446 PM EST FRI FEB 12 2016


...................................

...THE FAYETTEVILLE REGL AIRPORT NC CLIMATE SUMMARY FOR FEBRUARY 12 2016...
VALID TODAY AS OF 0446 PM LOCAL TIME.

CLIMATE NORMAL PERIOD 1981 TO 2010
CLIMATE RECORD PERIOD 1910 TO 2016


WEATHER ITEM   OBSERVED TIME   RECORD YEAR NORMAL DEPARTURE LAST
                VALUE   (LST)  VALUE       VALUE  FROM      YEAR
                                                  NORMAL
..................................................................
TEMPERATURE (F)
 TODAY
  MAXIMUM         33   1107 AM  78    1965  59    -26       60
  MINIMUM         26    200 AM  10    1973  35     -9       30
  AVERAGE         30                        47    -17       45

PRECIPITATION (IN)
  TODAY            0.21          1.46 1948   0.10   0.11     0.00
  MONTH TO DATE    3.09                      1.09   2.00     0.81
  SINCE DEC 1     11.30                      7.04   4.26     9.40
  SINCE JAN 1      4.79                      4.39   0.40     5.18

DEGREE DAYS
 HEATING
  TODAY           35                        18     17       20
  MONTH TO DATE  239                       231      8      234
  SINCE DEC 1   1192                      1509   -317     1457
  SINCE JUL 1   1511                      1957   -446     2001

 COOLING
  TODAY            0                         0      0        0
  MONTH TO DATE    0                         0      0        0
  SINCE DEC 1     47                         4     43        0
  SINCE JAN 1      0                         2     -2        0
..................................................................


WIND (MPH)
  HIGHEST WIND SPEED    14   HIGHEST WIND DIRECTION    NE (60)
  HIGHEST GUST SPEED    18   HIGHEST GUST DIRECTION    NE (60)
  AVERAGE WIND SPEED     7.5


SKY COVER
  POSSIBLE SUNSHINE  MM
  AVERAGE SKY COVER 0.5


WEATHER CONDITIONS
 THE FOLLOWING WEATHER WAS RECORDED TODAY.
  FREEZING RAIN
  LT FREEZING RAIN
  FOG


RELATIVE HUMIDITY (PERCENT)
 HIGHEST    85           200 PM
 LOWEST     39           700 AM
 AVERAGE    62

..........................................................


THE FAYETTEVILLE REGL AIRPORT NC CLIMATE NORMALS FOR TOMORROW
                         NORMAL    RECORD    YEAR
 MAXIMUM TEMPERATURE (F)   59        76      1918
 MINIMUM TEMPERATURE (F)   35        14      1973


SUNRISE AND SUNSET
FEBRUARY 12 2016......SUNRISE   705 AM EST   SUNSET   555 PM EST
FEBRUARY 13 2016......SUNRISE   704 AM EST   SUNSET   556 PM EST


-  INDICATES NEGATIVE NUMBERS.
R  INDICATES RECORD WAS SET OR TIED.
MM INDICATES DATA IS MISSING.
T  INDICATES TRACE AMOUNT.




$$
