000
CDUS42 KRAH 150035
CLIFAY


CLIMATE REPORT
NATIONAL WEATHER SERVICE RALEIGH NC
834 PM EDT SUN SEP 14 2014


...................................

...THE FAYETTEVILLE REGL AIRPORT NC CLIMATE SUMMARY FOR SEPTEMBER 14 2014...
VALID AS OF 0834 PM LOCAL TIME.

CLIMATE NORMAL PERIOD 1981 TO 2010
CLIMATE RECORD PERIOD 1910 TO 2014


WEATHER ITEM   OBSERVED TIME   RECORD YEAR NORMAL DEPARTURE LAST
                VALUE   (LST)  VALUE       VALUE  FROM      YEAR
                                                  NORMAL
..................................................................
TEMPERATURE (F)
 TODAY
  MAXIMUM         73    426 PM  98    1938  84    -11       81
  MINIMUM         63    759 AM  46    1985  65     -2       61
  AVERAGE         68                        74     -6       71

PRECIPITATION (IN)
  TODAY            0.03          2.92 1984   0.15  -0.12     0.00
  MONTH TO DATE    5.73                      2.09   3.64     0.08
  SINCE SEP 1      5.73                      2.09   3.64     0.08
  SINCE JAN 1     32.65                     33.52  -0.87    34.64

DEGREE DAYS
 HEATING
  TODAY            0                         0      0        0
  MONTH TO DATE    0                         0      0        0
  SINCE SEP 1      0                         0      0        0
  SINCE JUL 1      0                         0      0        0

 COOLING
  TODAY            3                         9     -6        6
  MONTH TO DATE  200                       155     45      198
  SINCE SEP 1    200                       155     45      198
  SINCE JAN 1   1941                      1795    146     1777
..................................................................


WIND (MPH)
  RESULTANT WIND SPEED   7   RESULTANT WIND DIRECTION  NE (40)
  HIGHEST WIND SPEED    15   HIGHEST WIND DIRECTION    NE (40)
  HIGHEST GUST SPEED    22   HIGHEST GUST DIRECTION    NE (40)
  AVERAGE WIND SPEED     7.2


SKY COVER
  POSSIBLE SUNSHINE  MM
  AVERAGE SKY COVER 1.0


WEATHER CONDITIONS
 THE FOLLOWING WEATHER WAS RECORDED TODAY.
  LIGHT RAIN
  FOG


RELATIVE HUMIDITY (PERCENT)
 HIGHEST    97           200 AM
 LOWEST     68           200 PM
 AVERAGE    83

..........................................................




SUNRISE AND SUNSET
SEPTEMBER 14 2014.....SUNRISE   658 AM EDT   SUNSET   724 PM EDT
SEPTEMBER 15 2014.....SUNRISE   658 AM EDT   SUNSET   722 PM EDT


-  INDICATES NEGATIVE NUMBERS.
R  INDICATES RECORD WAS SET OR TIED.
MM INDICATES DATA IS MISSING.
T  INDICATES TRACE AMOUNT.




$$
