000
CDUS42 KRAH 272052
CLIFAY


CLIMATE REPORT
NATIONAL WEATHER SERVICE RALEIGH NC
451 PM EDT THU APR 27 2017


...................................

...THE FAYETTEVILLE REGL AIRPORT NC CLIMATE SUMMARY FOR APRIL 27 2017...
VALID TODAY AS OF 0445 PM LOCAL TIME.

CLIMATE NORMAL PERIOD 1981 TO 2010
CLIMATE RECORD PERIOD 1910 TO 2017


WEATHER ITEM   OBSERVED TIME   RECORD YEAR NORMAL DEPARTURE LAST
                VALUE   (LST)  VALUE       VALUE  FROM      YEAR
                                                  NORMAL
..................................................................
TEMPERATURE (F)
 TODAY
  MAXIMUM         84    206 PM  93    1990  78      6       88
  MINIMUM         62    545 AM  35    1972  53      9       63
  AVERAGE         73                        66      7       76

PRECIPITATION (IN)
  TODAY            0.00          3.12 1920   0.06  -0.06     0.00
  MONTH TO DATE    4.23                      2.63   1.60     2.16
  SINCE MAR 1      6.91                      6.18   0.73     3.17
  SINCE JAN 1     10.33                     12.24  -1.91    11.01

DEGREE DAYS
 HEATING
  TODAY            0                         3     -3        0
  MONTH TO DATE   44                       131    -87      139
  SINCE MAR 1    393                       475    -82      329
  SINCE JUL 1   2015                      2700   -685     2142

 COOLING
  TODAY            8                         3      5       11
  MONTH TO DATE  117                        56     61       52
  SINCE MAR 1    153                        68     85      114
  SINCE JAN 1    168                        72     96      114
..................................................................


WIND (MPH)
  HIGHEST WIND SPEED    18   HIGHEST WIND DIRECTION    SW (210)
  HIGHEST GUST SPEED    27   HIGHEST GUST DIRECTION     S (200)
  AVERAGE WIND SPEED     9.9


SKY COVER
  POSSIBLE SUNSHINE  MM
  AVERAGE SKY COVER 0.1


WEATHER CONDITIONS
 THE FOLLOWING WEATHER WAS RECORDED TODAY.
  NO SIGNIFICANT WEATHER WAS OBSERVED.


RELATIVE HUMIDITY (PERCENT)
 HIGHEST    93           400 AM
 LOWEST     40          1200 PM
 AVERAGE    67

..........................................................


THE FAYETTEVILLE REGL AIRPORT NC CLIMATE NORMALS FOR TOMORROW
                         NORMAL    RECORD    YEAR
 MAXIMUM TEMPERATURE (F)   78        93      1990
 MINIMUM TEMPERATURE (F)   53        37      1940


SUNRISE AND SUNSET
APRIL 27 2017.........SUNRISE   629 AM EDT   SUNSET   758 PM EDT
APRIL 28 2017.........SUNRISE   628 AM EDT   SUNSET   759 PM EDT


-  INDICATES NEGATIVE NUMBERS.
R  INDICATES RECORD WAS SET OR TIED.
MM INDICATES DATA IS MISSING.
T  INDICATES TRACE AMOUNT.




$$
