000
CDUS42 KRAH 040856
CLIFAY


CLIMATE REPORT
NATIONAL WEATHER SERVICE RALEIGH NC
455 AM EDT SAT JUL 4 2015


...................................

...THE FAYETTEVILLE REGL AIRPORT NC CLIMATE SUMMARY FOR JULY 3 2015...

CLIMATE NORMAL PERIOD 1981 TO 2010
CLIMATE RECORD PERIOD 1910 TO 2015


WEATHER ITEM   OBSERVED TIME   RECORD YEAR NORMAL DEPARTURE LAST
                VALUE   (LST)  VALUE       VALUE  FROM      YEAR
                                                  NORMAL
..................................................................
TEMPERATURE (F)
 YESTERDAY
  MAXIMUM         83    618 PM 100    1954  91     -8       89
  MINIMUM         71    635 AM  54    1932  71      0       74
  AVERAGE         77                        81     -4       82

PRECIPITATION (IN)
  YESTERDAY        0.42          2.52 1931   0.16   0.26     0.08
  MONTH TO DATE    0.42                      0.48  -0.06     0.08
  SINCE JUN 1      9.56                      4.83   4.73     2.77
  SINCE JAN 1     24.83                     20.50   4.33    21.22

DEGREE DAYS
 HEATING
  YESTERDAY        0                         0      0        0
  MONTH TO DATE    0                         0      0        0
  SINCE JUN 1      0                         0      0        0
  SINCE JUL 1      0                         0      0        0

 COOLING
  YESTERDAY       12                        16     -4       17
  MONTH TO DATE   41                        48     -7       54
  SINCE JUN 1    530                       444     86      511
  SINCE JAN 1    860                       728    132      877
..................................................................


WIND (MPH)
  HIGHEST WIND SPEED    18   HIGHEST WIND DIRECTION    SW (230)
  HIGHEST GUST SPEED    23   HIGHEST GUST DIRECTION    SW (220)
  AVERAGE WIND SPEED     7.9


SKY COVER
  POSSIBLE SUNSHINE  MM
  AVERAGE SKY COVER 0.7


WEATHER CONDITIONS
 THE FOLLOWING WEATHER WAS RECORDED YESTERDAY.
  THUNDERSTORM
  HEAVY RAIN
  LIGHT RAIN
  FOG
  HAZE


RELATIVE HUMIDITY (PERCENT)
 HIGHEST    90          1200 AM
 LOWEST     74          1200 PM
 AVERAGE    82

..........................................................


THE FAYETTEVILLE REGL AIRPORT NC CLIMATE NORMALS FOR TODAY
                         NORMAL    RECORD    YEAR
 MAXIMUM TEMPERATURE (F)   91        98      1953
 MINIMUM TEMPERATURE (F)   71        54      1946


SUNRISE AND SUNSET
JULY  4 2015..........SUNRISE   606 AM EDT   SUNSET   833 PM EDT
JULY  5 2015..........SUNRISE   607 AM EDT   SUNSET   833 PM EDT


-  INDICATES NEGATIVE NUMBERS.
R  INDICATES RECORD WAS SET OR TIED.
MM INDICATES DATA IS MISSING.
T  INDICATES TRACE AMOUNT.




$$
