000
CDUS42 KRAH 220035
CLIFAY


CLIMATE REPORT
NATIONAL WEATHER SERVICE RALEIGH NC
834 PM EDT THU SEP 21 2017


...................................

...THE FAYETTEVILLE REGL AIRPORT NC CLIMATE SUMMARY FOR SEPTEMBER 21 2017...
VALID AS OF 0834 PM LOCAL TIME.

CLIMATE NORMAL PERIOD 1981 TO 2010
CLIMATE RECORD PERIOD 1910 TO 2017


WEATHER ITEM   OBSERVED TIME   RECORD YEAR NORMAL DEPARTURE LAST
                VALUE   (LST)  VALUE       VALUE  FROM      YEAR
                                                  NORMAL
..................................................................
TEMPERATURE (F)
 TODAY
  MAXIMUM         92    229 PM  99    1931  82     10       77
  MINIMUM         66    620 AM  44    1962  62      4       71
  AVERAGE         79                        72      7       74

PRECIPITATION (IN)
  TODAY            0.00          2.00 1943   0.14  -0.14     0.47
  MONTH TO DATE    3.73                      3.12   0.61     4.93
  SINCE SEP 1      3.73                      3.12   0.61     4.93
  SINCE JAN 1     35.53                     34.55   0.98    31.59

..................................................................


WIND (MPH)
  HIGHEST WIND SPEED    15   HIGHEST WIND DIRECTION    SE (120)
  HIGHEST GUST SPEED    20   HIGHEST GUST DIRECTION    SE (130)
  AVERAGE WIND SPEED     4.5


SKY COVER
  POSSIBLE SUNSHINE  MM
  AVERAGE SKY COVER 0.0


WEATHER CONDITIONS
 THE FOLLOWING WEATHER WAS RECORDED TODAY.
  THUNDERSTORM


RELATIVE HUMIDITY (PERCENT)
 HIGHEST   100           400 AM
 LOWEST     44           200 PM
 AVERAGE    72

..........................................................




SUNRISE AND SUNSET
SEPTEMBER 21 2017.....SUNRISE   703 AM EDT   SUNSET   713 PM EDT
SEPTEMBER 22 2017.....SUNRISE   704 AM EDT   SUNSET   712 PM EDT


-  INDICATES NEGATIVE NUMBERS.
R  INDICATES RECORD WAS SET OR TIED.
MM INDICATES DATA IS MISSING.
T  INDICATES TRACE AMOUNT.




$$
