000
CDUS42 KFFC 141711
CLIFFC


CLIMATE REPORT
NATIONAL WEATHER SERVICE PEACHTREE CITY GA
1211 PM EST SUN FEB 14 2016


...................................

...THE PEACHTREE CITY CLIMATE SUMMARY FOR FEBRUARY 13 2016...

CLIMATE NORMAL PERIOD 1981 TO 2010
CLIMATE RECORD PERIOD 9999 TO 9999


WEATHER ITEM   OBSERVED TIME   RECORD YEAR NORMAL DEPARTURE LAST
                VALUE   (LST)  VALUE       VALUE  FROM      YEAR
                                                  NORMAL
..................................................................
TEMPERATURE (F)
 YESTERDAY
  MAXIMUM         44    402 PM  MM      MM  58    -14       46
  MINIMUM         30   1159 PM  MM      MM  34     -4       26
  AVERAGE         37                        46     -9       36

PRECIPITATION (IN)
  YESTERDAY        0.00         MM      MM   0.17  -0.17     0.00
  MONTH TO DATE    2.31                      2.06   0.25     1.45
  SINCE DEC 1     21.67                     10.40  11.27     8.89
  SINCE JAN 1      6.68                      6.26   0.42     3.84

SNOWFALL (IN)
  YESTERDAY       MM            MM      MM  MM     MM       MM
  MONTH TO DATE    T                        MM     MM        0.0
  SINCE DEC 1      0.2                      MM     MM        0.0
  SINCE JUL 1      0.2                      MM     MM        0.0
  SNOW DEPTH      MM

DEGREE DAYS
 HEATING
  YESTERDAY       28                        19      9       29
  MONTH TO DATE  270                       257     13      278
  SINCE DEC 1   1298                      1584   -286     1478
  SINCE JUL 1   1684                      2126   -442     2116

 COOLING
  YESTERDAY        0                         0      0        0
  MONTH TO DATE    0                         0      0        0
  SINCE DEC 1     14                         0     14        0
  SINCE JAN 1      0                         0      0        0
..................................................................


WIND (MPH)
  RESULTANT WIND SPEED  11   RESULTANT WIND DIRECTION  NW (330)
  HIGHEST WIND SPEED    24   HIGHEST WIND DIRECTION    NW (320)
  HIGHEST GUST SPEED    31   HIGHEST GUST DIRECTION    NW (320)
  AVERAGE WIND SPEED    11.2


SKY COVER
  POSSIBLE SUNSHINE  MM
  AVERAGE SKY COVER 0.0


WEATHER CONDITIONS
 THE FOLLOWING WEATHER WAS RECORDED YESTERDAY.
  NO SIGNIFICANT WEATHER WAS OBSERVED.


RELATIVE HUMIDITY (PERCENT)
 HIGHEST    69           600 AM
 LOWEST     22           500 PM
 AVERAGE    46

..........................................................


THE PEACHTREE CITY CLIMATE NORMALS FOR TODAY
                         NORMAL    RECORD    YEAR
 MAXIMUM TEMPERATURE (F)   59        MM        MM
 MINIMUM TEMPERATURE (F)   35        MM        MM


SUNRISE AND SUNSET
FEBRUARY 14 2016......SUNRISE   724 AM EST   SUNSET   622 PM EST
FEBRUARY 15 2016......SUNRISE   723 AM EST   SUNSET   623 PM EST


-  INDICATES NEGATIVE NUMBERS.
R  INDICATES RECORD WAS SET OR TIED.
MM INDICATES DATA IS MISSING.
T  INDICATES TRACE AMOUNT.




$$
