000
CDUS43 KLMK 242131
CLIFFT


CLIMATE REPORT
NATIONAL WEATHER SERVICE LOUISVILLE KY
431 PM EST FRI NOV 24 2017


...................................

...THE FRANKFORT KY CLIMATE SUMMARY FOR NOVEMBER 24 2017...
VALID TODAY AS OF 0400 PM LOCAL TIME.

CLIMATE NORMAL PERIOD 1981 TO 2010
CLIMATE RECORD PERIOD 1895 TO 2017


WEATHER ITEM   OBSERVED TIME   RECORD YEAR NORMAL DEPARTURE LAST
                VALUE   (LST)  VALUE       VALUE  FROM      YEAR
                                                  NORMAL
..................................................................
TEMPERATURE (F)
 TODAY
  MAXIMUM         60    234 PM  74    1999  53      7       54
  MINIMUM         26    631 AM  10    1956  33     -7       46
                                      1950
  AVERAGE         43                        43      0       50

PRECIPITATION (IN)
  TODAY            0.00          2.15 1900   0.15  -0.15     0.03
  MONTH TO DATE    2.77                      2.91  -0.14     0.63
  SINCE SEP 1     13.17                      9.48   3.69     3.33
  SINCE JAN 1     46.89                     40.79   6.10    39.38

SNOWFALL (IN)
  TODAY           MM            MM      MM  MM     MM       MM
  MONTH TO DATE   MM                        MM     MM       MM
  SINCE SEP 1     MM                        MM     MM       MM
  SINCE JUL 1     MM                        MM     MM       MM
  SNOW DEPTH      MM

DEGREE DAYS
 HEATING
  TODAY           22                        22      0       15
  MONTH TO DATE  440                       427     13      360
  SINCE SEP 1    699                       767    -68      505
  SINCE JUL 1    699                       768    -69      505

 COOLING
  TODAY            0                         0      0        0
  MONTH TO DATE    6                         0      6       12
  SINCE SEP 1    192                       152     40      348
  SINCE JAN 1   1279                      1154    125     1639
..................................................................


WIND (MPH)
  HIGHEST WIND SPEED    15   HIGHEST WIND DIRECTION    SW (210)
  HIGHEST GUST SPEED    20   HIGHEST GUST DIRECTION    SW (230)
  AVERAGE WIND SPEED     4.7


SKY COVER
  POSSIBLE SUNSHINE  MM
  AVERAGE SKY COVER 0.0


WEATHER CONDITIONS
 THE FOLLOWING WEATHER WAS RECORDED TODAY.
  NO SIGNIFICANT WEATHER WAS OBSERVED.


RELATIVE HUMIDITY (PERCENT)
 HIGHEST    81           200 AM
 LOWEST     24           100 PM
 AVERAGE    53

..........................................................


THE FRANKFORT KY CLIMATE NORMALS FOR TOMORROW
                         NORMAL    RECORD    YEAR
 MAXIMUM TEMPERATURE (F)   52        73      1915
 MINIMUM TEMPERATURE (F)   33         2      1950


SUNRISE AND SUNSET
NOVEMBER 24 2017......SUNRISE   730 AM EST   SUNSET   522 PM EST
NOVEMBER 25 2017......SUNRISE   732 AM EST   SUNSET   522 PM EST


-  INDICATES NEGATIVE NUMBERS.
R  INDICATES RECORD WAS SET OR TIED.
MM INDICATES DATA IS MISSING.
T  INDICATES TRACE AMOUNT.




$$
