000
CDUS43 KLMK 260626
CLIFFT


CLIMATE REPORT
NATIONAL WEATHER SERVICE LOUISVILLE KY
226 AM EDT TUE MAY 26 2015


...................................

...THE FRANKFORT KY CLIMATE SUMMARY FOR MAY 25 2015...

CLIMATE NORMAL PERIOD 1981 TO 2010
CLIMATE RECORD PERIOD 1895 TO 2015


WEATHER ITEM   OBSERVED TIME   RECORD YEAR NORMAL DEPARTURE LAST
                VALUE   (LST)  VALUE       VALUE  FROM      YEAR
                                                  NORMAL
..................................................................
TEMPERATURE (F)
 YESTERDAY
  MAXIMUM         80   1225 PM  95    1914  78      2       77
  MINIMUM         65   1026 PM  36    1925  55     10       51
  AVERAGE         73                        66      7       64

PRECIPITATION (IN)
  YESTERDAY        T             1.39 1943   0.15  -0.15     0.00
  MONTH TO DATE    0.65                      3.97  -3.32     5.07
  SINCE MAR 1     19.57                     12.04   7.53    13.90
  SINCE JAN 1     23.13                     18.59   4.54    20.10

SNOWFALL (IN)
  YESTERDAY       MM            MM      MM  MM     MM       MM
  MONTH TO DATE   MM                        MM     MM       MM
  SINCE MAR 1     MM                        MM     MM       MM
  SINCE JUL 1     MM                        MM     MM       MM
  SNOW DEPTH      MM

DEGREE DAYS
 HEATING
  YESTERDAY        0                         2     -2        1
  MONTH TO DATE   58                       102    -44      106
  SINCE MAR 1   1003                      1041    -38     1108
  SINCE JUL 1   5123                      4680    443     5220

 COOLING
  YESTERDAY        8                         4      4        0
  MONTH TO DATE   98                        54     44       63
  SINCE MAR 1    106                        74     32       71
  SINCE JAN 1    106                        74     32       71
..................................................................


WIND (MPH)
  HIGHEST WIND SPEED    23   HIGHEST WIND DIRECTION    SW (220)
  HIGHEST GUST SPEED    30   HIGHEST GUST DIRECTION    SW (210)
  AVERAGE WIND SPEED     8.2


SKY COVER
  POSSIBLE SUNSHINE  MM
  AVERAGE SKY COVER 0.5


WEATHER CONDITIONS
 THE FOLLOWING WEATHER WAS RECORDED YESTERDAY.
  LIGHT RAIN


RELATIVE HUMIDITY (PERCENT)
 HIGHEST    87          1100 PM
 LOWEST     53          1200 AM
 AVERAGE    70

..........................................................


THE FRANKFORT KY CLIMATE NORMALS FOR TODAY
                         NORMAL    RECORD    YEAR
 MAXIMUM TEMPERATURE (F)   78        97      1914
 MINIMUM TEMPERATURE (F)   55        37      1925


SUNRISE AND SUNSET
MAY 26 2015...........SUNRISE   621 AM EDT   SUNSET   852 PM EDT
MAY 27 2015...........SUNRISE   621 AM EDT   SUNSET   853 PM EDT


-  INDICATES NEGATIVE NUMBERS.
R  INDICATES RECORD WAS SET OR TIED.
MM INDICATES DATA IS MISSING.
T  INDICATES TRACE AMOUNT.




$$
