000
CDUS43 KLMK 290645
CLIFFT


CLIMATE REPORT
NATIONAL WEATHER SERVICE LOUISVILLE KY
245 AM EDT SAT APR 29 2017


...................................

...THE FRANKFORT KY CLIMATE SUMMARY FOR APRIL 28 2017...

CLIMATE NORMAL PERIOD 1981 TO 2010
CLIMATE RECORD PERIOD 1895 TO 2017


WEATHER ITEM   OBSERVED TIME   RECORD YEAR NORMAL DEPARTURE LAST
                VALUE   (LST)  VALUE       VALUE  FROM      YEAR
                                                  NORMAL
..................................................................
TEMPERATURE (F)
 YESTERDAY
  MAXIMUM         78    712 PM  89    1986  71      7       80
  MINIMUM         46    506 AM  29    1934  47     -1       56
  AVERAGE         62                        59      3       68

PRECIPITATION (IN)
  YESTERDAY        T             2.06 2014   0.14  -0.14     0.02
  MONTH TO DATE    2.63                      3.40  -0.77     2.57
  SINCE MAR 1      7.72                      7.78  -0.06     8.65
  SINCE JAN 1     13.82                     14.33  -0.51    14.67

SNOWFALL (IN)
  YESTERDAY       MM            MM      MM  MM     MM       MM
  MONTH TO DATE   MM                        MM     MM       MM
  SINCE MAR 1     MM                        MM     MM       MM
  SINCE JUL 1     MM                        MM     MM       MM
  SNOW DEPTH       0

DEGREE DAYS
 HEATING
  YESTERDAY        3                         7     -4        0
  MONTH TO DATE  136                       302   -166      249
  SINCE MAR 1    669                       927   -258      659
  SINCE JUL 1   3439                      4566  -1127     3731

 COOLING
  YESTERDAY        0                         1     -1        3
  MONTH TO DATE   47                        20     27       25
  SINCE MAR 1     53                        22     31       26
  SINCE JAN 1     56                        22     34       26
..................................................................


WIND (MPH)
  HIGHEST WIND SPEED    20   HIGHEST WIND DIRECTION     S (200)
  HIGHEST GUST SPEED    26   HIGHEST GUST DIRECTION     S (190)
  AVERAGE WIND SPEED     6.4


SKY COVER
  POSSIBLE SUNSHINE  MM
  AVERAGE SKY COVER 0.3


WEATHER CONDITIONS
 THE FOLLOWING WEATHER WAS RECORDED YESTERDAY.
  THUNDERSTORM


RELATIVE HUMIDITY (PERCENT)
 HIGHEST    86          1200 AM
 LOWEST     43           200 PM
 AVERAGE    65

..........................................................


THE FRANKFORT KY CLIMATE NORMALS FOR TODAY
                         NORMAL    RECORD    YEAR
 MAXIMUM TEMPERATURE (F)   71        89      1914
 MINIMUM TEMPERATURE (F)   48        31      1976


SUNRISE AND SUNSET
APRIL 29 2017.........SUNRISE   645 AM EDT   SUNSET   829 PM EDT
APRIL 30 2017.........SUNRISE   644 AM EDT   SUNSET   830 PM EDT


-  INDICATES NEGATIVE NUMBERS.
R  INDICATES RECORD WAS SET OR TIED.
MM INDICATES DATA IS MISSING.
T  INDICATES TRACE AMOUNT.




$$
