000
CDUS43 KLMK 302035
CLIFFT


CLIMATE REPORT
NATIONAL WEATHER SERVICE LOUISVILLE KY
433 PM EDT SAT JUL 30 2016


...................................

...THE FRANKFORT KY CLIMATE SUMMARY FOR JULY 30 2016...
VALID TODAY AS OF 0400 PM LOCAL TIME.

CLIMATE NORMAL PERIOD 1981 TO 2010
CLIMATE RECORD PERIOD 1895 TO 2016


WEATHER ITEM   OBSERVED TIME   RECORD YEAR NORMAL DEPARTURE LAST
                VALUE   (LST)  VALUE       VALUE  FROM      YEAR
                                                  NORMAL
..................................................................
TEMPERATURE (F)
 TODAY
  MAXIMUM         86    249 PM 102    1940  87     -1       85
  MINIMUM         71    748 AM  50    1965  65      6       65
  AVERAGE         79                        76      3       75

PRECIPITATION (IN)
  TODAY            0.01          1.02 1922   0.13  -0.12     0.00
  MONTH TO DATE    6.90                      4.27   2.63    11.02
  SINCE JUN 1     11.33                      8.36   2.97    17.23
  SINCE JAN 1     30.99                     27.83   3.16    40.63

SNOWFALL (IN)
  TODAY           MM            MM      MM  MM     MM       MM
  MONTH TO DATE   MM                        MM     MM       MM
  SINCE JUN 1     MM                        MM     MM       MM
  SINCE JUL 1     MM                        MM     MM       MM
  SNOW DEPTH      MM

DEGREE DAYS
 HEATING
  TODAY            0                         0      0        0
  MONTH TO DATE    0                         0      0        0
  SINCE JUN 1      1                        10     -9       16
  SINCE JUL 1      0                         0      0        0

 COOLING
  TODAY           14                        11      3       10
  MONTH TO DATE  409                       330     79      339
  SINCE JUN 1    726                       566    160      635
  SINCE JAN 1    841                       665    176      790
..................................................................


WIND (MPH)
  HIGHEST WIND SPEED    12   HIGHEST WIND DIRECTION    SW (230)
  HIGHEST GUST SPEED    16   HIGHEST GUST DIRECTION    SW (220)
  AVERAGE WIND SPEED     4.7


SKY COVER
  POSSIBLE SUNSHINE  MM
  AVERAGE SKY COVER 0.8


WEATHER CONDITIONS
 THE FOLLOWING WEATHER WAS RECORDED TODAY.
  FOG
  HAZE


RELATIVE HUMIDITY (PERCENT)
 HIGHEST    93           700 AM
 LOWEST     61           100 PM
 AVERAGE    77

..........................................................


THE FRANKFORT KY CLIMATE NORMALS FOR TOMORROW
                         NORMAL    RECORD    YEAR
 MAXIMUM TEMPERATURE (F)   87       102      1999
 MINIMUM TEMPERATURE (F)   65        52      1932


SUNRISE AND SUNSET
JULY 30 2016..........SUNRISE   641 AM EDT   SUNSET   851 PM EDT
JULY 31 2016..........SUNRISE   642 AM EDT   SUNSET   850 PM EDT


-  INDICATES NEGATIVE NUMBERS.
R  INDICATES RECORD WAS SET OR TIED.
MM INDICATES DATA IS MISSING.
T  INDICATES TRACE AMOUNT.




$$
