000
CDUS43 KLMK 260627
CLIFFT


CLIMATE REPORT
NATIONAL WEATHER SERVICE LOUISVILLE KY
226 AM EDT MON JUN 26 2017


...................................

...THE FRANKFORT KY CLIMATE SUMMARY FOR JUNE 25 2017...

CLIMATE NORMAL PERIOD 1981 TO 2010
CLIMATE RECORD PERIOD 1895 TO 2017


WEATHER ITEM   OBSERVED TIME   RECORD YEAR NORMAL DEPARTURE LAST
                VALUE   (LST)  VALUE       VALUE  FROM      YEAR
                                                  NORMAL
..................................................................
TEMPERATURE (F)
 YESTERDAY
  MAXIMUM         80    452 PM 101    1914  86     -6       90
  MINIMUM         55    559 AM  48    1936  64     -9       66
  AVERAGE         68                        75     -7       78

PRECIPITATION (IN)
  YESTERDAY        0.00          1.67 1918   0.10  -0.10     0.00
  MONTH TO DATE    5.33                      3.52   1.81     4.43
  SINCE JUN 1      5.33                      3.52   1.81     4.43
  SINCE JAN 1     25.81                     22.99   2.82    24.09

SNOWFALL (IN)
  YESTERDAY       MM            MM      MM  MM     MM       MM
  MONTH TO DATE   MM                        MM     MM       MM
  SINCE JUN 1     MM                        MM     MM       MM
  SINCE JUL 1     MM                        MM     MM       MM
  SNOW DEPTH      MM

DEGREE DAYS
 HEATING
  YESTERDAY        0                         0      0        0
  MONTH TO DATE    1                         9     -8        1
  SINCE JUN 1      1                         9     -8        1
  SINCE JUL 1   3532                      4699  -1167     3874

 COOLING
  YESTERDAY        3                        10     -7       13
  MONTH TO DATE  211                       185     26      264
  SINCE JUN 1    211                       185     26      264
  SINCE JAN 1    397                       284    113      379
..................................................................


WIND (MPH)
  HIGHEST WIND SPEED    16   HIGHEST WIND DIRECTION    SW (240)
  HIGHEST GUST SPEED    23   HIGHEST GUST DIRECTION     W (290)
  AVERAGE WIND SPEED     4.9


SKY COVER
  POSSIBLE SUNSHINE  MM
  AVERAGE SKY COVER 0.1


WEATHER CONDITIONS
 THE FOLLOWING WEATHER WAS RECORDED YESTERDAY.
  NO SIGNIFICANT WEATHER WAS OBSERVED.


RELATIVE HUMIDITY (PERCENT)
 HIGHEST    86           300 AM
 LOWEST     28           300 PM
 AVERAGE    57

..........................................................


THE FRANKFORT KY CLIMATE NORMALS FOR TODAY
                         NORMAL    RECORD    YEAR
 MAXIMUM TEMPERATURE (F)   86       102      1914
 MINIMUM TEMPERATURE (F)   65        51      1990
                                             1982


SUNRISE AND SUNSET
JUNE 26 2017..........SUNRISE   618 AM EDT   SUNSET   907 PM EDT
JUNE 27 2017..........SUNRISE   619 AM EDT   SUNSET   907 PM EDT


-  INDICATES NEGATIVE NUMBERS.
R  INDICATES RECORD WAS SET OR TIED.
MM INDICATES DATA IS MISSING.
T  INDICATES TRACE AMOUNT.




$$
