000
CDUS43 KLMK 250631
CLIFFT


CLIMATE REPORT
NATIONAL WEATHER SERVICE LOUISVILLE KY
129 AM EST SUN FEB 25 2018


...................................

...THE FRANKFORT KY CLIMATE SUMMARY FOR FEBRUARY 24 2018...

CLIMATE NORMAL PERIOD 1981 TO 2010
CLIMATE RECORD PERIOD 1895 TO 2018


WEATHER ITEM   OBSERVED TIME   RECORD YEAR NORMAL DEPARTURE LAST
                VALUE   (LST)  VALUE       VALUE  FROM      YEAR
                                                  NORMAL
..................................................................
TEMPERATURE (F)
 YESTERDAY
  MAXIMUM         65   1119 PM  80    2017  49     16       80
  MINIMUM         51   1148 AM   1    1963  28     23       56
  AVERAGE         58                        39     19       68

PRECIPITATION (IN)
  YESTERDAY        1.39          3.75 1909   0.13   1.26     0.15
  MONTH TO DATE    8.69                      2.79   5.90     1.52
  SINCE DEC 1     12.10                     10.06   2.04    10.93
  SINCE JAN 1     10.27                      6.05   4.22     5.46

SNOWFALL (IN)
  YESTERDAY       MM            MM      MM  MM     MM       MM
  MONTH TO DATE   MM                        MM     MM       MM
  SINCE DEC 1     MM                        MM     MM       MM
  SINCE JUL 1     MM                        MM     MM       MM
  SNOW DEPTH      MM

DEGREE DAYS
 HEATING
  YESTERDAY        7                        26    -19        0
  MONTH TO DATE  524                       697   -173      442
  SINCE DEC 1   2509                      2624   -115     2075
  SINCE JUL 1   3317                      3535   -218     2693

 COOLING
  YESTERDAY        0                         0      0        3
  MONTH TO DATE    7                         0      7        3
  SINCE DEC 1      7                         0      7        3
  SINCE JAN 1      7                         0      7        3
..................................................................


WIND (MPH)
  HIGHEST WIND SPEED    26   HIGHEST WIND DIRECTION    SW (240)
  HIGHEST GUST SPEED    43   HIGHEST GUST DIRECTION     W (290)
  AVERAGE WIND SPEED     7.4


SKY COVER
  POSSIBLE SUNSHINE  MM
  AVERAGE SKY COVER 1.0


WEATHER CONDITIONS
 THE FOLLOWING WEATHER WAS RECORDED YESTERDAY.
  THUNDERSTORM
  HEAVY RAIN
  RAIN
  LIGHT RAIN
  FOG


RELATIVE HUMIDITY (PERCENT)
 HIGHEST    93          1200 AM
 LOWEST     83           100 PM
 AVERAGE    88

..........................................................


THE FRANKFORT KY CLIMATE NORMALS FOR TODAY
                         NORMAL    RECORD    YEAR
 MAXIMUM TEMPERATURE (F)   49        73      1930
 MINIMUM TEMPERATURE (F)   29        -3      1967


SUNRISE AND SUNSET
FEBRUARY 25 2018......SUNRISE   717 AM EST   SUNSET   629 PM EST
FEBRUARY 26 2018......SUNRISE   716 AM EST   SUNSET   630 PM EST


-  INDICATES NEGATIVE NUMBERS.
R  INDICATES RECORD WAS SET OR TIED.
MM INDICATES DATA IS MISSING.
T  INDICATES TRACE AMOUNT.




$$
