000
CDUS43 KLMK 300629
CLIFFT


CLIMATE REPORT
NATIONAL WEATHER SERVICE LOUISVILLE KY
229 AM EDT TUE SEP 30 2014


...................................

...THE FRANKFORT KY CLIMATE SUMMARY FOR SEPTEMBER 29 2014...

CLIMATE NORMAL PERIOD 1981 TO 2010
CLIMATE RECORD PERIOD 1895 TO 2014


WEATHER ITEM   OBSERVED TIME   RECORD YEAR NORMAL DEPARTURE LAST
                VALUE   (LST)  VALUE       VALUE  FROM      YEAR
                                                  NORMAL
..................................................................
TEMPERATURE (F)
 YESTERDAY
  MAXIMUM         83    417 PM  92    1953  74      9       72
  MINIMUM         55   1156 PM  30    1942  50      5       54
  AVERAGE         69                        62      7       63

PRECIPITATION (IN)
  YESTERDAY        0.00          2.14 1916   0.12  -0.12     0.01
  MONTH TO DATE    2.83                      3.20  -0.37     1.72
  SINCE SEP 1      2.83                      3.20  -0.37     1.72
  SINCE JAN 1     36.12                     34.51   1.61    36.78

SNOWFALL (IN)
  YESTERDAY       MM            MM      MM  MM     MM       MM
  MONTH TO DATE   MM                        MM     MM       MM
  SINCE SEP 1     MM                        MM     MM       MM
  SINCE JUL 1     MM                        MM     MM       MM
  SNOW DEPTH      MM

DEGREE DAYS
 HEATING
  YESTERDAY        0                         5     -5        2
  MONTH TO DATE   58                        47     11       26
  SINCE SEP 1     58                        47     11       26
  SINCE JUL 1     61                        48     13       30

 COOLING
  YESTERDAY        4                         2      2        0
  MONTH TO DATE  126                       130     -4      147
  SINCE SEP 1    126                       130     -4      147
  SINCE JAN 1   1052                      1132    -80     1083
..................................................................


WIND (MPH)
  HIGHEST WIND SPEED    14   HIGHEST WIND DIRECTION     N (340)
  HIGHEST GUST SPEED    17   HIGHEST GUST DIRECTION     N (340)
  AVERAGE WIND SPEED     2.7


SKY COVER
  POSSIBLE SUNSHINE  MM
  AVERAGE SKY COVER 0.3


WEATHER CONDITIONS
 THE FOLLOWING WEATHER WAS RECORDED YESTERDAY.
  NO SIGNIFICANT WEATHER WAS OBSERVED.


RELATIVE HUMIDITY (PERCENT)
 HIGHEST    93           600 AM
 LOWEST     33           300 PM
 AVERAGE    63

..........................................................


THE FRANKFORT KY CLIMATE NORMALS FOR TODAY
                         NORMAL    RECORD    YEAR
 MAXIMUM TEMPERATURE (F)   74       101      1953
 MINIMUM TEMPERATURE (F)   50        31      1895


SUNRISE AND SUNSET
SEPTEMBER 30 2014.....SUNRISE   734 AM EDT   SUNSET   724 PM EDT
OCTOBER  1 2014.......SUNRISE   735 AM EDT   SUNSET   723 PM EDT


-  INDICATES NEGATIVE NUMBERS.
R  INDICATES RECORD WAS SET OR TIED.
MM INDICATES DATA IS MISSING.
T  INDICATES TRACE AMOUNT.




$$
