000
CDUS43 KFGF 200649
CLIFGF


CLIMATE REPORT
NATIONAL WEATHER SERVICE EASTERN NORTH DAKOTA/GRAND FORKS
1247 AM CST MON FEB 20 2017


...................................

...THE GRAND FORKS UNIV. (NWS) ND CLIMATE SUMMARY FOR FEBRUARY 19 2017...

CLIMATE NORMAL PERIOD 1981 TO 2010
CLIMATE RECORD PERIOD 1890 TO 2017


WEATHER ITEM   OBSERVED TIME   RECORD YEAR NORMAL DEPARTURE LAST
                VALUE   (LST)  VALUE       VALUE  FROM      YEAR
                                                  NORMAL
..................................................................
TEMPERATURE (F)
 YESTERDAY
  MAXIMUM         47R       MM  47    1996  24     23       45
  MINIMUM         35        MM -31    1941   6     29       31
  AVERAGE         41                        15     26       38

PRECIPITATION (IN)
  YESTERDAY        0.00          0.20 1909   0.02  -0.02      T
  MONTH TO DATE    0.23                      0.35  -0.12     0.32
  SINCE DEC 1      2.67                      1.71   0.96     1.74
  SINCE JAN 1      0.83                      1.06  -0.23     0.62

SNOWFALL (IN)
  YESTERDAY        0.0           2.3  1986   0.3   -0.3      0.0
  MONTH TO DATE    4.0                       4.5   -0.5      4.1
  SINCE DEC 1     40.8                      25.8   15.0     23.6
  SINCE JUL 1     41.7                      32.9    8.8     27.0
  SNOW DEPTH       4

DEGREE DAYS
 HEATING
  YESTERDAY       24                        50    -26       27
  MONTH TO DATE  887                      1008   -121      889
  SINCE DEC 1   4123                      4432   -309     3926
  SINCE JUL 1   5577                      6526   -949     5535

 COOLING
  YESTERDAY        0                         0      0        0
  MONTH TO DATE    0                         0      0        0
  SINCE DEC 1      0                         0      0        0
  SINCE JAN 1      0                         0      0        0
..................................................................


WIND (MPH)
  RESULTANT WIND SPEED  MM   RESULTANT WIND DIRECTION  MM
  HIGHEST WIND SPEED    MM   HIGHEST WIND DIRECTION    MM
  HIGHEST GUST SPEED    MM   HIGHEST GUST DIRECTION    MM
  AVERAGE WIND SPEED    MM


SKY COVER
  POSSIBLE SUNSHINE  MM
  AVERAGE SKY COVER  MM


WEATHER CONDITIONS
 THE FOLLOWING WEATHER WAS RECORDED YESTERDAY.
  NO SIGNIFICANT WEATHER WAS OBSERVED.


RELATIVE HUMIDITY (PERCENT)
 HIGHEST    MM
 LOWEST     MM
 AVERAGE    MM

..........................................................


THE GRAND FORKS UNIV. (NWS) ND CLIMATE NORMALS FOR TODAY
                         NORMAL    RECORD    YEAR
 MAXIMUM TEMPERATURE (F)   24        52      2000
 MINIMUM TEMPERATURE (F)    7       -30      1939


SUNRISE AND SUNSET
FEBRUARY 20 2017......SUNRISE   725 AM CST   SUNSET   559 PM CST
FEBRUARY 21 2017......SUNRISE   724 AM CST   SUNSET   601 PM CST


-  INDICATES NEGATIVE NUMBERS.
R  INDICATES RECORD WAS SET OR TIED.
MM INDICATES DATA IS MISSING.
T  INDICATES TRACE AMOUNT.




$$
