474
CDUS43 KFGF 230725
CLIFGF


CLIMATE REPORT
NATIONAL WEATHER SERVICE EASTERN NORTH DAKOTA/GRAND FORKS
223 AM CDT SAT JUL 23 2016


...................................

...THE GRAND FORKS UNIV. (NWS) ND CLIMATE SUMMARY FOR JULY 22 2016...

CLIMATE NORMAL PERIOD 1981 TO 2010
CLIMATE RECORD PERIOD 1890 TO 2016


WEATHER ITEM   OBSERVED TIME   RECORD YEAR NORMAL DEPARTURE LAST
                VALUE   (LST)  VALUE       VALUE  FROM      YEAR
                                                  NORMAL
..................................................................
TEMPERATURE (F)
 YESTERDAY
  MAXIMUM         85        MM  98    1940  82      3       86
  MINIMUM         67        MM  45    1949  59      8       65
                                      1907
  AVERAGE         76                        70      6       76

PRECIPITATION (IN)
  YESTERDAY        0.00          1.40 1923   0.09  -0.09     0.00
  MONTH TO DATE    5.69                      2.36   3.33     3.76
  SINCE JUN 1      9.41                      6.10   3.31     6.08
  SINCE JAN 1     16.51                     12.15   4.36    11.98

SNOWFALL (IN)
  YESTERDAY        0.0           0.0    MM   0.0    0.0      0.0
  MONTH TO DATE    0.0                       0.0    0.0      0.0
  SINCE JUN 1      0.0                       0.0    0.0      0.0
  SINCE JUL 1      0.0                       0.0    0.0      0.0
  SNOW DEPTH       0

DEGREE DAYS
 HEATING
  YESTERDAY        0                         0      0        0
  MONTH TO DATE    8                        19    -11       12
  SINCE JUN 1     54                       102    -48       58
  SINCE JUL 1      8                        19    -11       12

 COOLING
  YESTERDAY       11                         6      5       11
  MONTH TO DATE  115                       122     -7      135
  SINCE JUN 1    202                       213    -11      236
  SINCE JAN 1    226                       239    -13      247
..................................................................


WIND (MPH)
  RESULTANT WIND SPEED  MM   RESULTANT WIND DIRECTION  MM
  HIGHEST WIND SPEED    MM   HIGHEST WIND DIRECTION    MM
  HIGHEST GUST SPEED    MM   HIGHEST GUST DIRECTION    MM
  AVERAGE WIND SPEED    MM


SKY COVER
  POSSIBLE SUNSHINE  MM
  AVERAGE SKY COVER  MM


WEATHER CONDITIONS
 THE FOLLOWING WEATHER WAS RECORDED YESTERDAY.
  NO SIGNIFICANT WEATHER WAS OBSERVED.


RELATIVE HUMIDITY (PERCENT)
 HIGHEST    MM
 LOWEST     MM
 AVERAGE    MM

..........................................................


THE GRAND FORKS UNIV. (NWS) ND CLIMATE NORMALS FOR TODAY
                         NORMAL    RECORD    YEAR
 MAXIMUM TEMPERATURE (F)   82        97      1945
 MINIMUM TEMPERATURE (F)   59        47      2004
                                             1953
                                             1917


SUNRISE AND SUNSET
JULY 23 2016..........SUNRISE   554 AM CDT   SUNSET   915 PM CDT
JULY 24 2016..........SUNRISE   556 AM CDT   SUNSET   913 PM CDT


-  INDICATES NEGATIVE NUMBERS.
R  INDICATES RECORD WAS SET OR TIED.
MM INDICATES DATA IS MISSING.
T  INDICATES TRACE AMOUNT.




$$
