000
CDUS43 KFGF 302252
CLIFGF


CLIMATE REPORT
NATIONAL WEATHER SERVICE EASTERN NORTH DAKOTA/GRAND FORKS
449 PM CST FRI JAN 30 2015


...................................

...THE GRAND FORKS UNIV. (NWS) ND CLIMATE SUMMARY FOR JANUARY 30 2015...
VALID TODAY AS OF 0400 PM LOCAL TIME.

CLIMATE NORMAL PERIOD 1981 TO 2010
CLIMATE RECORD PERIOD 1890 TO 2015


WEATHER ITEM   OBSERVED TIME   RECORD YEAR NORMAL DEPARTURE LAST
                VALUE   (LST)  VALUE       VALUE  FROM      YEAR
                                                  NORMAL
..................................................................
TEMPERATURE (F)
 TODAY
  MAXIMUM         34        MM  42    1995  18     16        6
                                      1993
  MINIMUM          5        MM -39    2004   0      5      -12
  AVERAGE         20                         9     11       -3

PRECIPITATION (IN)
  TODAY            0.00          0.13   MM   0.02  -0.02      T
  MONTH TO DATE    0.27                      0.69  -0.42     0.47
  SINCE DEC 1      0.40                      1.34  -0.94     1.16
  SINCE JAN 1      0.27                      0.69  -0.42     0.47

SNOWFALL (IN)
  TODAY            0.0           1.7    MM   0.3   -0.3       T
  MONTH TO DATE    6.0                      10.1   -4.1     15.9
  SINCE DEC 1      7.8                      21.0  -13.2     38.7
  SINCE JUL 1     11.6                      28.1  -16.5     40.3
  SNOW DEPTH       T

DEGREE DAYS
 HEATING
  TODAY           45                        56    -11       68
  MONTH TO DATE 1547                      1729   -182     1881
  SINCE DEC 1   2980                      3366   -386     3869
  SINCE JUL 1   5100                      5460   -360     5920

 COOLING
  TODAY            0                         0      0        0
  MONTH TO DATE    0                         0      0        0
  SINCE DEC 1      0                         0      0        0
  SINCE JAN 1      0                         0      0        0
..................................................................


WIND (MPH)
  HIGHEST WIND SPEED    MM   HIGHEST WIND DIRECTION    MM
  HIGHEST GUST SPEED    MM   HIGHEST GUST DIRECTION    MM
  AVERAGE WIND SPEED    MM


SKY COVER
  POSSIBLE SUNSHINE  MM
  AVERAGE SKY COVER  MM


WEATHER CONDITIONS
 THE FOLLOWING WEATHER WAS RECORDED TODAY.
  NO SIGNIFICANT WEATHER WAS OBSERVED.


RELATIVE HUMIDITY (PERCENT)
 HIGHEST    MM
 LOWEST     MM
 AVERAGE    MM

..........................................................


THE GRAND FORKS UNIV. (NWS) ND CLIMATE NORMALS FOR TOMORROW
                         NORMAL    RECORD    YEAR
 MAXIMUM TEMPERATURE (F)   18        43      2009
 MINIMUM TEMPERATURE (F)    0       -32      1918
                                             1916


SUNRISE AND SUNSET
JANUARY 30 2015.......SUNRISE   759 AM CST   SUNSET   525 PM CST
JANUARY 31 2015.......SUNRISE   757 AM CST   SUNSET   527 PM CST


-  INDICATES NEGATIVE NUMBERS.
R  INDICATES RECORD WAS SET OR TIED.
MM INDICATES DATA IS MISSING.
T  INDICATES TRACE AMOUNT.




$$
