444
CDUS43 KFGF 080729
CLIFGF


CLIMATE REPORT
NATIONAL WEATHER SERVICE EASTERN NORTH DAKOTA/GRAND FORKS
127 AM CST MON FEB 8 2016


...................................

...THE GRAND FORKS UNIV. (NWS) ND CLIMATE SUMMARY FOR FEBRUARY 7 2016...

CLIMATE NORMAL PERIOD 1981 TO 2010
CLIMATE RECORD PERIOD 1890 TO 2016


WEATHER ITEM   OBSERVED TIME   RECORD YEAR NORMAL DEPARTURE LAST
                VALUE   (LST)  VALUE       VALUE  FROM      YEAR
                                                  NORMAL
..................................................................
TEMPERATURE (F)
 YESTERDAY
  MAXIMUM         38        MM  53    1991  20     18       31
  MINIMUM         12        MM -38    1936   2     10       16
  AVERAGE         25                        11     14       24

PRECIPITATION (IN)
  YESTERDAY        0.21          0.44   MM   0.02   0.19      T
  MONTH TO DATE    0.31                      0.12   0.19     0.01
  SINCE DEC 1      1.73                      1.48   0.25     0.41
  SINCE JAN 1      0.61                      0.83  -0.22     0.28

SNOWFALL (IN)
  YESTERDAY        1.5           5.2    MM   0.2    1.3       T
  MONTH TO DATE    2.4                       1.7    0.7      0.3
  SINCE DEC 1     21.9                      23.0   -1.1      8.1
  SINCE JUL 1     25.3                      30.1   -4.8     11.9
  SNOW DEPTH       3

DEGREE DAYS
 HEATING
  YESTERDAY       40                        54    -14       41
  MONTH TO DATE  295                       384    -89      390
  SINCE DEC 1   3332                      3808   -476     3431
  SINCE JUL 1   4941                      5902   -961     5551

 COOLING
  YESTERDAY        0                         0      0        0
  MONTH TO DATE    0                         0      0        0
  SINCE DEC 1      0                         0      0        0
  SINCE JAN 1      0                         0      0        0
..................................................................


WIND (MPH)
  RESULTANT WIND SPEED  MM   RESULTANT WIND DIRECTION  MM
  HIGHEST WIND SPEED    MM   HIGHEST WIND DIRECTION    MM
  HIGHEST GUST SPEED    MM   HIGHEST GUST DIRECTION    MM
  AVERAGE WIND SPEED    MM


SKY COVER
  POSSIBLE SUNSHINE  MM
  AVERAGE SKY COVER  MM


WEATHER CONDITIONS
 THE FOLLOWING WEATHER WAS RECORDED YESTERDAY.
  LIGHT SNOW
  FOG
  BLOWING SNOW


RELATIVE HUMIDITY (PERCENT)
 HIGHEST    MM
 LOWEST     MM
 AVERAGE    MM

..........................................................


THE GRAND FORKS UNIV. (NWS) ND CLIMATE NORMALS FOR TODAY
                         NORMAL    RECORD    YEAR
 MAXIMUM TEMPERATURE (F)   20        48      2000
 MINIMUM TEMPERATURE (F)    2       -32      1914


SUNRISE AND SUNSET
FEBRUARY  8 2016......SUNRISE   746 AM CST   SUNSET   539 PM CST
FEBRUARY  9 2016......SUNRISE   745 AM CST   SUNSET   541 PM CST


-  INDICATES NEGATIVE NUMBERS.
R  INDICATES RECORD WAS SET OR TIED.
MM INDICATES DATA IS MISSING.
T  INDICATES TRACE AMOUNT.




$$
