000
CDUS43 KFGF 182253
CLIFGF


CLIMATE REPORT
NATIONAL WEATHER SERVICE EASTERN NORTH DAKOTA/GRAND FORKS
449 PM CST SUN FEB 18 2018


...................................

...THE GRAND FORKS UNIV. (NWS) ND CLIMATE SUMMARY FOR FEBRUARY 18 2018...
VALID TODAY AS OF 0400 PM LOCAL TIME.

CLIMATE NORMAL PERIOD 1981 TO 2010
CLIMATE RECORD PERIOD 1893 TO 2018


WEATHER ITEM   OBSERVED TIME   RECORD YEAR NORMAL DEPARTURE LAST
                VALUE   (LST)  VALUE       VALUE  FROM      YEAR
                                                  NORMAL
..................................................................
TEMPERATURE (F)
 TODAY
  MAXIMUM         13        MM  47    1930  23    -10       44
  MINIMUM          8        MM -34    1967   6      2       32
                                      1966
  AVERAGE         11                        15     -4       38

PRECIPITATION (IN)
  TODAY            0.10          0.23 1986   0.02   0.08     0.00
  MONTH TO DATE    0.28                      0.33  -0.05     0.23
  SINCE DEC 1      1.88                      1.69   0.19     2.67
  SINCE JAN 1      0.90                      1.04  -0.14     0.83

SNOWFALL (IN)
  TODAY            3.4           4.2  2013   0.2    3.2      0.0
  MONTH TO DATE    6.3                       4.2    2.1      4.0
  SINCE DEC 1     26.9                      25.5    1.4     40.8
  SINCE JUL 1     35.3                      32.6    2.7     41.7
  SNOW DEPTH       9

DEGREE DAYS
 HEATING
  TODAY           54                        50      4       27
  MONTH TO DATE 1115                       958    157      863
  SINCE DEC 1   4483                      4382    101     4099
  SINCE JUL 1   6443                      6476    -33     5553

 COOLING
  TODAY            0                         0      0        0
  MONTH TO DATE    0                         0      0        0
  SINCE DEC 1      0                         0      0        0
  SINCE JAN 1      0                         0      0        0
..................................................................


WIND (MPH)
  HIGHEST WIND SPEED    MM   HIGHEST WIND DIRECTION    MM
  HIGHEST GUST SPEED    MM   HIGHEST GUST DIRECTION    MM
  AVERAGE WIND SPEED    MM


SKY COVER
  POSSIBLE SUNSHINE  MM
  AVERAGE SKY COVER  MM


WEATHER CONDITIONS
 THE FOLLOWING WEATHER WAS RECORDED TODAY.
  SNOW
  BLOWING SNOW


RELATIVE HUMIDITY (PERCENT)
 HIGHEST    MM
 LOWEST     MM
 AVERAGE    MM

..........................................................


THE GRAND FORKS UNIV. (NWS) ND CLIMATE NORMALS FOR TOMORROW
                         NORMAL    RECORD    YEAR
 MAXIMUM TEMPERATURE (F)   24        47      2017
                                             1996
 MINIMUM TEMPERATURE (F)    6       -31      1941


SUNRISE AND SUNSET
FEBRUARY 18 2018......SUNRISE   729 AM CST   SUNSET   556 PM CST
FEBRUARY 19 2018......SUNRISE   728 AM CST   SUNSET   558 PM CST


-  INDICATES NEGATIVE NUMBERS.
R  INDICATES RECORD WAS SET OR TIED.
MM INDICATES DATA IS MISSING.
T  INDICATES TRACE AMOUNT.




$$
