000
CDUS43 KFGF 012221
CLIFGF


CLIMATE REPORT
NATIONAL WEATHER SERVICE EASTERN NORTH DAKOTA/GRAND FORKS
456 PM CDT SUN MAY 1 2016


...................................

...THE GRAND FORKS UNIV. (NWS) ND CLIMATE SUMMARY FOR MAY 1 2016...
VALID TODAY AS OF 0400 PM LOCAL TIME.

CLIMATE NORMAL PERIOD 1981 TO 2010
CLIMATE RECORD PERIOD 1890 TO 2016


WEATHER ITEM   OBSERVED TIME   RECORD YEAR NORMAL DEPARTURE LAST
                VALUE   (LST)  VALUE       VALUE  FROM      YEAR
                                                  NORMAL
..................................................................
TEMPERATURE (F)
 TODAY
  MAXIMUM         65        MM  89    1934  63      2       77
  MINIMUM         33        MM  18    1958  38     -5       43
  AVERAGE         49                        50     -1       60

PRECIPITATION (IN)
  TODAY            0.00          1.99 1938   0.06  -0.06     0.00
  MONTH TO DATE    0.00                      0.06  -0.06     0.00
  SINCE MAR 1      2.79                      2.06   0.73     1.02
  SINCE JAN 1      3.44                      3.36   0.08     1.55

SNOWFALL (IN)
  TODAY            0.0           3.5  1945   0.0    0.0      0.0
  MONTH TO DATE    0.0                       0.0    0.0      0.0
  SINCE MAR 1      2.3                       8.0   -5.7      3.0
  SINCE JUL 1     29.6                      43.3  -13.7     19.3
  SNOW DEPTH       0

DEGREE DAYS
 HEATING
  TODAY           16                        15      1        5
  MONTH TO DATE   16                        15      1        5
  SINCE MAR 1   1623                      1870   -247     1609
  SINCE JUL 1   7555                      8830  -1275     8458

 COOLING
  TODAY            0                         0      0        0
  MONTH TO DATE    0                         0      0        0
  SINCE MAR 1      0                         3     -3        0
  SINCE JAN 1      0                         3     -3        0
..................................................................


WIND (MPH)
  HIGHEST WIND SPEED    MM   HIGHEST WIND DIRECTION    MM
  HIGHEST GUST SPEED    MM   HIGHEST GUST DIRECTION    MM
  AVERAGE WIND SPEED    MM


SKY COVER
  POSSIBLE SUNSHINE  MM
  AVERAGE SKY COVER  MM


WEATHER CONDITIONS
 THE FOLLOWING WEATHER WAS RECORDED TODAY.
  NO SIGNIFICANT WEATHER WAS OBSERVED.


RELATIVE HUMIDITY (PERCENT)
 HIGHEST    MM
 LOWEST     MM
 AVERAGE    MM

..........................................................


THE GRAND FORKS UNIV. (NWS) ND CLIMATE NORMALS FOR TOMORROW
                         NORMAL    RECORD    YEAR
 MAXIMUM TEMPERATURE (F)   64        91      1959
 MINIMUM TEMPERATURE (F)   38        14      1907


SUNRISE AND SUNSET
MAY  1 2016...........SUNRISE   610 AM CDT   SUNSET   842 PM CDT
MAY  2 2016...........SUNRISE   608 AM CDT   SUNSET   844 PM CDT


-  INDICATES NEGATIVE NUMBERS.
R  INDICATES RECORD WAS SET OR TIED.
MM INDICATES DATA IS MISSING.
T  INDICATES TRACE AMOUNT.




$$
