000
CDUS43 KFGF 310726
CLIFGF


CLIMATE REPORT
NATIONAL WEATHER SERVICE EASTERN NORTH DAKOTA/GRAND FORKS
224 AM CDT FRI JUL 31 2015


...................................

...THE GRAND FORKS UNIV. (NWS) ND CLIMATE SUMMARY FOR JULY 30 2015...

CLIMATE NORMAL PERIOD 1981 TO 2010
CLIMATE RECORD PERIOD 1890 TO 2015


WEATHER ITEM   OBSERVED TIME   RECORD YEAR NORMAL DEPARTURE LAST
                VALUE   (LST)  VALUE       VALUE  FROM      YEAR
                                                  NORMAL
..................................................................
TEMPERATURE (F)
 YESTERDAY
  MAXIMUM         83        MM 102    1929  82      1       80
  MINIMUM         61        MM  43    1952  58      3       54
                                      1907
  AVERAGE         72                        70      2       67

PRECIPITATION (IN)
  YESTERDAY        0.00          1.44 2001   0.09  -0.09     0.00
  MONTH TO DATE    4.95                      3.08   1.87     3.44
  SINCE JUN 1      7.27                      6.82   0.45    10.19
  SINCE JAN 1     13.17                     12.87   0.30    17.18

SNOWFALL (IN)
  YESTERDAY        0.0           0.0  2002   0.0    0.0      0.0
                                      2001
  MONTH TO DATE    0.0                       0.0    0.0      0.0
  SINCE JUN 1      0.0                       0.0    0.0      0.0
  SINCE JUL 1      0.0                       0.0    0.0      0.0
  SNOW DEPTH       0

DEGREE DAYS
 HEATING
  YESTERDAY        0                         1     -1        0
  MONTH TO DATE   12                        22    -10       32
  SINCE JUN 1     58                       105    -47       84
  SINCE JUL 1     12                        22    -10       32

 COOLING
  YESTERDAY        7                         6      1        2
  MONTH TO DATE  214                       170     44      118
  SINCE JUN 1    315                       261     54      181
  SINCE JAN 1    326                       287     39      236
..................................................................


WIND (MPH)
  RESULTANT WIND SPEED  MM   RESULTANT WIND DIRECTION  MM
  HIGHEST WIND SPEED    MM   HIGHEST WIND DIRECTION    MM
  HIGHEST GUST SPEED    MM   HIGHEST GUST DIRECTION    MM
  AVERAGE WIND SPEED    MM


SKY COVER
  POSSIBLE SUNSHINE  MM
  AVERAGE SKY COVER  MM


WEATHER CONDITIONS
 THE FOLLOWING WEATHER WAS RECORDED YESTERDAY.
  NO SIGNIFICANT WEATHER WAS OBSERVED.


RELATIVE HUMIDITY (PERCENT)
 HIGHEST    MM
 LOWEST     MM
 AVERAGE    MM

..........................................................


THE GRAND FORKS UNIV. (NWS) ND CLIMATE NORMALS FOR TODAY
                         NORMAL    RECORD    YEAR
 MAXIMUM TEMPERATURE (F)   82        97      1936
 MINIMUM TEMPERATURE (F)   58        40      1920


SUNRISE AND SUNSET
JULY 31 2015..........SUNRISE   603 AM CDT   SUNSET   905 PM CDT
AUGUST  1 2015........SUNRISE   605 AM CDT   SUNSET   904 PM CDT


-  INDICATES NEGATIVE NUMBERS.
R  INDICATES RECORD WAS SET OR TIED.
MM INDICATES DATA IS MISSING.
T  INDICATES TRACE AMOUNT.




$$
