000
CDUS43 KFGF 292149
CLIFGF


CLIMATE REPORT
NATIONAL WEATHER SERVICE EASTERN NORTH DAKOTA/GRAND FORKS
447 PM CDT MON AUG 29 2016


...................................

...THE GRAND FORKS UNIV. (NWS) ND CLIMATE SUMMARY FOR AUGUST 29 2016...
VALID TODAY AS OF 0400 PM LOCAL TIME.

CLIMATE NORMAL PERIOD 1981 TO 2010
CLIMATE RECORD PERIOD 1890 TO 2016


WEATHER ITEM   OBSERVED TIME   RECORD YEAR NORMAL DEPARTURE LAST
                VALUE   (LST)  VALUE       VALUE  FROM      YEAR
                                                  NORMAL
..................................................................
TEMPERATURE (F)
 TODAY
  MAXIMUM         82        MM  95    1972  77      5       80
                                      1961
  MINIMUM         70        MM  35    1915  53     17       63
  AVERAGE         76                        65     11       72

PRECIPITATION (IN)
  TODAY            T             3.15 1993   0.10  -0.10     0.00
  MONTH TO DATE    4.45                      2.95   1.50     2.49
  SINCE JUN 1     14.63                      9.86   4.77     9.76
  SINCE JAN 1     21.73                     15.91   5.82    15.66

SNOWFALL (IN)
  TODAY            0.0           0.0    MM   0.0    0.0      0.0
  MONTH TO DATE    T                         0.0    0.0      0.0
  SINCE JUN 1      T                         0.0    0.0      0.0
  SINCE JUL 1      T                         0.0    0.0      0.0
  SNOW DEPTH       0

DEGREE DAYS
 HEATING
  TODAY            0                         3     -3        0
  MONTH TO DATE   10                        38    -28       36
  SINCE JUN 1     64                       144    -80       94
  SINCE JUL 1     18                        61    -43       48

 COOLING
  TODAY           11                         3      8        7
  MONTH TO DATE  156                       139     17      143
  SINCE JUN 1    415                       401     14      463
  SINCE JAN 1    439                       427     12      474
..................................................................


WIND (MPH)
  HIGHEST WIND SPEED    MM   HIGHEST WIND DIRECTION    MM
  HIGHEST GUST SPEED    MM   HIGHEST GUST DIRECTION    MM
  AVERAGE WIND SPEED    MM


SKY COVER
  POSSIBLE SUNSHINE  MM
  AVERAGE SKY COVER  MM


WEATHER CONDITIONS
 THE FOLLOWING WEATHER WAS RECORDED TODAY.
  NO SIGNIFICANT WEATHER WAS OBSERVED.


RELATIVE HUMIDITY (PERCENT)
 HIGHEST    MM
 LOWEST     MM
 AVERAGE    MM

..........................................................


THE GRAND FORKS UNIV. (NWS) ND CLIMATE NORMALS FOR TOMORROW
                         NORMAL    RECORD    YEAR
 MAXIMUM TEMPERATURE (F)   77        94      1939
                                             1929
 MINIMUM TEMPERATURE (F)   53        35      1906


SUNRISE AND SUNSET
AUGUST 29 2016........SUNRISE   643 AM CDT   SUNSET   814 PM CDT
AUGUST 30 2016........SUNRISE   645 AM CDT   SUNSET   812 PM CDT


-  INDICATES NEGATIVE NUMBERS.
R  INDICATES RECORD WAS SET OR TIED.
MM INDICATES DATA IS MISSING.
T  INDICATES TRACE AMOUNT.




$$
