717
CDUS43 KFGF 050715
CLIFGF


CLIMATE REPORT
NATIONAL WEATHER SERVICE EASTERN NORTH DAKOTA/GRAND FORKS
114 AM CST MON DEC 5 2016


...................................

...THE GRAND FORKS UNIV. (NWS) ND CLIMATE SUMMARY FOR DECEMBER 4 2016...

CLIMATE NORMAL PERIOD 1981 TO 2010
CLIMATE RECORD PERIOD 1890 TO 2016


WEATHER ITEM   OBSERVED TIME   RECORD YEAR NORMAL DEPARTURE LAST
                VALUE   (LST)  VALUE       VALUE  FROM      YEAR
                                                  NORMAL
..................................................................
TEMPERATURE (F)
 YESTERDAY
  MAXIMUM         34        MM  52    1916  25      9       39
  MINIMUM         28        MM -19    1964   9     19       15
  AVERAGE         31                        17     14       27

PRECIPITATION (IN)
  YESTERDAY        0.03          0.34 2007   0.02   0.01     0.00
  MONTH TO DATE    0.05                      0.08  -0.03     0.30
  SINCE DEC 1      0.05                      0.08  -0.03     0.30
  SINCE JAN 1     29.48                     21.05   8.43    19.71

SNOWFALL (IN)
  YESTERDAY        0.3           8.1  2007   0.3    0.0      0.0
  MONTH TO DATE    0.5                       1.1   -0.6      2.7
  SINCE DEC 1      0.5                       1.1   -0.6      2.7
  SINCE JUL 1      1.4                       8.2   -6.8      6.1
  SNOW DEPTH       0

DEGREE DAYS
 HEATING
  YESTERDAY       34                        48    -14       38
  MONTH TO DATE  139                       190    -51      159
  SINCE DEC 1    139                       190    -51      159
  SINCE JUL 1   1593                      2284   -691     1768

 COOLING
  YESTERDAY        0                         0      0        0
  MONTH TO DATE    0                         0      0        0
  SINCE DEC 1      0                         0      0        0
  SINCE JAN 1    461                       463     -2      580
..................................................................


WIND (MPH)
  RESULTANT WIND SPEED  MM   RESULTANT WIND DIRECTION  MM
  HIGHEST WIND SPEED    MM   HIGHEST WIND DIRECTION    MM
  HIGHEST GUST SPEED    MM   HIGHEST GUST DIRECTION    MM
  AVERAGE WIND SPEED    MM


SKY COVER
  POSSIBLE SUNSHINE  MM
  AVERAGE SKY COVER  MM


WEATHER CONDITIONS
 THE FOLLOWING WEATHER WAS RECORDED YESTERDAY.
  NO SIGNIFICANT WEATHER WAS OBSERVED.


RELATIVE HUMIDITY (PERCENT)
 HIGHEST    MM
 LOWEST     MM
 AVERAGE    MM

..........................................................


THE GRAND FORKS UNIV. (NWS) ND CLIMATE NORMALS FOR TODAY
                         NORMAL    RECORD    YEAR
 MAXIMUM TEMPERATURE (F)   24        52      1939
 MINIMUM TEMPERATURE (F)    9       -17      1972


SUNRISE AND SUNSET
DECEMBER  5 2016......SUNRISE   802 AM CST   SUNSET   436 PM CST
DECEMBER  6 2016......SUNRISE   803 AM CST   SUNSET   436 PM CST


-  INDICATES NEGATIVE NUMBERS.
R  INDICATES RECORD WAS SET OR TIED.
MM INDICATES DATA IS MISSING.
T  INDICATES TRACE AMOUNT.




$$
