000
CDUS43 KFGF 270635
CLIFGF


CLIMATE REPORT
NATIONAL WEATHER SERVICE EASTERN NORTH DAKOTA/GRAND FORKS
1234 AM CST THU NOV 27 2014


...................................

...THE GRAND FORKS UNIV. (NWS) ND CLIMATE SUMMARY FOR NOVEMBER 26 2014...

CLIMATE NORMAL PERIOD 1981 TO 2010
CLIMATE RECORD PERIOD 1890 TO 2014


WEATHER ITEM   OBSERVED TIME   RECORD YEAR NORMAL DEPARTURE LAST
                VALUE   (LST)  VALUE       VALUE  FROM      YEAR
                                                  NORMAL
..................................................................
TEMPERATURE (F)
 YESTERDAY
  MAXIMUM         11        MM  50    1962  29    -18       17
  MINIMUM         -9        MM -24    1919  13    -22        2
  AVERAGE          1                        21    -20       10

PRECIPITATION (IN)
  YESTERDAY        T             0.60   MM   0.02  -0.02      T
  MONTH TO DATE    0.24                      0.81  -0.57     0.12
  SINCE SEP 1      2.12                      4.78  -2.66     5.01
  SINCE JAN 1     22.54                     20.88   1.66    18.45

SNOWFALL (IN)
  YESTERDAY        T             6.0    MM   0.2   -0.2       T
  MONTH TO DATE    3.2                       5.0   -1.8      1.6
  SINCE SEP 1      3.2                       6.0   -2.8      1.6
  SINCE JUL 1      3.2                       6.0   -2.8      1.6
  SNOW DEPTH       1

DEGREE DAYS
 HEATING
  YESTERDAY       64                        44     20       55
  MONTH TO DATE 1077                       958    119      989
  SINCE SEP 1   1829                      1848    -19     1794
  SINCE JUL 1   1885                      1912    -27     1853

 COOLING
  YESTERDAY        0                         0      0        0
  MONTH TO DATE    0                         0      0        0
  SINCE SEP 1     31                        31      0       46
  SINCE JAN 1    395                       463    -68      528
..................................................................


WIND (MPH)
  RESULTANT WIND SPEED  MM   RESULTANT WIND DIRECTION  MM
  HIGHEST WIND SPEED    MM   HIGHEST WIND DIRECTION    MM
  HIGHEST GUST SPEED    MM   HIGHEST GUST DIRECTION    MM
  AVERAGE WIND SPEED    MM


SKY COVER
  POSSIBLE SUNSHINE  MM
  AVERAGE SKY COVER  MM


WEATHER CONDITIONS
 THE FOLLOWING WEATHER WAS RECORDED YESTERDAY.
  NO SIGNIFICANT WEATHER WAS OBSERVED.


RELATIVE HUMIDITY (PERCENT)
 HIGHEST    MM
 LOWEST     MM
 AVERAGE    MM

..........................................................


THE GRAND FORKS UNIV. (NWS) ND CLIMATE NORMALS FOR TODAY
                         NORMAL    RECORD    YEAR
 MAXIMUM TEMPERATURE (F)   28        48      1962
 MINIMUM TEMPERATURE (F)   13       -27      1985


SUNRISE AND SUNSET
NOVEMBER 27 2014......SUNRISE   752 AM CST   SUNSET   440 PM CST
NOVEMBER 28 2014......SUNRISE   753 AM CST   SUNSET   439 PM CST


-  INDICATES NEGATIVE NUMBERS.
R  INDICATES RECORD WAS SET OR TIED.
MM INDICATES DATA IS MISSING.
T  INDICATES TRACE AMOUNT.




$$
