974
CDUS43 KFGF 302147
CLIFGF


CLIMATE REPORT
NATIONAL WEATHER SERVICE EASTERN NORTH DAKOTA/GRAND FORKS
447 PM CDT MON MAY 30 2016


...................................

...THE GRAND FORKS UNIV. (NWS) ND CLIMATE SUMMARY FOR MAY 30 2016...
VALID TODAY AS OF 0400 PM LOCAL TIME.

CLIMATE NORMAL PERIOD 1981 TO 2010
CLIMATE RECORD PERIOD 1890 TO 2016


WEATHER ITEM   OBSERVED TIME   RECORD YEAR NORMAL DEPARTURE LAST
                VALUE   (LST)  VALUE       VALUE  FROM      YEAR
                                                  NORMAL
..................................................................
TEMPERATURE (F)
 TODAY
  MAXIMUM         80        MM 105    1934  72      8       57
  MINIMUM         52        MM  30    1910  49      3       33
  AVERAGE         66                        60      6       45

PRECIPITATION (IN)
  TODAY            0.13          1.77 1999   0.11   0.02     0.00
  MONTH TO DATE    2.13                      2.64  -0.51     4.35
  SINCE MAR 1      4.92                      4.64   0.28     5.37
  SINCE JAN 1      5.57                      5.94  -0.37     5.90

SNOWFALL (IN)
  TODAY            0.0           T    1950   0.0    0.0      0.0
  MONTH TO DATE    T                         0.1   -0.1       T
  SINCE MAR 1      2.3                       8.1   -5.8      3.0
  SINCE JUL 1     29.6                      43.4  -13.8     19.3
  SNOW DEPTH       0

DEGREE DAYS
 HEATING
  TODAY            0                         6     -6       20
  MONTH TO DATE  189                       304   -115      337
  SINCE MAR 1   1796                      2159   -363     1941
  SINCE JUL 1   7728                      9119  -1391     8790

 COOLING
  TODAY            1                         1      0        0
  MONTH TO DATE   24                        25     -1       11
  SINCE MAR 1     24                        28     -4       11
  SINCE JAN 1     24                        28     -4       11
..................................................................


WIND (MPH)
  HIGHEST WIND SPEED    MM   HIGHEST WIND DIRECTION    MM
  HIGHEST GUST SPEED    MM   HIGHEST GUST DIRECTION    MM
  AVERAGE WIND SPEED    MM


SKY COVER
  POSSIBLE SUNSHINE  MM
  AVERAGE SKY COVER  MM


WEATHER CONDITIONS
 THE FOLLOWING WEATHER WAS RECORDED TODAY.
  NO SIGNIFICANT WEATHER WAS OBSERVED.


RELATIVE HUMIDITY (PERCENT)
 HIGHEST    MM
 LOWEST     MM
 AVERAGE    MM

..........................................................


THE GRAND FORKS UNIV. (NWS) ND CLIMATE NORMALS FOR TOMORROW
                         NORMAL    RECORD    YEAR
 MAXIMUM TEMPERATURE (F)   73        97      1986
                                             1939
 MINIMUM TEMPERATURE (F)   49        32      1964


SUNRISE AND SUNSET
MAY 30 2016...........SUNRISE   534 AM CDT   SUNSET   918 PM CDT
MAY 31 2016...........SUNRISE   534 AM CDT   SUNSET   919 PM CDT


-  INDICATES NEGATIVE NUMBERS.
R  INDICATES RECORD WAS SET OR TIED.
MM INDICATES DATA IS MISSING.
T  INDICATES TRACE AMOUNT.




$$
