000
CDUS45 KFGZ 210058
CLIFLG
CLIMATE REPORT
NATIONAL WEATHER SERVICE FLAGSTAFF, AZ
555 PM MST SUN APR 20 2014


...................................

...THE FLAGSTAFF AZ AIRPORT CLIMATE SUMMARY FOR APRIL 20 2014...
VALID TODAY AS OF 0500 PM LOCAL TIME.

CLIMATE NORMAL PERIOD 1981 TO 2010
CLIMATE RECORD PERIOD 1898 TO 2014


WEATHER ITEM   OBSERVED TIME   RECORD YEAR NORMAL DEPARTURE LAST
                VALUE   (LST)  VALUE       VALUE  FROM      YEAR
                                                  NORMAL
..................................................................
TEMPERATURE (F)
 TODAY
  MAXIMUM         65   1207 PM  78    1989  60      5       64
  MINIMUM         31    435 AM   8    1966  29      2       28
  AVERAGE         48                        44      4       46

PRECIPITATION (IN)
  TODAY            T             0.56 1995   0.03  -0.03     0.00
  MONTH TO DATE    0.35                      0.86  -0.51     0.12
  SINCE SEP 1      9.30                     14.86  -5.56     9.39
  SINCE JAN 1      2.19                      7.19  -5.00     5.00

SNOWFALL (IN)
  TODAY            0.0           8.9  1995   0.2   -0.2      0.0
  MONTH TO DATE    3.6                       5.2   -1.6      1.4
  SINCE SEP 1     38.5                      99.1  -60.6     69.7
  SNOW DEPTH       0

DEGREE DAYS
 HEATING
  TODAY           17                        21     -4       19
  MONTH TO DATE  435                       460    -25      446
  SINCE JUL 1   5797                      6167   -370     6082

 COOLING
  TODAY            0                         0      0        0
  MONTH TO DATE    0                         0      0        0
  SINCE JAN 1      0                         0      0        0
..................................................................


WIND (MPH)
  HIGHEST WIND SPEED    16   HIGHEST WIND DIRECTION    SW (220)
  HIGHEST GUST SPEED    19   HIGHEST GUST DIRECTION    SW (220)
  AVERAGE WIND SPEED     3.9


SKY COVER
  POSSIBLE SUNSHINE  MM
  AVERAGE SKY COVER 0.3


WEATHER CONDITIONS
 THE FOLLOWING WEATHER WAS RECORDED TODAY.
  NO SIGNIFICANT WEATHER WAS OBSERVED.


RELATIVE HUMIDITY (PERCENT)
 HIGHEST    82          1200 AM
 LOWEST     34          1200 PM
 AVERAGE    58

..........................................................


THE FLAGSTAFF AZ AIRPORT CLIMATE NORMALS FOR TOMORROW
                         NORMAL    RECORD    YEAR
 MAXIMUM TEMPERATURE (F)   60        78      1989
 MINIMUM TEMPERATURE (F)   30        12      1972


SUNRISE AND SUNSET
APRIL 20 2014.........SUNRISE   548 AM MST   SUNSET   703 PM MST
APRIL 21 2014.........SUNRISE   547 AM MST   SUNSET   704 PM MST


-  INDICATES NEGATIVE NUMBERS.
R  INDICATES RECORD WAS SET OR TIED.
MM INDICATES DATA IS MISSING.
T  INDICATES TRACE AMOUNT.




$$


&&

-------------------------------------------------------------------
SNOW DEPTH DATA FOR FLAGSTAFF AIRPORT IS REPORTED AT 5 AM MST

SOME SUPPLEMENTARY CLIMATE DATA FOR NWS BELLEMONT, ARIZONA IS NO
LONGER AVAILABLE IN THIS SECTION. IT CAN STILL BE FOUND IN THE
REGIONAL SUMMARY (RTP) AVAILABLE ON THE WEB AT
WWW.NWS.NOAA.GOV/CLIMATE/INDEX.PHP?WFO=FGZ
-------------------------------------------------------------------
SUPPLEMENTARY CLIMATE DATA FOR NWS BELLEMONT, ARIZONA

SNOW DEPTH (IN) AT 11 AM..........................................0
WATER EQUIVALENT OF SNOW PACK (IN) AT 11 AM*.......................
* ONLY MEASURED IF SNOW DEPTH IS 2.0 INCHES OR GREATER
-------------------------------------------------------------------
