000
CDUS45 KFGZ 010739
CLIFLG
CLIMATE REPORT
NATIONAL WEATHER SERVICE FLAGSTAFF, AZ
1237 AM MST SUN MAR 1 2015


...................................

...THE FLAGSTAFF AZ AIRPORT CLIMATE SUMMARY FOR FEBRUARY 28 2015...

CLIMATE NORMAL PERIOD 1981 TO 2010
CLIMATE RECORD PERIOD 1898 TO 2015


WEATHER ITEM   OBSERVED TIME   RECORD YEAR NORMAL DEPARTURE LAST
                VALUE   (LST)  VALUE       VALUE  FROM      YEAR
                                                  NORMAL
..................................................................
TEMPERATURE (F)
 YESTERDAY
  MAXIMUM         37    431 PM  65    1999  47    -10       50
  MINIMUM         33    809 AM -16    1962  21     12       33
  AVERAGE         35                        34      1

PRECIPITATION (IN)
  YESTERDAY        0.48          1.80 1991   0.08   0.40     0.31
  MONTH TO DATE    2.12                      2.16  -0.04     0.43
  SINCE SEP 1     12.14                     11.88   0.26     7.71
  SINCE JAN 1      4.31                      4.21   0.10     0.60

SNOWFALL (IN)
  YESTERDAY        0.6          11.0  1991   0.7             0.0
  MONTH TO DATE    9.2                      20.9             2.1
  SINCE JUL 1     38.9                      73.2            33.5
  SNOW DEPTH       2

DEGREE DAYS
 HEATING
  YESTERDAY       30                        31     -1       23
  MONTH TO DATE  701                       921   -220      782
  SINCE JUL 1   4050                      4839   -789     4601

 COOLING
  YESTERDAY        0                         0      0        0
  MONTH TO DATE    0                         0      0        0
  SINCE JAN 1      0                         0      0        0
..................................................................


WIND (MPH)
  HIGHEST WIND SPEED    31   HIGHEST WIND DIRECTION    SW (220)
  HIGHEST GUST SPEED    42   HIGHEST GUST DIRECTION    SW (220)
  AVERAGE WIND SPEED    17.9


SKY COVER
  POSSIBLE SUNSHINE  MM
  AVERAGE SKY COVER 1.0


WEATHER CONDITIONS
 THE FOLLOWING WEATHER WAS RECORDED YESTERDAY.
  HEAVY RAIN
  RAIN
  LIGHT RAIN
  HAIL
  SNOW
  LIGHT SNOW
  FOG


RELATIVE HUMIDITY (PERCENT)
 HIGHEST    89           400 AM
 LOWEST     70          1200 AM
 AVERAGE    80

..........................................................


THE FLAGSTAFF AZ AIRPORT CLIMATE NORMALS FOR TODAY
                         NORMAL    RECORD    YEAR
 MAXIMUM TEMPERATURE (F)   47        67      2009
 MINIMUM TEMPERATURE (F)   21       -10      1997


SUNRISE AND SUNSET
MARCH  1 2015.........SUNRISE   656 AM MST   SUNSET   622 PM MST
MARCH  2 2015.........SUNRISE   655 AM MST   SUNSET   623 PM MST


-  INDICATES NEGATIVE NUMBERS.
R  INDICATES RECORD WAS SET OR TIED.
MM INDICATES DATA IS MISSING.
T  INDICATES TRACE AMOUNT.




$$


&&

-------------------------------------------------------------------
SNOW DEPTH DATA FOR FLAGSTAFF AIRPORT IS REPORTED AT 5 AM MST


-------------------------------------------------------------------
SUPPLEMENTARY CLIMATE DATA FOR NWS BELLEMONT, ARIZONA

SNOW DEPTH (IN) AT 11 AM........................................3
WATER EQUIVALENT OF SNOW PACK (IN) AT 11 AM*..................0.9
* ONLY MEASURED IF SNOW DEPTH IS 2.0 INCHES OR GREATER
-------------------------------------------------------------------
