000
CDUS45 KFGZ 210108
CLIFLG
CLIMATE REPORT
NATIONAL WEATHER SERVICE FLAGSTAFF, AZ
608 PM MST SAT DEC 20 2014


...................................

...THE FLAGSTAFF AZ AIRPORT CLIMATE SUMMARY FOR DECEMBER 20 2014...
VALID TODAY AS OF 0500 PM LOCAL TIME.

CLIMATE NORMAL PERIOD 1981 TO 2010
CLIMATE RECORD PERIOD 1898 TO 2014


WEATHER ITEM   OBSERVED TIME   RECORD YEAR NORMAL DEPARTURE LAST
                VALUE   (LST)  VALUE       VALUE  FROM      YEAR
                                                  NORMAL
..................................................................
TEMPERATURE (F)
 TODAY
  MAXIMUM         45    302 PM  61    1917  42      3       34
  MINIMUM         17    741 AM -12    1924  16      1       16
  AVERAGE         31                        29      2       25

PRECIPITATION (IN)
  TODAY            0.00          1.16 1968   0.06  -0.06     0.32
  MONTH TO DATE    2.71                      1.15   1.56     1.35
  SINCE SEP 1      7.10                      6.95   0.15     7.11
  SINCE JAN 1     19.94                     21.14  -1.20    24.79

SNOWFALL (IN)
  TODAY            0.0          11.2  1968   0.5   -0.5      4.0
  MONTH TO DATE    4.4                      10.3   -5.9     17.7
  SINCE SEP 1      4.4                      22.5  -18.1     29.7
  SNOW DEPTH       T

DEGREE DAYS
 HEATING
  TODAY           34                        36     -2       40
  MONTH TO DATE  580                       701   -121      779
  SINCE JUL 1   1997                      2433   -436     2534

 COOLING
  TODAY            0                         0      0        0
  MONTH TO DATE    0                         0      0        0
  SINCE JAN 1    109                       117     -8      148
..................................................................


WIND (MPH)
  HIGHEST WIND SPEED    15   HIGHEST WIND DIRECTION    SW (210)
  HIGHEST GUST SPEED    19   HIGHEST GUST DIRECTION    SW (210)
  AVERAGE WIND SPEED     2.9


SKY COVER
  POSSIBLE SUNSHINE  MM
  AVERAGE SKY COVER 0.1


WEATHER CONDITIONS
 THE FOLLOWING WEATHER WAS RECORDED TODAY.
  NO SIGNIFICANT WEATHER WAS OBSERVED.


RELATIVE HUMIDITY (PERCENT)
 HIGHEST    92           500 AM
 LOWEST     45           100 PM
 AVERAGE    69

..........................................................


THE FLAGSTAFF AZ AIRPORT CLIMATE NORMALS FOR TOMORROW
                         NORMAL    RECORD    YEAR
 MAXIMUM TEMPERATURE (F)   42        61      1969
 MINIMUM TEMPERATURE (F)   16        -6      1967


SUNRISE AND SUNSET
DECEMBER 20 2014......SUNRISE   731 AM MST   SUNSET   518 PM MST
DECEMBER 21 2014......SUNRISE   731 AM MST   SUNSET   519 PM MST


-  INDICATES NEGATIVE NUMBERS.
R  INDICATES RECORD WAS SET OR TIED.
MM INDICATES DATA IS MISSING.
T  INDICATES TRACE AMOUNT.




$$


&&

-------------------------------------------------------------------
SNOW DEPTH DATA FOR FLAGSTAFF AIRPORT IS REPORTED AT 5 AM MST


-------------------------------------------------------------------
SUPPLEMENTARY CLIMATE DATA FOR NWS BELLEMONT, ARIZONA

SNOW DEPTH (IN) AT 5 AM........................................T
WATER EQUIVALENT OF SNOW PACK (IN) AT 11 AM*....................
* ONLY MEASURED IF SNOW DEPTH IS 2.0 INCHES OR GREATER
-------------------------------------------------------------------
