000
CDUS45 KFGZ 300103
CLIFLG
CLIMATE REPORT
NATIONAL WEATHER SERVICE FLAGSTAFF, AZ
602 PM MST SUN MAY 29 2016


...................................

...THE FLAGSTAFF AZ AIRPORT CLIMATE SUMMARY FOR MAY 29 2016...
VALID TODAY AS OF 0500 PM LOCAL TIME.

CLIMATE NORMAL PERIOD 1981 TO 2010
CLIMATE RECORD PERIOD 1898 TO 2016


WEATHER ITEM   OBSERVED TIME   RECORD YEAR NORMAL DEPARTURE LAST
                VALUE   (LST)  VALUE       VALUE  FROM      YEAR
                                                  NORMAL
..................................................................
TEMPERATURE (F)
 TODAY
  MAXIMUM         71    406 PM  86    2000  72     -1       74
                                      1910
  MINIMUM         31    525 AM  22    1918  37     -6       40
  AVERAGE         51                        55     -4       57

PRECIPITATION (IN)
  TODAY            0.00          0.92 1992   0.02  -0.02      T
  MONTH TO DATE    1.57                      0.59   0.98     1.80
  SINCE SEP 1     15.85                     15.74   0.11    18.76
  SINCE JAN 1      7.02                      8.07  -1.05    10.93

SNOWFALL (IN)
  TODAY            0.0           2.5  1971   0.0    0.0      0.0
  MONTH TO DATE    1.9                       0.7    1.2      5.9
  SINCE SEP 1     78.3                     101.7  -23.4     62.9
  SNOW DEPTH       0

DEGREE DAYS
 HEATING
  TODAY           14                        10      4        8
  MONTH TO DATE  484                       396     88      523
  SINCE JUL 1   6566                      6752   -186     5923

 COOLING
  TODAY            0                         0      0        0
  MONTH TO DATE    0                         0      0        0
  SINCE JAN 1      0                         0      0        0
..................................................................


WIND (MPH)
  HIGHEST WIND SPEED    21   HIGHEST WIND DIRECTION    SW (210)
  HIGHEST GUST SPEED    29   HIGHEST GUST DIRECTION    SW (210)
  AVERAGE WIND SPEED     6.2


SKY COVER
  POSSIBLE SUNSHINE  MM
  AVERAGE SKY COVER 0.0


WEATHER CONDITIONS
 THE FOLLOWING WEATHER WAS RECORDED TODAY.
  NO SIGNIFICANT WEATHER WAS OBSERVED.


RELATIVE HUMIDITY (PERCENT)
 HIGHEST    61           400 AM
 LOWEST     12           400 PM
 AVERAGE    37

..........................................................


THE FLAGSTAFF AZ AIRPORT CLIMATE NORMALS FOR TOMORROW
                         NORMAL    RECORD    YEAR
 MAXIMUM TEMPERATURE (F)   73        88      2002
 MINIMUM TEMPERATURE (F)   37        18      1918


SUNRISE AND SUNSET
MAY 29 2016...........SUNRISE   514 AM MST   SUNSET   734 PM MST
MAY 30 2016...........SUNRISE   514 AM MST   SUNSET   735 PM MST


-  INDICATES NEGATIVE NUMBERS.
R  INDICATES RECORD WAS SET OR TIED.
MM INDICATES DATA IS MISSING.
T  INDICATES TRACE AMOUNT.




$$
&&

-------------------------------------------------------------------
SNOW DEPTH DATA FOR FLAGSTAFF AIRPORT IS REPORTED AT 5 AM MST


-------------------------------------------------------------------
SUPPLEMENTARY CLIMATE DATA FOR NWS BELLEMONT, ARIZONA

SNOW DEPTH (IN) AT 11 AM........................................0
WATER EQUIVALENT OF SNOW PACK (IN) AT 11 AM*....................
* ONLY MEASURED IF SNOW DEPTH IS 2.0 INCHES OR GREATER
-------------------------------------------------------------------
