000
CDUS45 KFGZ 290118
CLIFLG
CLIMATE REPORT
NATIONAL WEATHER SERVICE FLAGSTAFF, AZ
618 PM MST THU APR 28 2016


...................................

...THE FLAGSTAFF AZ AIRPORT CLIMATE SUMMARY FOR APRIL 28 2016...
VALID TODAY AS OF 0500 PM LOCAL TIME.

CLIMATE NORMAL PERIOD 1981 TO 2010
CLIMATE RECORD PERIOD 1898 TO 2016


WEATHER ITEM   OBSERVED TIME   RECORD YEAR NORMAL DEPARTURE LAST
                VALUE   (LST)  VALUE       VALUE  FROM      YEAR
                                                  NORMAL
..................................................................
TEMPERATURE (F)
 TODAY
  MAXIMUM         49   1140 AM  80    1992  62    -13       65
  MINIMUM         36    556 AM  13    1970  31      5       31
  AVERAGE         43                        47     -4       48

PRECIPITATION (IN)
  TODAY            0.00          1.01 1900   0.03  -0.03     0.00
  MONTH TO DATE    0.83                      1.09  -0.26     1.09
  SINCE SEP 1     13.81                     15.09  -1.28    16.96
  SINCE JAN 1      4.98                      7.42  -2.44     9.13

SNOWFALL (IN)
  TODAY            0.0          10.1  1900   0.1   -0.1      0.0
  MONTH TO DATE    3.5                       6.7   -3.2      0.8
  SINCE SEP 1     76.4                     100.6  -24.2     57.0
  SNOW DEPTH       0

DEGREE DAYS
 HEATING
  TODAY           22                        18      4       17
  MONTH TO DATE  582                       614    -32      617
  SINCE JUL 1   6033                      6321   -288     5375

 COOLING
  TODAY            0                         0      0        0
  MONTH TO DATE    0                         0      0        0
  SINCE JAN 1      0                         0      0        0
..................................................................


WIND (MPH)
  HIGHEST WIND SPEED    32   HIGHEST WIND DIRECTION    SW (220)
  HIGHEST GUST SPEED    42   HIGHEST GUST DIRECTION    SW (210)
  AVERAGE WIND SPEED    16.5


SKY COVER
  POSSIBLE SUNSHINE  MM
  AVERAGE SKY COVER 0.6


WEATHER CONDITIONS
 THE FOLLOWING WEATHER WAS RECORDED TODAY.
  NO SIGNIFICANT WEATHER WAS OBSERVED.


RELATIVE HUMIDITY (PERCENT)
 HIGHEST    70           500 AM
 LOWEST     25          1100 AM
 AVERAGE    48

..........................................................


THE FLAGSTAFF AZ AIRPORT CLIMATE NORMALS FOR TOMORROW
                         NORMAL    RECORD    YEAR
 MAXIMUM TEMPERATURE (F)   63        78      1992
 MINIMUM TEMPERATURE (F)   32         7      1970


SUNRISE AND SUNSET
APRIL 28 2016.........SUNRISE   538 AM MST   SUNSET   710 PM MST
APRIL 29 2016.........SUNRISE   537 AM MST   SUNSET   711 PM MST


-  INDICATES NEGATIVE NUMBERS.
R  INDICATES RECORD WAS SET OR TIED.
MM INDICATES DATA IS MISSING.
T  INDICATES TRACE AMOUNT.




$$
&&

-------------------------------------------------------------------
SNOW DEPTH DATA FOR FLAGSTAFF AIRPORT IS REPORTED AT 5 AM MST


-------------------------------------------------------------------
SUPPLEMENTARY CLIMATE DATA FOR NWS BELLEMONT, ARIZONA

SNOW DEPTH (IN) AT 11 AM........................................0
WATER EQUIVALENT OF SNOW PACK (IN) AT 11 AM*....................
* ONLY MEASURED IF SNOW DEPTH IS 2.0 INCHES OR GREATER
-------------------------------------------------------------------
