000
CDUS45 KFGZ 230735
CLIFLG
CLIMATE REPORT
NATIONAL WEATHER SERVICE FLAGSTAFF, AZ
1234 AM MST FRI FEB 23 2018


...................................

...THE FLAGSTAFF AZ AIRPORT CLIMATE SUMMARY FOR FEBRUARY 22 2018...

CLIMATE NORMAL PERIOD 1981 TO 2010
CLIMATE RECORD PERIOD 1898 TO 2018


WEATHER ITEM   OBSERVED TIME   RECORD YEAR NORMAL DEPARTURE LAST
                VALUE   (LST)  VALUE       VALUE  FROM      YEAR
                                                  NORMAL
..................................................................
TEMPERATURE (F)
 YESTERDAY
  MAXIMUM         33    320 PM  64    2002  46    -13       49
  MINIMUM          8    651 AM -10    1955  20    -12       36
  AVERAGE         21                        33    -12

PRECIPITATION (IN)
  YESTERDAY        T             0.68 1907   0.08  -0.08     0.00
  MONTH TO DATE    1.44                      1.68  -0.24     0.72
  SINCE SEP 1      3.58                     11.40  -7.82    13.89
  SINCE JAN 1      3.15                      3.73  -0.58     5.28

SNOWFALL (IN)
  YESTERDAY       MM             9.7  2008   0.7             0.0
  MONTH TO DATE    7.5                      16.9             1.9
  SINCE JUL 1     18.8                      69.2            66.0
  SNOW DEPTH       0

DEGREE DAYS
 HEATING
  YESTERDAY       44                        32     12       22
  MONTH TO DATE  654                       733    -79      597
  SINCE JUL 1   3891                      4649   -758     4250

 COOLING
  YESTERDAY        0                         0      0        0
  MONTH TO DATE    0                         0      0        0
  SINCE JAN 1      0                         0      0        0
..................................................................


WIND (MPH)
  HIGHEST WIND SPEED    32   HIGHEST WIND DIRECTION    SW (220)
  HIGHEST GUST SPEED    40   HIGHEST GUST DIRECTION    SW (210)
  AVERAGE WIND SPEED    14.0


SKY COVER
  POSSIBLE SUNSHINE  MM
  AVERAGE SKY COVER 0.2


WEATHER CONDITIONS
 THE FOLLOWING WEATHER WAS RECORDED YESTERDAY.
  LIGHT SNOW


RELATIVE HUMIDITY (PERCENT)
 HIGHEST    74          1000 PM
 LOWEST     36           200 PM
 AVERAGE    55

..........................................................


THE FLAGSTAFF AZ AIRPORT CLIMATE NORMALS FOR TODAY
                         NORMAL    RECORD    YEAR
 MAXIMUM TEMPERATURE (F)   46        66      1946
                                             1904
 MINIMUM TEMPERATURE (F)   20        -6      1960


SUNRISE AND SUNSET
FEBRUARY 23 2018......SUNRISE   703 AM MST   SUNSET   617 PM MST
FEBRUARY 24 2018......SUNRISE   702 AM MST   SUNSET   618 PM MST


-  INDICATES NEGATIVE NUMBERS.
R  INDICATES RECORD WAS SET OR TIED.
MM INDICATES DATA IS MISSING.
T  INDICATES TRACE AMOUNT.




$$
&&

-------------------------------------------------------------------
SNOW DEPTH DATA FOR FLAGSTAFF AIRPORT IS REPORTED AT 5 AM MST
