837
CDUS45 KFGZ 050101
CLIFLG
CLIMATE REPORT
NATIONAL WEATHER SERVICE FLAGSTAFF, AZ
559 PM MST SUN DEC 4 2016


...................................

...THE FLAGSTAFF AZ AIRPORT CLIMATE SUMMARY FOR DECEMBER 4 2016...
VALID TODAY AS OF 0500 PM LOCAL TIME.

CLIMATE NORMAL PERIOD 1981 TO 2010
CLIMATE RECORD PERIOD 1898 TO 2016


WEATHER ITEM   OBSERVED TIME   RECORD YEAR NORMAL DEPARTURE LAST
                VALUE   (LST)  VALUE       VALUE  FROM      YEAR
                                                  NORMAL
..................................................................
TEMPERATURE (F)
 TODAY
  MAXIMUM         51    424 PM  67    1965  44      7       49
  MINIMUM         23    716 AM  -4    1955  18      5       21
                                      1952
  AVERAGE         37                        31      6       35

PRECIPITATION (IN)
  TODAY            0.00          1.55 1992   0.06  -0.06     0.00
  MONTH TO DATE    T                         0.22  -0.22     0.00
  SINCE SEP 1      4.19                      6.02  -1.83     7.80
  SINCE JAN 1     21.38                     20.21   1.17    26.22

SNOWFALL (IN)
  TODAY            0.0          14.6  1992   0.5   -0.5      0.0
  MONTH TO DATE    T                         1.9   -1.9      0.0
  SINCE SEP 1      5.5                      14.1   -8.6     14.6
  SNOW DEPTH       0

DEGREE DAYS
 HEATING
  TODAY           28                        34     -6       30
  MONTH TO DATE  138                       135      3      136
  SINCE JUL 1   1698                      1867   -169     1726

 COOLING
  TODAY            0                         0      0        0
  MONTH TO DATE    0                         0      0        0
  SINCE JAN 1    131                       117     14      115
..................................................................


WIND (MPH)
  HIGHEST WIND SPEED    24   HIGHEST WIND DIRECTION     E (70)
  HIGHEST GUST SPEED    32   HIGHEST GUST DIRECTION     E (70)
  AVERAGE WIND SPEED    10.3


SKY COVER
  POSSIBLE SUNSHINE  MM
  AVERAGE SKY COVER 0.0


WEATHER CONDITIONS
 THE FOLLOWING WEATHER WAS RECORDED TODAY.
  NO SIGNIFICANT WEATHER WAS OBSERVED.


RELATIVE HUMIDITY (PERCENT)
 HIGHEST    46           700 AM
 LOWEST     13          1200 PM
 AVERAGE    30

..........................................................


THE FLAGSTAFF AZ AIRPORT CLIMATE NORMALS FOR TOMORROW
                         NORMAL    RECORD    YEAR
 MAXIMUM TEMPERATURE (F)   44        67      1989
 MINIMUM TEMPERATURE (F)   18        -1      1953
                                             1931


SUNRISE AND SUNSET
DECEMBER  4 2016......SUNRISE   720 AM MST   SUNSET   514 PM MST
DECEMBER  5 2016......SUNRISE   721 AM MST   SUNSET   514 PM MST


-  INDICATES NEGATIVE NUMBERS.
R  INDICATES RECORD WAS SET OR TIED.
MM INDICATES DATA IS MISSING.
T  INDICATES TRACE AMOUNT.




$$
&&

-------------------------------------------------------------------
SNOW DEPTH DATA FOR FLAGSTAFF AIRPORT IS REPORTED AT 5 AM MST


-------------------------------------------------------------------
SUPPLEMENTARY CLIMATE DATA FOR NWS BELLEMONT, ARIZONA

SNOW DEPTH (IN) AT 11 AM........................................2
WATER EQUIVALENT OF SNOW PACK (IN) AT 11 AM*....................0.4
* ONLY MEASURED IF SNOW DEPTH IS 2.0 INCHES OR GREATER
-------------------------------------------------------------------
