000
CDUS45 KFGZ 220741
CLIFLG
CLIMATE REPORT
NATIONAL WEATHER SERVICE FLAGSTAFF, AZ
1239 AM MST WED NOV 22 2017


...................................

...THE FLAGSTAFF AZ AIRPORT CLIMATE SUMMARY FOR NOVEMBER 21 2017...

CLIMATE NORMAL PERIOD 1981 TO 2010
CLIMATE RECORD PERIOD 1898 TO 2017


WEATHER ITEM   OBSERVED TIME   RECORD YEAR NORMAL DEPARTURE LAST
                VALUE   (LST)  VALUE       VALUE  FROM      YEAR
                                                  NORMAL
..................................................................
TEMPERATURE (F)
 YESTERDAY
  MAXIMUM         62    145 PM  70    1950  48     14       44
  MINIMUM         25    658 AM  -5    1979  21      4       33
  AVERAGE         44                        35      9

PRECIPITATION (IN)
  YESTERDAY        0.00          1.50 2004   0.06  -0.06     0.79
  MONTH TO DATE    0.01                      1.20  -1.19     1.54
  SINCE SEP 1      0.43                      5.24  -4.81     3.75
  SINCE JAN 1     18.01                     19.43  -1.42    20.94

SNOWFALL (IN)
  YESTERDAY        0.0          15.4  1905   0.4              T
  MONTH TO DATE    0.0                       6.1              T
  SINCE JUL 1      0.0                       7.6              T
  SNOW DEPTH       0

DEGREE DAYS
 HEATING
  YESTERDAY       21                        30     -9       26
  MONTH TO DATE  451                       562   -111      469
  SINCE JUL 1   1215                      1445   -230     1246

 COOLING
  YESTERDAY        0                         0      0        0
  MONTH TO DATE    0                         0      0        0
  SINCE JAN 1    184                       117     67      131
..................................................................


WIND (MPH)
  HIGHEST WIND SPEED    18   HIGHEST WIND DIRECTION     E (70)
  HIGHEST GUST SPEED    25   HIGHEST GUST DIRECTION     E (80)
  AVERAGE WIND SPEED     6.3


SKY COVER
  POSSIBLE SUNSHINE  MM
  AVERAGE SKY COVER 0.0


WEATHER CONDITIONS
 THE FOLLOWING WEATHER WAS RECORDED YESTERDAY.
  NO SIGNIFICANT WEATHER WAS OBSERVED.


RELATIVE HUMIDITY (PERCENT)
 HIGHEST    54           900 PM
 LOWEST     20          1200 PM
 AVERAGE    37

..........................................................


THE FLAGSTAFF AZ AIRPORT CLIMATE NORMALS FOR TODAY
                         NORMAL    RECORD    YEAR
 MAXIMUM TEMPERATURE (F)   48        68      1903
 MINIMUM TEMPERATURE (F)   21        -2      1931


SUNRISE AND SUNSET
NOVEMBER 22 2017......SUNRISE   709 AM MST   SUNSET   517 PM MST
NOVEMBER 23 2017......SUNRISE   709 AM MST   SUNSET   517 PM MST


-  INDICATES NEGATIVE NUMBERS.
R  INDICATES RECORD WAS SET OR TIED.
MM INDICATES DATA IS MISSING.
T  INDICATES TRACE AMOUNT.




$$
&&

-------------------------------------------------------------------
SNOW DEPTH DATA FOR FLAGSTAFF AIRPORT IS REPORTED AT 5 AM MST


-------------------------------------------------------------------
SUPPLEMENTARY CLIMATE DATA FOR NWS BELLEMONT, ARIZONA

SNOW DEPTH (IN) AT 11 AM...................................0.0
WATER EQUIVALENT OF SNOW PACK (IN) AT 11 AM*...............
* ONLY MEASURED IF SNOW DEPTH IS 2.0 INCHES OR GREATER
-------------------------------------------------------------------
