000
CDUS45 KFGZ 250801
CLIFLG
CLIMATE REPORT
NATIONAL WEATHER SERVICE FLAGSTAFF, AZ
1258 AM MST TUE APR 25 2017


...................................

...THE FLAGSTAFF AZ AIRPORT CLIMATE SUMMARY FOR APRIL 24 2017...

CLIMATE NORMAL PERIOD 1981 TO 2010
CLIMATE RECORD PERIOD 1898 TO 2017


WEATHER ITEM   OBSERVED TIME   RECORD YEAR NORMAL DEPARTURE LAST
                VALUE   (LST)  VALUE       VALUE  FROM      YEAR
                                                  NORMAL
..................................................................
TEMPERATURE (F)
 YESTERDAY
  MAXIMUM         65    137 PM  77    1949  61      4       63
  MINIMUM         36    542 AM  10    1900  30      6       26
  AVERAGE         51                        46      5

PRECIPITATION (IN)
  YESTERDAY        0.00          1.01 1990   0.03  -0.03     0.00
  MONTH TO DATE    0.17                      0.98  -0.81     0.79
  SINCE SEP 1     17.46                     14.98   2.48    13.77
  SINCE JAN 1      8.85                      7.31   1.54     4.94

SNOWFALL (IN)
  YESTERDAY        0.0           4.9  1994   0.2             0.0
  MONTH TO DATE    1.7                       6.0             3.2
  SINCE JUL 1     95.5                      99.9            76.1
  SNOW DEPTH       0

DEGREE DAYS
 HEATING
  YESTERDAY       14                        19     -5       20
  MONTH TO DATE  469                       539    -70      483
  SINCE JUL 1   5660                      6246   -586     5934

 COOLING
  YESTERDAY        0                         0      0        0
  MONTH TO DATE    0                         0      0        0
  SINCE JAN 1      0                         0      0        0
..................................................................


WIND (MPH)
  HIGHEST WIND SPEED    38   HIGHEST WIND DIRECTION    SW (220)
  HIGHEST GUST SPEED    48   HIGHEST GUST DIRECTION    SW (220)
  AVERAGE WIND SPEED    16.8


SKY COVER
  POSSIBLE SUNSHINE  MM
  AVERAGE SKY COVER 0.0


WEATHER CONDITIONS
 THE FOLLOWING WEATHER WAS RECORDED YESTERDAY.
  NO SIGNIFICANT WEATHER WAS OBSERVED.


RELATIVE HUMIDITY (PERCENT)
 HIGHEST    52           500 AM
 LOWEST     16           100 PM
 AVERAGE    34

..........................................................


THE FLAGSTAFF AZ AIRPORT CLIMATE NORMALS FOR TODAY
                         NORMAL    RECORD    YEAR
 MAXIMUM TEMPERATURE (F)   61        78      1996
 MINIMUM TEMPERATURE (F)   31        13      1961
                                             1960


SUNRISE AND SUNSET
APRIL 25 2017.........SUNRISE   542 AM MST   SUNSET   708 PM MST
APRIL 26 2017.........SUNRISE   541 AM MST   SUNSET   709 PM MST


-  INDICATES NEGATIVE NUMBERS.
R  INDICATES RECORD WAS SET OR TIED.
MM INDICATES DATA IS MISSING.
T  INDICATES TRACE AMOUNT.




$$
&&

-------------------------------------------------------------------
SNOW DEPTH DATA FOR FLAGSTAFF AIRPORT IS REPORTED AT 5 AM MST


-------------------------------------------------------------------
SUPPLEMENTARY CLIMATE DATA FOR NWS BELLEMONT, ARIZONA

SNOW DEPTH (IN) AT 11 AM...................................0
WATER EQUIVALENT OF SNOW PACK (IN) AT 11 AM*...............
* ONLY MEASURED IF SNOW DEPTH IS 2.0 INCHES OR GREATER
-------------------------------------------------------------------
