000
CDUS42 KMFL 252016
CLIFLL


CLIMATE REPORT
NATIONAL WEATHER SERVICE MIAMI, FL
415 PM EDT MON MAY 25 2015


...................................

...THE FORT LAUDERDALE CLIMATE SUMMARY FOR MAY 25 2015...
VALID TODAY AS OF 0400 PM LOCAL TIME.

CLIMATE NORMAL PERIOD 1981 TO 2010
CLIMATE RECORD PERIOD 1839 TO 2015


WEATHER ITEM   OBSERVED TIME   RECORD YEAR NORMAL DEPARTURE LAST
                VALUE   (LST)  VALUE       VALUE  FROM      YEAR
                                                  NORMAL
..................................................................
TEMPERATURE (F)
 TODAY
  MAXIMUM         88    201 PM  94    1963  87      1       90
  MINIMUM         80    617 AM  61    1928  76      4       75
  AVERAGE         84                        82      2       83

PRECIPITATION (IN)
  TODAY            0.14          3.51 1970   0.22  -0.08     0.00
  MONTH TO DATE    1.88                      3.31  -1.43     6.37
  SINCE NOV 1     19.07                     21.85  -2.78    30.88
  SINCE JAN 1     13.96                     16.15  -2.19    18.76

SNOWFALL (IN)
  TODAY            0.0
  MONTH TO DATE    0.0
  SINCE MAR 1      0.0
  SINCE JUL 1      0.0
  SNOW DEPTH       0

DEGREE DAYS
 HEATING
  TODAY            0                         0      0        0
  MONTH TO DATE    0                         0      0        0
  SINCE MAR 1      0                        10    -10        1
  SINCE JUL 1     97                       112    -15       81

 COOLING
  TODAY           19                        17      2       18
  MONTH TO DATE  375                       369      6      385
  SINCE MAR 1   1155                       960    195     1049
  SINCE JAN 1   1436                      1316    120     1437
..................................................................


WIND (MPH)
  HIGHEST WIND SPEED    23   HIGHEST WIND DIRECTION     E (90)
  HIGHEST GUST SPEED    27   HIGHEST GUST DIRECTION     E (90)
  AVERAGE WIND SPEED    15.3


SKY COVER
  AVERAGE SKY COVER 0.6


WEATHER CONDITIONS
 THE FOLLOWING WEATHER WAS RECORDED TODAY.
  HAZE


RELATIVE HUMIDITY (PERCENT)
 HIGHEST    85
 LOWEST     63
 AVERAGE    74

..........................................................


THE FORT LAUDERDALE CLIMATE NORMALS FOR TOMORROW
                         NORMAL    RECORD    YEAR
 MAXIMUM TEMPERATURE (F)   88        94      1924
 MINIMUM TEMPERATURE (F)   76        62      1950


SUNRISE AND SUNSET
MAY 25 2015...........SUNRISE   630 AM EDT   SUNSET   805 PM EDT
MAY 26 2015...........SUNRISE   630 AM EDT   SUNSET   805 PM EDT


-  INDICATES NEGATIVE NUMBERS.
R  INDICATES RECORD WAS SET OR TIED.
MM INDICATES DATA IS MISSING.
T  INDICATES TRACE AMOUNT.




$$
