000
CDUS42 KMFL 222118
CLIFLL


CLIMATE REPORT
NATIONAL WEATHER SERVICE MIAMI, FL
416 PM EST SUN JAN 22 2017


...................................

...THE FORT LAUDERDALE CLIMATE SUMMARY FOR JANUARY 22 2017...
VALID TODAY AS OF 0400 PM LOCAL TIME.

CLIMATE NORMAL PERIOD 1981 TO 2010
CLIMATE RECORD PERIOD 1912 TO 2017


WEATHER ITEM   OBSERVED TIME   RECORD YEAR NORMAL DEPARTURE LAST
                VALUE   (LST)  VALUE       VALUE  FROM      YEAR
                                                  NORMAL
..................................................................
TEMPERATURE (F)
 TODAY
  MAXIMUM         85    359 PM  88    1926  76      9       72
  MINIMUM         72   1227 AM  29    1985  62     10       62
  AVERAGE         79                        69     10       67

PRECIPITATION (IN)
  TODAY            0.00          2.02 2016   0.17  -0.17     2.02
  MONTH TO DATE    0.65                      2.06  -1.41     5.00
  SINCE NOV 1      5.28                      7.76  -2.48    16.22
  SINCE JAN 1      0.65                      2.06  -1.41     5.00

SNOWFALL (IN)
  TODAY            0.0
  MONTH TO DATE    0.0
  SINCE DEC 1      0.0
  SINCE JUL 1      0.0
  SNOW DEPTH       0

DEGREE DAYS
 HEATING
  TODAY            0                         1     -1        0
  MONTH TO DATE   11                        38    -27       15
  SINCE DEC 1     13                        68    -55       15
  SINCE JUL 1     13                        70    -57       15

 COOLING
  TODAY           14                         5      9        2
  MONTH TO DATE  181                       119     62       98
  SINCE DEC 1    524                       335    189      495
  SINCE JAN 1    181                       119     62       98
..................................................................


WIND (MPH)
  HIGHEST WIND SPEED    28   HIGHEST WIND DIRECTION    SW (220)
  HIGHEST GUST SPEED    39   HIGHEST GUST DIRECTION    SW (220)
  AVERAGE WIND SPEED    MM


SKY COVER
  AVERAGE SKY COVER  MM


WEATHER CONDITIONS
 THE FOLLOWING WEATHER WAS RECORDED TODAY.
  NO SIGNIFICANT WEATHER WAS OBSERVED.


RELATIVE HUMIDITY (PERCENT)
 HIGHEST    MM
 LOWEST     MM
 AVERAGE    MM

..........................................................


THE FORT LAUDERDALE CLIMATE NORMALS FOR TOMORROW
                         NORMAL    RECORD    YEAR
 MAXIMUM TEMPERATURE (F)   77        86      2007
                                             1973
 MINIMUM TEMPERATURE (F)   62        33      1960


SUNRISE AND SUNSET
JANUARY 22 2017.......SUNRISE   708 AM EST   SUNSET   557 PM EST
JANUARY 23 2017.......SUNRISE   708 AM EST   SUNSET   557 PM EST


-  INDICATES NEGATIVE NUMBERS.
R  INDICATES RECORD WAS SET OR TIED.
MM INDICATES DATA IS MISSING.
T  INDICATES TRACE AMOUNT.




$$
