828
CDUS42 KMFL 270836
CLIFLL


CLIMATE REPORT
NATIONAL WEATHER SERVICE MIAMI, FL
436 AM EDT MON MAR 27 2017


...................................

...THE FORT LAUDERDALE CLIMATE SUMMARY FOR MARCH 26 2017...

CLIMATE NORMAL PERIOD 1981 TO 2010
CLIMATE RECORD PERIOD 1912 TO 2017


WEATHER ITEM   OBSERVED TIME   RECORD YEAR NORMAL DEPARTURE LAST
                VALUE   (LST)  VALUE       VALUE  FROM      YEAR
                                                  NORMAL
..................................................................
TEMPERATURE (F)
 YESTERDAY
  MAXIMUM         81   1142 AM  90    1935  81      0       84
                                      1923
  MINIMUM         68    625 AM  45    1947  67      1       71
  AVERAGE         75                        74      1       78

PRECIPITATION (IN)
  YESTERDAY        0.21          2.15 1958   0.11   0.10     0.00
  MONTH TO DATE    1.50                      2.74  -1.24     1.02
  SINCE NOV 1      9.41                     15.03  -5.62    22.97
  SINCE JAN 1      4.78                      9.33  -4.55    11.75

SNOWFALL (IN)
  YESTERDAY        0.0
  MONTH TO DATE    0.0
  SINCE MAR 1      0.0
  SINCE JUL 1      0.0
  SNOW DEPTH       0

DEGREE DAYS
 HEATING
  YESTERDAY        0                         0      0        0
  MONTH TO DATE    6                         7     -1        2
  SINCE MAR 1      6                         7     -1        2
  SINCE JUL 1     35                       109    -74       87

 COOLING
  YESTERDAY       10                         9      1       13
  MONTH TO DATE  193                       209    -16      258
  SINCE MAR 1    193                       209    -16      258
  SINCE JAN 1    649                       565     84      517
..................................................................


WIND (MPH)
  HIGHEST WIND SPEED    23   HIGHEST WIND DIRECTION     E (110)
  HIGHEST GUST SPEED    32   HIGHEST GUST DIRECTION     E (110)
  AVERAGE WIND SPEED    11.7


SKY COVER
  AVERAGE SKY COVER 0.6


WEATHER CONDITIONS
 THE FOLLOWING WEATHER WAS RECORDED YESTERDAY.
  LIGHT RAIN
  FOG


RELATIVE HUMIDITY (PERCENT)
 HIGHEST    84
 LOWEST     54
 AVERAGE    69

..........................................................


THE FORT LAUDERDALE CLIMATE NORMALS FOR TODAY
                         NORMAL    RECORD    YEAR
 MAXIMUM TEMPERATURE (F)   81        91      2015
                                             1928
 MINIMUM TEMPERATURE (F)   67        39      1947


SUNRISE AND SUNSET
MARCH 27 2017.........SUNRISE   717 AM EDT   SUNSET   735 PM EDT
MARCH 28 2017.........SUNRISE   716 AM EDT   SUNSET   736 PM EDT


-  INDICATES NEGATIVE NUMBERS.
R  INDICATES RECORD WAS SET OR TIED.
MM INDICATES DATA IS MISSING.
T  INDICATES TRACE AMOUNT.




$$
