000
CDUS42 KMFL 240833
CLIFLL


CLIMATE REPORT
NATIONAL WEATHER SERVICE MIAMI, FL
432 AM EDT MON APR 24 2017


...................................

...THE FORT LAUDERDALE CLIMATE SUMMARY FOR APRIL 23 2017...

CLIMATE NORMAL PERIOD 1981 TO 2010
CLIMATE RECORD PERIOD 1912 TO 2017


WEATHER ITEM   OBSERVED TIME   RECORD YEAR NORMAL DEPARTURE LAST
                VALUE   (LST)  VALUE       VALUE  FROM      YEAR
                                                  NORMAL
..................................................................
TEMPERATURE (F)
 YESTERDAY
  MAXIMUM         80    905 AM  93    1921  83     -3       89
  MINIMUM         69   1239 PM  53    1986  71     -2       73
  AVERAGE         75                        77     -2       81

PRECIPITATION (IN)
  YESTERDAY        3.70R         2.20 1954   0.09   3.61     0.00
  MONTH TO DATE    4.00                      2.37   1.63     0.73
  SINCE NOV 1     13.41                     18.02  -4.61    25.52
  SINCE JAN 1      8.78                     12.32  -3.54    14.30

SNOWFALL (IN)
  YESTERDAY        0.0
  MONTH TO DATE    0.0
  SINCE MAR 1      0.0
  SINCE JUL 1      0.0
  SNOW DEPTH       0

DEGREE DAYS
 HEATING
  YESTERDAY        0                         0      0        0
  MONTH TO DATE    0                         0      0        0
  SINCE MAR 1      6                         9     -3        2
  SINCE JUL 1     35                       111    -76       87

 COOLING
  YESTERDAY       10                        12     -2       16
  MONTH TO DATE  277                       249     28      268
  SINCE MAR 1    530                       503     27      591
  SINCE JAN 1    986                       859    127      850
..................................................................


WIND (MPH)
  HIGHEST WIND SPEED    24   HIGHEST WIND DIRECTION     S (160)
  HIGHEST GUST SPEED    30   HIGHEST GUST DIRECTION     S (160)
  AVERAGE WIND SPEED     8.4


SKY COVER
  AVERAGE SKY COVER 0.8


WEATHER CONDITIONS
 THE FOLLOWING WEATHER WAS RECORDED YESTERDAY.
  THUNDERSTORM
  HEAVY RAIN
  RAIN
  LIGHT RAIN
  FOG
  FOG W/VISIBILITY <= 1/4 MILE


RELATIVE HUMIDITY (PERCENT)
 HIGHEST   100
 LOWEST     76
 AVERAGE    88

..........................................................


THE FORT LAUDERDALE CLIMATE NORMALS FOR TODAY
                         NORMAL    RECORD    YEAR
 MAXIMUM TEMPERATURE (F)   84        92      1971
                                             1921
 MINIMUM TEMPERATURE (F)   71        56      1998
                                             1932


SUNRISE AND SUNSET
APRIL 24 2017.........SUNRISE   649 AM EDT   SUNSET   749 PM EDT
APRIL 25 2017.........SUNRISE   648 AM EDT   SUNSET   749 PM EDT


-  INDICATES NEGATIVE NUMBERS.
R  INDICATES RECORD WAS SET OR TIED.
MM INDICATES DATA IS MISSING.
T  INDICATES TRACE AMOUNT.




$$
