000
CDUS42 KMFL 060925
CLIFLL


CLIMATE REPORT
NATIONAL WEATHER SERVICE MIAMI, FL
425 AM EST SAT FEB 6 2016


...................................

...THE FORT LAUDERDALE CLIMATE SUMMARY FOR FEBRUARY 5 2016...

CLIMATE NORMAL PERIOD 1981 TO 2010
CLIMATE RECORD PERIOD 1912 TO 2016


WEATHER ITEM   OBSERVED TIME   RECORD YEAR NORMAL DEPARTURE LAST
                VALUE   (LST)  VALUE       VALUE  FROM      YEAR
                                                  NORMAL
..................................................................
TEMPERATURE (F)
 YESTERDAY
  MAXIMUM         74    132 AM  89    1985  77     -3       74
  MINIMUM         58    804 AM  31    1958  63     -5       61
  AVERAGE         66                        70     -4       68

PRECIPITATION (IN)
  YESTERDAY        0.41          2.80 1964   0.10   0.31     1.19
  MONTH TO DATE    1.32                      0.54   0.78     1.20
  SINCE NOV 1     19.95                      9.87  10.08     9.70
  SINCE JAN 1      8.73                      4.17   4.56     4.59

SNOWFALL (IN)
  YESTERDAY        0.0
  MONTH TO DATE    0.0
  SINCE DEC 1      0.0
  SINCE JUL 1      0.0
  SNOW DEPTH       0

DEGREE DAYS
 HEATING
  YESTERDAY        0                         1     -1        0
  MONTH TO DATE    0                         5     -5        0
  SINCE DEC 1     45                        83    -38       39
  SINCE JUL 1     45                        85    -40       49

 COOLING
  YESTERDAY        1                         6     -5        3
  MONTH TO DATE   46                        30     16       24
  SINCE DEC 1    567                       416    151      401
  SINCE JAN 1    170                       200    -30      189
..................................................................


WIND (MPH)
  HIGHEST WIND SPEED    23   HIGHEST WIND DIRECTION     N (340)
  HIGHEST GUST SPEED    31   HIGHEST GUST DIRECTION     N (350)
  AVERAGE WIND SPEED    11.9


SKY COVER
  AVERAGE SKY COVER 0.9


WEATHER CONDITIONS
 THE FOLLOWING WEATHER WAS RECORDED YESTERDAY.
  HEAVY RAIN
  RAIN
  LIGHT RAIN
  FOG


RELATIVE HUMIDITY (PERCENT)
 HIGHEST    97
 LOWEST     55
 AVERAGE    76

..........................................................


THE FORT LAUDERDALE CLIMATE NORMALS FOR TODAY
                         NORMAL    RECORD    YEAR
 MAXIMUM TEMPERATURE (F)   77        89      1943
 MINIMUM TEMPERATURE (F)   63        28      1917


SUNRISE AND SUNSET
FEBRUARY  6 2016......SUNRISE   702 AM EST   SUNSET   607 PM EST
FEBRUARY  7 2016......SUNRISE   702 AM EST   SUNSET   608 PM EST


-  INDICATES NEGATIVE NUMBERS.
R  INDICATES RECORD WAS SET OR TIED.
MM INDICATES DATA IS MISSING.
T  INDICATES TRACE AMOUNT.




$$
