000
CDUS42 KMFL 300843
CLIFLL


CLIMATE REPORT
NATIONAL WEATHER SERVICE MIAMI, FL
431 AM EDT MON MAY 30 2016


...................................

...THE FORT LAUDERDALE CLIMATE SUMMARY FOR MAY 29 2016...

CLIMATE NORMAL PERIOD 1981 TO 2010
CLIMATE RECORD PERIOD 1912 TO 2016


WEATHER ITEM   OBSERVED TIME   RECORD YEAR NORMAL DEPARTURE LAST
                VALUE   (LST)  VALUE       VALUE  FROM      YEAR
                                                  NORMAL
..................................................................
TEMPERATURE (F)
 YESTERDAY
  MAXIMUM         88   1130 AM  95    1915  88      0       85
  MINIMUM         73    613 AM  57    1934  76     -3       75
  AVERAGE         81                        82     -1       80

PRECIPITATION (IN)
  YESTERDAY        0.00          3.18 1984   0.22  -0.22     0.03
  MONTH TO DATE    4.63                      4.20   0.43     1.97
  SINCE NOV 1     30.15                     22.74   7.41    19.16
  SINCE JAN 1     18.93                     17.04   1.89    14.05

SNOWFALL (IN)
  YESTERDAY        0.0
  MONTH TO DATE    0.0
  SINCE MAR 1      0.0
  SINCE JUL 1      0.0
  SNOW DEPTH       0

DEGREE DAYS
 HEATING
  YESTERDAY        0                         0      0        0
  MONTH TO DATE    0                         0      0        0
  SINCE MAR 1      2                        10     -8        0
  SINCE JUL 1     87                       112    -25       97

 COOLING
  YESTERDAY       16                        17     -1       15
  MONTH TO DATE  434                       437     -3      441
  SINCE MAR 1   1121                      1028     93     1221
  SINCE JAN 1   1380                      1384     -4     1502
..................................................................


WIND (MPH)
  HIGHEST WIND SPEED    16   HIGHEST WIND DIRECTION     E (80)
  HIGHEST GUST SPEED    20   HIGHEST GUST DIRECTION     E (80)
  AVERAGE WIND SPEED     6.2


SKY COVER
  AVERAGE SKY COVER 0.5


WEATHER CONDITIONS
 THE FOLLOWING WEATHER WAS RECORDED YESTERDAY.
  NO SIGNIFICANT WEATHER WAS OBSERVED.


RELATIVE HUMIDITY (PERCENT)
 HIGHEST    94
 LOWEST     55
 AVERAGE    75

..........................................................


THE FORT LAUDERDALE CLIMATE NORMALS FOR TODAY
                         NORMAL    RECORD    YEAR
 MAXIMUM TEMPERATURE (F)   88        95      1924
 MINIMUM TEMPERATURE (F)   76        60      1937


SUNRISE AND SUNSET
MAY 30 2016...........SUNRISE   629 AM EDT   SUNSET   808 PM EDT
MAY 31 2016...........SUNRISE   629 AM EDT   SUNSET   808 PM EDT


-  INDICATES NEGATIVE NUMBERS.
R  INDICATES RECORD WAS SET OR TIED.
MM INDICATES DATA IS MISSING.
T  INDICATES TRACE AMOUNT.




$$
