000
CDUS42 KMFL 012016
CLIFLL


CLIMATE REPORT
NATIONAL WEATHER SERVICE MIAMI, FL
415 PM EDT SAT OCT 1 2016


...................................

...THE FORT LAUDERDALE CLIMATE SUMMARY FOR OCTOBER 1 2016...
VALID TODAY AS OF 0400 PM LOCAL TIME.

CLIMATE NORMAL PERIOD 1981 TO 2010
CLIMATE RECORD PERIOD 1912 TO 2016


WEATHER ITEM   OBSERVED TIME   RECORD YEAR NORMAL DEPARTURE LAST
                VALUE   (LST)  VALUE       VALUE  FROM      YEAR
                                                  NORMAL
..................................................................
TEMPERATURE (F)
 TODAY
  MAXIMUM         85    218 PM  93    2014  88     -3       91
  MINIMUM         73    441 AM  55    1920  77     -4       77
  AVERAGE         79                        82     -3       84

PRECIPITATION (IN)
  TODAY            0.22          5.50 1954   0.28  -0.06     0.00
  MONTH TO DATE    0.22                      0.28  -0.06     0.00
  SINCE JUN 1     23.62                     32.45  -8.83    19.97
  SINCE JAN 1     42.57                     49.94  -7.37    34.02

SNOWFALL (IN)
  TODAY            0.0
  MONTH TO DATE    0.0
  SINCE SEP 1      0.0
  SINCE JUL 1      0.0
  SNOW DEPTH       0

DEGREE DAYS
 HEATING
  TODAY            0                         0      0        0
  MONTH TO DATE    0                         0      0        0
  SINCE SEP 1      0                         0      0        0
  SINCE JUL 1      0                         0      0        0

 COOLING
  TODAY           14                        18     -4       19
  MONTH TO DATE   14                        18     -4       19
  SINCE SEP 1    561                       564     -3      560
  SINCE JAN 1   3762                      3730     32     3891
..................................................................


WIND (MPH)
  HIGHEST WIND SPEED    20   HIGHEST WIND DIRECTION     E (90)
  HIGHEST GUST SPEED    24   HIGHEST GUST DIRECTION     E (90)
  AVERAGE WIND SPEED     6.8


SKY COVER
  AVERAGE SKY COVER 0.8


WEATHER CONDITIONS
 THE FOLLOWING WEATHER WAS RECORDED TODAY.
  THUNDERSTORM
  LIGHT RAIN


RELATIVE HUMIDITY (PERCENT)
 HIGHEST    94
 LOWEST     65
 AVERAGE    80

..........................................................


THE FORT LAUDERDALE CLIMATE NORMALS FOR TOMORROW
                         NORMAL    RECORD    YEAR
 MAXIMUM TEMPERATURE (F)   88        95      1980
                                             1915
 MINIMUM TEMPERATURE (F)   77        58      1920


SUNRISE AND SUNSET
OCTOBER  1 2016.......SUNRISE   713 AM EDT   SUNSET   707 PM EDT
OCTOBER  2 2016.......SUNRISE   714 AM EDT   SUNSET   705 PM EDT


-  INDICATES NEGATIVE NUMBERS.
R  INDICATES RECORD WAS SET OR TIED.
MM INDICATES DATA IS MISSING.
T  INDICATES TRACE AMOUNT.




$$
