000
CDUS42 KMFL 260935
CLIFLL


CLIMATE REPORT
NATIONAL WEATHER SERVICE MIAMI, FL
435 AM EST SUN FEB 26 2017


...................................

...THE FORT LAUDERDALE CLIMATE SUMMARY FOR FEBRUARY 25 2017...

CLIMATE NORMAL PERIOD 1981 TO 2010
CLIMATE RECORD PERIOD 1912 TO 2017


WEATHER ITEM   OBSERVED TIME   RECORD YEAR NORMAL DEPARTURE LAST
                VALUE   (LST)  VALUE       VALUE  FROM      YEAR
                                                  NORMAL
..................................................................
TEMPERATURE (F)
 YESTERDAY
  MAXIMUM         85    134 PM  87    2014  78      7       70
  MINIMUM         66    734 AM  35    1989  65      1       58
                                      1947
  AVERAGE         76                        72      4       64

PRECIPITATION (IN)
  YESTERDAY        0.00          2.50 1957   0.09  -0.09      T
  MONTH TO DATE    1.53                      2.68  -1.15     3.32
  SINCE NOV 1      7.87                     12.01  -4.14    21.95
  SINCE JAN 1      3.24                      6.31  -3.07    10.73

SNOWFALL (IN)
  YESTERDAY        0.0
  MONTH TO DATE    0.0
  SINCE DEC 1      0.0
  SINCE JUL 1      0.0
  SNOW DEPTH       0

DEGREE DAYS
 HEATING
  YESTERDAY        0                         1     -1        1
  MONTH TO DATE    0                        25    -25       34
  SINCE DEC 1     29                       103    -74       79
  SINCE JUL 1     29                       105    -76       79

 COOLING
  YESTERDAY       11                         7      4        0
  MONTH TO DATE  207                       166     41      128
  SINCE DEC 1    763                       552    211      649
  SINCE JAN 1    420                       336     84      252
..................................................................


WIND (MPH)
  HIGHEST WIND SPEED    14   HIGHEST WIND DIRECTION    SE (140)
  HIGHEST GUST SPEED    17   HIGHEST GUST DIRECTION    SW (230)
  AVERAGE WIND SPEED     5.9


SKY COVER
  AVERAGE SKY COVER 0.4


WEATHER CONDITIONS
 THE FOLLOWING WEATHER WAS RECORDED YESTERDAY.
  FOG
  FOG W/VISIBILITY <= 1/4 MILE


RELATIVE HUMIDITY (PERCENT)
 HIGHEST   100
 LOWEST     48
 AVERAGE    74

..........................................................


THE FORT LAUDERDALE CLIMATE NORMALS FOR TODAY
                         NORMAL    RECORD    YEAR
 MAXIMUM TEMPERATURE (F)   78        89      1926
 MINIMUM TEMPERATURE (F)   65        37      1967


SUNRISE AND SUNSET
FEBRUARY 26 2017......SUNRISE   647 AM EST   SUNSET   621 PM EST
FEBRUARY 27 2017......SUNRISE   646 AM EST   SUNSET   621 PM EST


-  INDICATES NEGATIVE NUMBERS.
R  INDICATES RECORD WAS SET OR TIED.
MM INDICATES DATA IS MISSING.
T  INDICATES TRACE AMOUNT.




$$
