000
CDUS42 KMFL 170921
CLIFLL


CLIMATE REPORT
NATIONAL WEATHER SERVICE MIAMI, FL
421 AM EST FRI NOV 17 2017


...................................

...THE FORT LAUDERDALE CLIMATE SUMMARY FOR NOVEMBER 16 2017...

CLIMATE NORMAL PERIOD 1981 TO 2010
CLIMATE RECORD PERIOD 1912 TO 2017


WEATHER ITEM   OBSERVED TIME   RECORD YEAR NORMAL DEPARTURE LAST
                VALUE   (LST)  VALUE       VALUE  FROM      YEAR
                                                  NORMAL
..................................................................
TEMPERATURE (F)
 YESTERDAY
  MAXIMUM         79   1019 AM  89    1951  82     -3       79
  MINIMUM         68   1159 PM  42    1940  69     -1       61
  AVERAGE         74                        75     -1       70

PRECIPITATION (IN)
  YESTERDAY        0.09          8.26 1915   0.09   0.00      T
  MONTH TO DATE    1.59                      2.01  -0.42     0.86
  SINCE NOV 1      1.59                      2.01  -0.42     0.86
  SINCE JAN 1     64.26                     58.49   5.77    46.53

SNOWFALL (IN)
  YESTERDAY        0.0
  MONTH TO DATE    0.0
  SINCE SEP 1      0.0
  SINCE JUL 1      0.0
  SNOW DEPTH       0

DEGREE DAYS
 HEATING
  YESTERDAY        0                         0      0        0
  MONTH TO DATE    0                         0      0        0
  SINCE SEP 1      2                         0      2        0
  SINCE JUL 1      2                         0      2        0

 COOLING
  YESTERDAY        9                        10     -1        5
  MONTH TO DATE  194                       186      8      171
  SINCE SEP 1   1226                      1214     12     1193
  SINCE JAN 1   4553                      4380    173     4394
..................................................................


WIND (MPH)
  HIGHEST WIND SPEED    14   HIGHEST WIND DIRECTION     N (10)
  HIGHEST GUST SPEED    19   HIGHEST GUST DIRECTION     N (360)
  AVERAGE WIND SPEED     7.9


SKY COVER
  AVERAGE SKY COVER 0.6


WEATHER CONDITIONS
 THE FOLLOWING WEATHER WAS RECORDED YESTERDAY.
  HEAVY RAIN
  LIGHT RAIN
  FOG


RELATIVE HUMIDITY (PERCENT)
 HIGHEST   100
 LOWEST     74
 AVERAGE    87

..........................................................


THE FORT LAUDERDALE CLIMATE NORMALS FOR TODAY
                         NORMAL    RECORD    YEAR
 MAXIMUM TEMPERATURE (F)   81        87      2014
 MINIMUM TEMPERATURE (F)   69        42      1970


SUNRISE AND SUNSET
NOVEMBER 17 2017......SUNRISE   641 AM EST   SUNSET   530 PM EST
NOVEMBER 18 2017......SUNRISE   641 AM EST   SUNSET   530 PM EST


-  INDICATES NEGATIVE NUMBERS.
R  INDICATES RECORD WAS SET OR TIED.
MM INDICATES DATA IS MISSING.
T  INDICATES TRACE AMOUNT.




$$
