000
CDUS42 KMFL 230823
CLIFLL


CLIMATE REPORT
NATIONAL WEATHER SERVICE MIAMI, FL
423 AM EDT SAT AUG 23 2014


...................................

...THE FORT LAUDERDALE CLIMATE SUMMARY FOR AUGUST 22 2014...

CLIMATE NORMAL PERIOD 1981 TO 2010
CLIMATE RECORD PERIOD 1839 TO 2014


WEATHER ITEM   OBSERVED TIME   RECORD YEAR NORMAL DEPARTURE LAST
                VALUE   (LST)  VALUE       VALUE  FROM      YEAR
                                                  NORMAL
..................................................................
TEMPERATURE (F)
 YESTERDAY
  MAXIMUM         92    225 PM  97    1958  90      2       89
  MINIMUM         82    628 AM  68    1924  79      3       80
  AVERAGE         87                        84      3       85

PRECIPITATION (IN)
  YESTERDAY        0.00          3.90 2008   0.25  -0.25      T
  MONTH TO DATE    4.97                      5.05  -0.08     1.74
  SINCE JUN 1     22.79                     21.19   1.60    31.95
  SINCE JAN 1     43.39                     38.68   4.71    56.73

SNOWFALL (IN)
  YESTERDAY        0.0
  MONTH TO DATE    0.0
  SINCE JUN 1      0.0
  SINCE JUL 1      0.0
  SNOW DEPTH       0

DEGREE DAYS
 HEATING
  YESTERDAY        0                         0      0        0
  MONTH TO DATE    0                         0      0        0
  SINCE JUN 1      0                         0      0        0
  SINCE JUL 1      0                         0      0        0

 COOLING
  YESTERDAY       22                        19      3       20
  MONTH TO DATE  450                       437     13      421
  SINCE JUN 1   1581                      1578      3     1490
  SINCE JAN 1   3116                      2996    120     2886
..................................................................


WIND (MPH)
  HIGHEST WIND SPEED    15   HIGHEST WIND DIRECTION    SE (120)
  HIGHEST GUST SPEED    21   HIGHEST GUST DIRECTION     E (90)
  AVERAGE WIND SPEED     7.5


SKY COVER
  AVERAGE SKY COVER 0.3


WEATHER CONDITIONS
 THE FOLLOWING WEATHER WAS RECORDED YESTERDAY.
  NO SIGNIFICANT WEATHER WAS OBSERVED.


RELATIVE HUMIDITY (PERCENT)
 HIGHEST    74
 LOWEST     56
 AVERAGE    65

..........................................................


THE FORT LAUDERDALE CLIMATE NORMALS FOR TODAY
                         NORMAL    RECORD    YEAR
 MAXIMUM TEMPERATURE (F)   90        98      1958
 MINIMUM TEMPERATURE (F)   79        68      1994
                                             1915


SUNRISE AND SUNSET
AUGUST 23 2014........SUNRISE   657 AM EDT   SUNSET   749 PM EDT
AUGUST 24 2014........SUNRISE   657 AM EDT   SUNSET   748 PM EDT


-  INDICATES NEGATIVE NUMBERS.
R  INDICATES RECORD WAS SET OR TIED.
MM INDICATES DATA IS MISSING.
T  INDICATES TRACE AMOUNT.




$$
