000
CDUS42 KMFL 292016
CLIFLL


CLIMATE REPORT
NATIONAL WEATHER SERVICE MIAMI, FL
415 PM EDT MON MAY 29 2017


...................................

...THE FORT LAUDERDALE CLIMATE SUMMARY FOR MAY 29 2017...
VALID TODAY AS OF 0400 PM LOCAL TIME.

CLIMATE NORMAL PERIOD 1981 TO 2010
CLIMATE RECORD PERIOD 1912 TO 2017


WEATHER ITEM   OBSERVED TIME   RECORD YEAR NORMAL DEPARTURE LAST
                VALUE   (LST)  VALUE       VALUE  FROM      YEAR
                                                  NORMAL
..................................................................
TEMPERATURE (F)
 TODAY
  MAXIMUM         90    155 PM  94    2000  88      2       88
  MINIMUM         77    643 AM  57    1934  76      1       73
  AVERAGE         84                        82      2       81

PRECIPITATION (IN)
  TODAY            0.00          2.20 1938   0.22  -0.22     0.00
  MONTH TO DATE    2.82                      4.20  -1.38     4.63
  SINCE NOV 1     16.23                     22.74  -6.51    30.15
  SINCE JAN 1     11.60                     17.04  -5.44    18.93

SNOWFALL (IN)
  TODAY            0.0
  MONTH TO DATE    0.0
  SINCE MAR 1      0.0
  SINCE JUL 1      0.0
  SNOW DEPTH       0

DEGREE DAYS
 HEATING
  TODAY            0                         0      0        0
  MONTH TO DATE    0                         0      0        0
  SINCE MAR 1      6                        10     -4        2
  SINCE JUL 1     35                       112    -77       87

 COOLING
  TODAY           19                        17      2       16
  MONTH TO DATE  451                       437     14      434
  SINCE MAR 1   1081                      1028     53     1121
  SINCE JAN 1   1537                      1384    153     1380
..................................................................


WIND (MPH)
  HIGHEST WIND SPEED    16   HIGHEST WIND DIRECTION     E (110)
  HIGHEST GUST SPEED    19   HIGHEST GUST DIRECTION     E (100)
  AVERAGE WIND SPEED     6.8


SKY COVER
  AVERAGE SKY COVER 0.2


WEATHER CONDITIONS
 THE FOLLOWING WEATHER WAS RECORDED TODAY.
  HAZE


RELATIVE HUMIDITY (PERCENT)
 HIGHEST    88
 LOWEST     63
 AVERAGE    76

..........................................................


THE FORT LAUDERDALE CLIMATE NORMALS FOR TOMORROW
                         NORMAL    RECORD    YEAR
 MAXIMUM TEMPERATURE (F)   88        95      1915
 MINIMUM TEMPERATURE (F)   76        60      1937


SUNRISE AND SUNSET
MAY 29 2017...........SUNRISE   629 AM EDT   SUNSET   807 PM EDT
MAY 30 2017...........SUNRISE   629 AM EDT   SUNSET   808 PM EDT


-  INDICATES NEGATIVE NUMBERS.
R  INDICATES RECORD WAS SET OR TIED.
MM INDICATES DATA IS MISSING.
T  INDICATES TRACE AMOUNT.




$$
